{"id":14942,"date":"2025-11-14T18:55:13","date_gmt":"2025-11-14T17:55:13","guid":{"rendered":"https:\/\/vertigojazz.pl\/wydarzenia\/soul-time-by-ola-turon\/"},"modified":"2025-11-26T18:21:43","modified_gmt":"2025-11-26T17:21:43","slug":"soul-time-by-ola-turon","status":"publish","type":"wydarzenie","link":"https:\/\/vertigojazz.pl\/de\/wydarzenia\/soul-time-by-ola-turon\/","title":{"rendered":"Soul Time by Ola Turo\u0144"},"content":{"rendered":"<h2>Popo\u0142udnie pe\u0142ne emocji i soulowej energii<\/h2>\n<p>Zapraszamy na niezwyk\u0142e popo\u0142udnie \u201eSoul Time by Ola Turo\u0144\u201d w klubie Vertigo: wydarzenie wype\u0142nione energi\u0105, emocjami i g\u0142\u0119bokim brzmieniem soulu.<\/p>\n<h2>G\u0142os, kt\u00f3ry porusza serca<\/h2>\n<p>Ola Turo\u0144, wokalistka o niezwykle mocnym g\u0142osie i charyzmatycznej scenicznej osobowo\u015bci, zaprezentuje repertuar, kt\u00f3ry rozpala zmys\u0142y i porusza dusz\u0119. W programie znajd\u0105 si\u0119 zar\u00f3wno klasyki soulowe, jak i nowoczesne kompozycje w autorskich aran\u017cacjach, kt\u00f3re nadadz\u0105 wieczorowi wyj\u0105tkowy charakter.<\/p>\n<h2>Groove, emocje i autentyczno\u015b\u0107<\/h2>\n<p>Artystce towarzyszy\u0107 b\u0119dzie zesp\u00f3\u0142 znakomitych muzyk\u00f3w, tworz\u0105cych ciep\u0142y, rytmiczny klimat pe\u0142en groove\u2019u i ekspresji. To popo\u0142udnie, podczas kt\u00f3rego poczuj\u0105 Pa\u0144stwo prawdziw\u0105 dusz\u0119 muzyki, pe\u0142n\u0105 pasji, emocji i autentyczno\u015bci.<\/p>\n<p>English below:<\/p>\n<p>Afternoon full of emotion and soulful energy<\/p>\n<p>Join us for an extraordinary afternoon, \u201cSoul Time by Ola Turo\u0144\u201d at Vertigo \u2013 an event filled with energy, emotion and the deep sound of soul music.<\/p>\n<p>A voice that moves hearts<br \/>\nOla Turo\u0144, a vocalist with a powerful voice and charismatic stage presence, will present a set that ignites the senses and touches the soul. The programme will include timeless soul classics as well as contemporary pieces in original arrangements, giving the afternoon a truly unique character.<\/p>\n<p>Groove, emotion and authenticity<br \/>\nOla will be accompanied by a band of outstanding musicians, creating a warm, rhythmic atmosphere full of groove and expression. It will be an afternoon where you can feel the true soul of music \u2013 filled with passion, emotion and authenticity.<\/p>\n","protected":false},"excerpt":{"rendered":"<p>Popo\u0142udnie pe\u0142ne emocji i soulowej energii Zapraszamy na niezwyk\u0142e popo\u0142udnie \u201eSoul Time by Ola Turo\u0144\u201d w klubie Vertigo: wydarzenie wype\u0142nione energi\u0105, emocjami i g\u0142\u0119bokim brzmieniem soulu. G\u0142os, kt\u00f3ry porusza serca Ola Turo\u0144, wokalistka o niezwykle mocnym g\u0142osie i charyzmatycznej scenicznej osobowo\u015bci, zaprezentuje repertuar, kt\u00f3ry rozpala zmys\u0142y i porusza dusz\u0119. W programie znajd\u0105 si\u0119 zar\u00f3wno klasyki [&hellip;]<\/p>\n","protected":false},"author":13,"featured_media":0,"parent":0,"menu_order":0,"template":"","meta":{"_acf_changed":false,"footnotes":""},"class_list":["post-14942","wydarzenie","type-wydarzenie","status-publish","hentry"],"acf":[],"yoast_head":"<!-- This site is optimized with the Yoast SEO plugin v26.0 - https:\/\/yoast.com\/wordpress\/plugins\/seo\/ -->\n<title>Soul Time by Ola Turo\u0144 - Vertigo Jazz Club &amp; Restaurant<\/title>\n<meta name=\"description\" content=\"Zapraszamy na niezwyk\u0142e popo\u0142udnie \u201eSoul Time by Ola Turo\u0144\u201d w klubie Vertigo: wydarzenie wype\u0142nione energi\u0105, emocjami i g\u0142\u0119bokim brzmieniem soulu.\" \/>\n<meta name=\"robots\" content=\"index, follow, max-snippet:-1, max-image-preview:large, max-video-preview:-1\" \/>\n<link rel=\"canonical\" href=\"https:\/\/vertigojazz.pl\/wydarzenia\/soul-time-by-ola-turon\/\" \/>\n<meta property=\"og:locale\" content=\"de_DE\" \/>\n<meta property=\"og:type\" content=\"article\" \/>\n<meta property=\"og:title\" content=\"Soul Time by Ola Turo\u0144 - Vertigo Jazz Club &amp; Restaurant\" \/>\n<meta property=\"og:description\" content=\"Zapraszamy na niezwyk\u0142e popo\u0142udnie \u201eSoul Time by Ola Turo\u0144\u201d w klubie Vertigo: wydarzenie wype\u0142nione energi\u0105, emocjami i g\u0142\u0119bokim brzmieniem soulu.\" \/>\n<meta property=\"og:url\" content=\"https:\/\/vertigojazz.pl\/wydarzenia\/soul-time-by-ola-turon\/\" \/>\n<meta property=\"og:site_name\" content=\"Vertigo Jazz Club &amp; Restaurant\" \/>\n<meta property=\"article:publisher\" content=\"https:\/\/www.facebook.com\/vertigojazzclub\" \/>\n<meta property=\"article:modified_time\" content=\"2025-11-26T17:21:43+00:00\" \/>\n<meta property=\"og:image\" content=\"https:\/\/vertigojazz.pl\/wp-content\/uploads\/2025\/08\/VertigoJazz-Logo_1080_1080.jpeg\" \/>\n\t<meta property=\"og:image:width\" content=\"768\" \/>\n\t<meta property=\"og:image:height\" content=\"768\" \/>\n\t<meta property=\"og:image:type\" content=\"image\/jpeg\" \/>\n<meta name=\"twitter:card\" content=\"summary_large_image\" \/>\n<meta name=\"twitter:label1\" content=\"Gesch\u00e4tzte Lesezeit\" \/>\n\t<meta name=\"twitter:data1\" content=\"2\u00a0Minuten\" \/>\n<script type=\"application\/ld+json\" class=\"yoast-schema-graph\">{\"@context\":\"https:\/\/schema.org\",\"@graph\":[{\"@type\":\"WebPage\",\"@id\":\"https:\/\/vertigojazz.pl\/wydarzenia\/soul-time-by-ola-turon\/\",\"url\":\"https:\/\/vertigojazz.pl\/wydarzenia\/soul-time-by-ola-turon\/\",\"name\":\"Soul Time by Ola Turo\u0144 - Vertigo Jazz Club &amp; Restaurant\",\"isPartOf\":{\"@id\":\"https:\/\/vertigojazz.pl\/#website\"},\"datePublished\":\"2025-11-14T17:55:13+00:00\",\"dateModified\":\"2025-11-26T17:21:43+00:00\",\"description\":\"Zapraszamy na niezwyk\u0142e popo\u0142udnie \u201eSoul Time by Ola Turo\u0144\u201d w klubie Vertigo: wydarzenie wype\u0142nione energi\u0105, emocjami i g\u0142\u0119bokim brzmieniem soulu.\",\"breadcrumb\":{\"@id\":\"https:\/\/vertigojazz.pl\/wydarzenia\/soul-time-by-ola-turon\/#breadcrumb\"},\"inLanguage\":\"de\",\"potentialAction\":[{\"@type\":\"ReadAction\",\"target\":[\"https:\/\/vertigojazz.pl\/wydarzenia\/soul-time-by-ola-turon\/\"]}]},{\"@type\":\"BreadcrumbList\",\"@id\":\"https:\/\/vertigojazz.pl\/wydarzenia\/soul-time-by-ola-turon\/#breadcrumb\",\"itemListElement\":[{\"@type\":\"ListItem\",\"position\":1,\"name\":\"Strona g\u0142\u00f3wna\",\"item\":\"https:\/\/vertigojazz.pl\/de\/\"},{\"@type\":\"ListItem\",\"position\":2,\"name\":\"Soul Time by Ola Turo\u0144\"}]},{\"@type\":\"WebSite\",\"@id\":\"https:\/\/vertigojazz.pl\/#website\",\"url\":\"https:\/\/vertigojazz.pl\/\",\"name\":\"Vertigo Jazz Club & Restaurant\",\"description\":\"klub muzyczny we Wroc\u0142awiu\",\"publisher\":{\"@id\":\"https:\/\/vertigojazz.pl\/#organization\"},\"potentialAction\":[{\"@type\":\"SearchAction\",\"target\":{\"@type\":\"EntryPoint\",\"urlTemplate\":\"https:\/\/vertigojazz.pl\/?s={search_term_string}\"},\"query-input\":{\"@type\":\"PropertyValueSpecification\",\"valueRequired\":true,\"valueName\":\"search_term_string\"}}],\"inLanguage\":\"de\"},{\"@type\":\"Organization\",\"@id\":\"https:\/\/vertigojazz.pl\/#organization\",\"name\":\"Vertigo Jazz Club & Restaurant\",\"alternateName\":\"Klub muzyczny we Wroc\u0142awiu\",\"url\":\"https:\/\/vertigojazz.pl\/\",\"logo\":{\"@type\":\"ImageObject\",\"inLanguage\":\"de\",\"@id\":\"https:\/\/vertigojazz.pl\/#\/schema\/logo\/image\/\",\"url\":\"https:\/\/vertigojazz.pl\/wp-content\/uploads\/2025\/04\/cropped-vertigo_logo_biale-180x180-1.jpg\",\"contentUrl\":\"https:\/\/vertigojazz.pl\/wp-content\/uploads\/2025\/04\/cropped-vertigo_logo_biale-180x180-1.jpg\",\"width\":180,\"height\":180,\"caption\":\"Vertigo Jazz Club & Restaurant\"},\"image\":{\"@id\":\"https:\/\/vertigojazz.pl\/#\/schema\/logo\/image\/\"},\"sameAs\":[\"https:\/\/www.facebook.com\/vertigojazzclub\",\"https:\/\/www.instagram.com\/vertigo_jazz_club\/\",\"https:\/\/www.youtube.com\/channel\/UC8sPrX3Xuv7bfuhfr3XbqXg\",\"https:\/\/www.tiktok.com\/@vertigojazzclub\"]}]}<\/script>\n<!-- \/ Yoast SEO plugin. -->","yoast_head_json":{"title":"Soul Time by Ola Turo\u0144 - Vertigo Jazz Club &amp; Restaurant","description":"Zapraszamy na niezwyk\u0142e popo\u0142udnie \u201eSoul Time by Ola Turo\u0144\u201d w klubie Vertigo: wydarzenie wype\u0142nione energi\u0105, emocjami i g\u0142\u0119bokim brzmieniem soulu.","robots":{"index":"index","follow":"follow","max-snippet":"max-snippet:-1","max-image-preview":"max-image-preview:large","max-video-preview":"max-video-preview:-1"},"canonical":"https:\/\/vertigojazz.pl\/wydarzenia\/soul-time-by-ola-turon\/","og_locale":"de_DE","og_type":"article","og_title":"Soul Time by Ola Turo\u0144 - Vertigo Jazz Club &amp; Restaurant","og_description":"Zapraszamy na niezwyk\u0142e popo\u0142udnie \u201eSoul Time by Ola Turo\u0144\u201d w klubie Vertigo: wydarzenie wype\u0142nione energi\u0105, emocjami i g\u0142\u0119bokim brzmieniem soulu.","og_url":"https:\/\/vertigojazz.pl\/wydarzenia\/soul-time-by-ola-turon\/","og_site_name":"Vertigo Jazz Club &amp; Restaurant","article_publisher":"https:\/\/www.facebook.com\/vertigojazzclub","article_modified_time":"2025-11-26T17:21:43+00:00","og_image":[{"width":768,"height":768,"url":"https:\/\/vertigojazz.pl\/wp-content\/uploads\/2025\/08\/VertigoJazz-Logo_1080_1080.jpeg","type":"image\/jpeg"}],"twitter_card":"summary_large_image","twitter_misc":{"Gesch\u00e4tzte Lesezeit":"2\u00a0Minuten"},"schema":{"@context":"https:\/\/schema.org","@graph":[{"@type":"WebPage","@id":"https:\/\/vertigojazz.pl\/wydarzenia\/soul-time-by-ola-turon\/","url":"https:\/\/vertigojazz.pl\/wydarzenia\/soul-time-by-ola-turon\/","name":"Soul Time by Ola Turo\u0144 - Vertigo Jazz Club &amp; Restaurant","isPartOf":{"@id":"https:\/\/vertigojazz.pl\/#website"},"datePublished":"2025-11-14T17:55:13+00:00","dateModified":"2025-11-26T17:21:43+00:00","description":"Zapraszamy na niezwyk\u0142e popo\u0142udnie \u201eSoul Time by Ola Turo\u0144\u201d w klubie Vertigo: wydarzenie wype\u0142nione energi\u0105, emocjami i g\u0142\u0119bokim brzmieniem soulu.","breadcrumb":{"@id":"https:\/\/vertigojazz.pl\/wydarzenia\/soul-time-by-ola-turon\/#breadcrumb"},"inLanguage":"de","potentialAction":[{"@type":"ReadAction","target":["https:\/\/vertigojazz.pl\/wydarzenia\/soul-time-by-ola-turon\/"]}]},{"@type":"BreadcrumbList","@id":"https:\/\/vertigojazz.pl\/wydarzenia\/soul-time-by-ola-turon\/#breadcrumb","itemListElement":[{"@type":"ListItem","position":1,"name":"Strona g\u0142\u00f3wna","item":"https:\/\/vertigojazz.pl\/de\/"},{"@type":"ListItem","position":2,"name":"Soul Time by Ola Turo\u0144"}]},{"@type":"WebSite","@id":"https:\/\/vertigojazz.pl\/#website","url":"https:\/\/vertigojazz.pl\/","name":"Vertigo Jazz Club & Restaurant","description":"klub muzyczny we Wroc\u0142awiu","publisher":{"@id":"https:\/\/vertigojazz.pl\/#organization"},"potentialAction":[{"@type":"SearchAction","target":{"@type":"EntryPoint","urlTemplate":"https:\/\/vertigojazz.pl\/?s={search_term_string}"},"query-input":{"@type":"PropertyValueSpecification","valueRequired":true,"valueName":"search_term_string"}}],"inLanguage":"de"},{"@type":"Organization","@id":"https:\/\/vertigojazz.pl\/#organization","name":"Vertigo Jazz Club & Restaurant","alternateName":"Klub muzyczny we Wroc\u0142awiu","url":"https:\/\/vertigojazz.pl\/","logo":{"@type":"ImageObject","inLanguage":"de","@id":"https:\/\/vertigojazz.pl\/#\/schema\/logo\/image\/","url":"https:\/\/vertigojazz.pl\/wp-content\/uploads\/2025\/04\/cropped-vertigo_logo_biale-180x180-1.jpg","contentUrl":"https:\/\/vertigojazz.pl\/wp-content\/uploads\/2025\/04\/cropped-vertigo_logo_biale-180x180-1.jpg","width":180,"height":180,"caption":"Vertigo Jazz Club & Restaurant"},"image":{"@id":"https:\/\/vertigojazz.pl\/#\/schema\/logo\/image\/"},"sameAs":["https:\/\/www.facebook.com\/vertigojazzclub","https:\/\/www.instagram.com\/vertigo_jazz_club\/","https:\/\/www.youtube.com\/channel\/UC8sPrX3Xuv7bfuhfr3XbqXg","https:\/\/www.tiktok.com\/@vertigojazzclub"]}]}},"_links":{"self":[{"href":"https:\/\/vertigojazz.pl\/de\/wp-json\/wp\/v2\/wydarzenie\/14942","targetHints":{"allow":["GET"]}}],"collection":[{"href":"https:\/\/vertigojazz.pl\/de\/wp-json\/wp\/v2\/wydarzenie"}],"about":[{"href":"https:\/\/vertigojazz.pl\/de\/wp-json\/wp\/v2\/types\/wydarzenie"}],"author":[{"embeddable":true,"href":"https:\/\/vertigojazz.pl\/de\/wp-json\/wp\/v2\/users\/13"}],"version-history":[{"count":1,"href":"https:\/\/vertigojazz.pl\/de\/wp-json\/wp\/v2\/wydarzenie\/14942\/revisions"}],"predecessor-version":[{"id":15214,"href":"https:\/\/vertigojazz.pl\/de\/wp-json\/wp\/v2\/wydarzenie\/14942\/revisions\/15214"}],"wp:attachment":[{"href":"https:\/\/vertigojazz.pl\/de\/wp-json\/wp\/v2\/media?parent=14942"}],"curies":[{"name":"wp","href":"https:\/\/api.w.org\/{rel}","templated":true}]}}

Soul Time by Ola Turoń

<h2>Popołudnie pełne emocji i soulowej energii</h2>
<p>Zapraszamy na niezwykłe popołudnie „Soul Time by Ola Turoń” w klubie Vertigo: wydarzenie wypełnione energią, emocjami i głębokim brzmieniem soulu.</p>
<h2>Głos, który porusza serca</h2>
<p>Ola Turoń, wokalistka o niezwykle mocnym głosie i charyzmatycznej scenicznej osobowości, zaprezentuje repertuar, który rozpala zmysły i porusza duszę. W programie znajdą się zarówno klasyki soulowe, jak i nowoczesne kompozycje w autorskich aranżacjach, które nadadzą wieczorowi wyjątkowy charakter.</p>
<h2>Groove, emocje i autentyczność</h2>
<p>Artystce towarzyszyć będzie zespół znakomitych muzyków, tworzących ciepły, rytmiczny klimat pełen groove’u i ekspresji. To popołudnie, podczas którego poczują Państwo prawdziwą duszę muzyki, pełną pasji, emocji i autentyczności.</p>
<p>English below:</p>
<p>Afternoon full of emotion and soulful energy</p>
<p>Join us for an extraordinary afternoon, “Soul Time by Ola Turoń” at Vertigo – an event filled with energy, emotion and the deep sound of soul music.</p>
<p>A voice that moves hearts<br />
Ola Turoń, a vocalist with a powerful voice and charismatic stage presence, will present a set that ignites the senses and touches the soul. The programme will include timeless soul classics as well as contemporary pieces in original arrangements, giving the afternoon a truly unique character.</p>
<p>Groove, emotion and authenticity<br />
Ola will be accompanied by a band of outstanding musicians, creating a warm, rhythmic atmosphere full of groove and expression. It will be an afternoon where you can feel the true soul of music – filled with passion, emotion and authenticity.</p>

<p>Popołudnie pełne emocji i soulowej energii Zapraszamy na niezwykłe popołudnie „Soul Time by Ola Turoń” w klubie Vertigo: wydarzenie wypełnione energią, emocjami i głębokim brzmieniem soulu. Głos, który porusza serca Ola Turoń, wokalistka o niezwykle mocnym głosie i charyzmatycznej scenicznej osobowości, zaprezentuje repertuar, który rozpala zmysły i porusza duszę. W programie znajdą się zarówno klasyki [&hellip;]</p>

<!-- This site is optimized with the Yoast SEO plugin v26.0 - https://yoast.com/wordpress/plugins/seo/ -->
<title>Soul Time by Ola Turoń - Vertigo Jazz Club &amp; Restaurant</title>
<meta name="description" content="Zapraszamy na niezwykłe popołudnie „Soul Time by Ola Turoń” w klubie Vertigo: wydarzenie wypełnione energią, emocjami i głębokim brzmieniem soulu." />
<meta name="robots" content="index, follow, max-snippet:-1, max-image-preview:large, max-video-preview:-1" />
<link rel="canonical" href="https://vertigojazz.pl/wydarzenia/soul-time-by-ola-turon/" />
<meta property="og:locale" content="de_DE" />
<meta property="og:type" content="article" />
<meta property="og:title" content="Soul Time by Ola Turoń - Vertigo Jazz Club &amp; Restaurant" />
<meta property="og:description" content="Zapraszamy na niezwykłe popołudnie „Soul Time by Ola Turoń” w klubie Vertigo: wydarzenie wypełnione energią, emocjami i głębokim brzmieniem soulu." />
<meta property="og:url" content="https://vertigojazz.pl/wydarzenia/soul-time-by-ola-turon/" />
<meta property="og:site_name" content="Vertigo Jazz Club &amp; Restaurant" />
<meta property="article:publisher" content="https://www.facebook.com/vertigojazzclub" />
<meta property="article:modified_time" content="2025-11-26T17:21:43+00:00" />
<meta property="og:image" content="https://vertigojazz.pl/wp-content/uploads/2025/08/VertigoJazz-Logo_1080_1080.jpeg" />
	<meta property="og:image:width" content="768" />
	<meta property="og:image:height" content="768" />
	<meta property="og:image:type" content="image/jpeg" />
<meta name="twitter:card" content="summary_large_image" />
<meta name="twitter:label1" content="Geschätzte Lesezeit" />
	<meta name="twitter:data1" content="2 Minuten" />
<script type="application/ld+json" class="yoast-schema-graph">{"@context":"https://schema.org","@graph":[{"@type":"WebPage","@id":"https://vertigojazz.pl/wydarzenia/soul-time-by-ola-turon/","url":"https://vertigojazz.pl/wydarzenia/soul-time-by-ola-turon/","name":"Soul Time by Ola Turoń - Vertigo Jazz Club &amp; Restaurant","isPartOf":{"@id":"https://vertigojazz.pl/#website"},"datePublished":"2025-11-14T17:55:13+00:00","dateModified":"2025-11-26T17:21:43+00:00","description":"Zapraszamy na niezwykłe popołudnie „Soul Time by Ola Turoń” w klubie Vertigo: wydarzenie wypełnione energią, emocjami i głębokim brzmieniem soulu.","breadcrumb":{"@id":"https://vertigojazz.pl/wydarzenia/soul-time-by-ola-turon/#breadcrumb"},"inLanguage":"de","potentialAction":[{"@type":"ReadAction","target":["https://vertigojazz.pl/wydarzenia/soul-time-by-ola-turon/"]}]},{"@type":"BreadcrumbList","@id":"https://vertigojazz.pl/wydarzenia/soul-time-by-ola-turon/#breadcrumb","itemListElement":[{"@type":"ListItem","position":1,"name":"Strona główna","item":"https://vertigojazz.pl/de/"},{"@type":"ListItem","position":2,"name":"Soul Time by Ola Turoń"}]},{"@type":"WebSite","@id":"https://vertigojazz.pl/#website","url":"https://vertigojazz.pl/","name":"Vertigo Jazz Club & Restaurant","description":"klub muzyczny we Wrocławiu","publisher":{"@id":"https://vertigojazz.pl/#organization"},"potentialAction":[{"@type":"SearchAction","target":{"@type":"EntryPoint","urlTemplate":"https://vertigojazz.pl/?s={search_term_string}"},"query-input":{"@type":"PropertyValueSpecification","valueRequired":true,"valueName":"search_term_string"}}],"inLanguage":"de"},{"@type":"Organization","@id":"https://vertigojazz.pl/#organization","name":"Vertigo Jazz Club & Restaurant","alternateName":"Klub muzyczny we Wrocławiu","url":"https://vertigojazz.pl/","logo":{"@type":"ImageObject","inLanguage":"de","@id":"https://vertigojazz.pl/#/schema/logo/image/","url":"https://vertigojazz.pl/wp-content/uploads/2025/04/cropped-vertigo_logo_biale-180x180-1.jpg","contentUrl":"https://vertigojazz.pl/wp-content/uploads/2025/04/cropped-vertigo_logo_biale-180x180-1.jpg","width":180,"height":180,"caption":"Vertigo Jazz Club & Restaurant"},"image":{"@id":"https://vertigojazz.pl/#/schema/logo/image/"},"sameAs":["https://www.facebook.com/vertigojazzclub","https://www.instagram.com/vertigo_jazz_club/","https://www.youtube.com/channel/UC8sPrX3Xuv7bfuhfr3XbqXg","https://www.tiktok.com/@vertigojazzclub"]}]}</script>
<!-- / Yoast SEO plugin. -->

Soul Time by Ola Turoń - Vertigo Jazz Club &amp; Restaurant

Zapraszamy na niezwykłe popołudnie „Soul Time by Ola Turoń” w klubie Vertigo: wydarzenie wypełnione energią, emocjami i głębokim brzmieniem soulu.

Strona główna

klub muzyczny we Wrocławiu

Klub muzyczny we Wrocławiu
