{"id":15839,"date":"2025-12-11T21:39:52","date_gmt":"2025-12-11T20:39:52","guid":{"rendered":"https:\/\/vertigojazz.pl\/wydarzenia\/cest-la-vie-by-ola-madziara\/"},"modified":"2026-01-16T10:38:53","modified_gmt":"2026-01-16T09:38:53","slug":"cest-la-vie-by-ola-madziara","status":"publish","type":"wydarzenie","link":"https:\/\/vertigojazz.pl\/de\/wydarzenia\/cest-la-vie-by-ola-madziara\/","title":{"rendered":"C\u2019est la vie by Ola Madziara"},"content":{"rendered":"<p>*Scroll down to English version*<\/p>\n<h2>Popo\u0142udnie przy \u015bwiecach<\/h2>\n<p>Serdecznie zapraszamy na wyj\u0105tkowe spotkanie z muzyk\u0105 francusk\u0105, kt\u00f3re odb\u0119dzie si\u0119 w sobot\u0119 o godzinie 15:00, w nastroju podkre\u015blonym blaskiem \u015bwiec. Ola Madziara zaprezentuje niezapomniane utwory takich artyst\u00f3w, jak \u00c9dith Piaf, ZAZ, Barbara Pravi, C\u00e9line Dion, Dalida czy Indila.<\/p>\n<h2>Francuski urok i emocje<\/h2>\n<p>Czeka Was popo\u0142udnie pe\u0142ne francuskiego klimatu, pi\u0119knych melodii i emocji, kt\u00f3re poruszaj\u0105 serce. To idealna okazja, aby w spokojnej, kameralnej atmosferze zanurzy\u0107 si\u0119 w d\u017awi\u0119kach, kt\u00f3re nios\u0105 lekko\u015b\u0107, melancholi\u0119 i wyj\u0105tkow\u0105 wra\u017cliwo\u015b\u0107.<\/p>\n<h2>Spotkanie pe\u0142ne dobrej energii<\/h2>\n<p>Sp\u0119d\u017acie Pa\u0144stwo z nami ten sobotni czas, pozwalaj\u0105c sobie na chwil\u0119 relaksu i muzycznej przyjemno\u015bci. Ola Madziara wype\u0142ni przestrze\u0144 interpretacjami pe\u0142nymi pasji i subtelno\u015bci, tworz\u0105c niepowtarzalny klimat.<\/p>\n<p>*English version*<\/p>\n<p><b>An Afternoon by Candlelight<\/b><br \/>\nWe cordially invite you to a unique encounter with French music, which will take place on Saturday at 3:00 PM, in an atmosphere highlighted by candlelight. Ola Madziara will present unforgettable songs by artists such as \u00c9dith Piaf, ZAZ, Barbara Pravi, C\u00e9line Dion, Dalida, and Indila.<\/p>\n<p><b>French Charm and Emotion<\/b><br \/>\nAn afternoon awaits you, full of French ambiance, beautiful melodies, and emotions that move the heart. This is the perfect opportunity to immerse yourself in sounds that convey lightness, melancholy, and unique sensitivity in a calm, intimate atmosphere.<\/p>\n<p><b>A Gathering Full of Good Energy<\/b><br \/>\nSpend this Saturday afternoon with us, allowing yourself a moment of relaxation and musical pleasure. Ola Madziara will fill the space with interpretations full of passion and subtlety, creating a unique ambiance.<\/p>\n","protected":false},"excerpt":{"rendered":"<p>*Scroll down to English version* Popo\u0142udnie przy \u015bwiecach Serdecznie zapraszamy na wyj\u0105tkowe spotkanie z muzyk\u0105 francusk\u0105, kt\u00f3re odb\u0119dzie si\u0119 w sobot\u0119 o godzinie 15:00, w nastroju podkre\u015blonym blaskiem \u015bwiec. Ola Madziara zaprezentuje niezapomniane utwory takich artyst\u00f3w, jak \u00c9dith Piaf, ZAZ, Barbara Pravi, C\u00e9line Dion, Dalida czy Indila. Francuski urok i emocje Czeka Was popo\u0142udnie pe\u0142ne [&hellip;]<\/p>\n","protected":false},"author":13,"featured_media":0,"parent":0,"menu_order":0,"template":"","meta":{"_acf_changed":false,"footnotes":""},"class_list":["post-15839","wydarzenie","type-wydarzenie","status-publish","hentry"],"acf":[],"yoast_head":"<!-- This site is optimized with the Yoast SEO plugin v26.0 - https:\/\/yoast.com\/wordpress\/plugins\/seo\/ -->\n<title>C\u2019est la vie by Ola Madziara - Vertigo Jazz Club &amp; Restaurant<\/title>\n<meta name=\"description\" content=\"Ola Madziara zaprezentuje niezapomniane utwory takich artyst\u00f3w, jak \u00c9dith Piaf, ZAZ, Barbara Pravi, C\u00e9line Dion, Dalida czy Indila.\" \/>\n<meta name=\"robots\" content=\"index, follow, max-snippet:-1, max-image-preview:large, max-video-preview:-1\" \/>\n<link rel=\"canonical\" href=\"https:\/\/vertigojazz.pl\/wydarzenia\/cest-la-vie-by-ola-madziara\/\" \/>\n<meta property=\"og:locale\" content=\"de_DE\" \/>\n<meta property=\"og:type\" content=\"article\" \/>\n<meta property=\"og:title\" content=\"C\u2019est la vie by Ola Madziara - Vertigo Jazz Club &amp; Restaurant\" \/>\n<meta property=\"og:description\" content=\"Ola Madziara zaprezentuje niezapomniane utwory takich artyst\u00f3w, jak \u00c9dith Piaf, ZAZ, Barbara Pravi, C\u00e9line Dion, Dalida czy Indila.\" \/>\n<meta property=\"og:url\" content=\"https:\/\/vertigojazz.pl\/wydarzenia\/cest-la-vie-by-ola-madziara\/\" \/>\n<meta property=\"og:site_name\" content=\"Vertigo Jazz Club &amp; Restaurant\" \/>\n<meta property=\"article:publisher\" content=\"https:\/\/www.facebook.com\/vertigojazzclub\" \/>\n<meta property=\"article:modified_time\" content=\"2026-01-16T09:38:53+00:00\" \/>\n<meta property=\"og:image\" content=\"https:\/\/vertigojazz.pl\/wp-content\/uploads\/2025\/08\/VertigoJazz-Logo_1080_1080.jpeg\" \/>\n\t<meta property=\"og:image:width\" content=\"768\" \/>\n\t<meta property=\"og:image:height\" content=\"768\" \/>\n\t<meta property=\"og:image:type\" content=\"image\/jpeg\" \/>\n<meta name=\"twitter:card\" content=\"summary_large_image\" \/>\n<meta name=\"twitter:label1\" content=\"Gesch\u00e4tzte Lesezeit\" \/>\n\t<meta name=\"twitter:data1\" content=\"2\u00a0Minuten\" \/>\n<script type=\"application\/ld+json\" class=\"yoast-schema-graph\">{\"@context\":\"https:\/\/schema.org\",\"@graph\":[{\"@type\":\"WebPage\",\"@id\":\"https:\/\/vertigojazz.pl\/wydarzenia\/cest-la-vie-by-ola-madziara\/\",\"url\":\"https:\/\/vertigojazz.pl\/wydarzenia\/cest-la-vie-by-ola-madziara\/\",\"name\":\"C\u2019est la vie by Ola Madziara - Vertigo Jazz Club &amp; Restaurant\",\"isPartOf\":{\"@id\":\"https:\/\/vertigojazz.pl\/#website\"},\"datePublished\":\"2025-12-11T20:39:52+00:00\",\"dateModified\":\"2026-01-16T09:38:53+00:00\",\"description\":\"Ola Madziara zaprezentuje niezapomniane utwory takich artyst\u00f3w, jak \u00c9dith Piaf, ZAZ, Barbara Pravi, C\u00e9line Dion, Dalida czy Indila.\",\"breadcrumb\":{\"@id\":\"https:\/\/vertigojazz.pl\/wydarzenia\/cest-la-vie-by-ola-madziara\/#breadcrumb\"},\"inLanguage\":\"de\",\"potentialAction\":[{\"@type\":\"ReadAction\",\"target\":[\"https:\/\/vertigojazz.pl\/wydarzenia\/cest-la-vie-by-ola-madziara\/\"]}]},{\"@type\":\"BreadcrumbList\",\"@id\":\"https:\/\/vertigojazz.pl\/wydarzenia\/cest-la-vie-by-ola-madziara\/#breadcrumb\",\"itemListElement\":[{\"@type\":\"ListItem\",\"position\":1,\"name\":\"Strona g\u0142\u00f3wna\",\"item\":\"https:\/\/vertigojazz.pl\/de\/\"},{\"@type\":\"ListItem\",\"position\":2,\"name\":\"C\u2019est la vie by Ola Madziara\"}]},{\"@type\":\"WebSite\",\"@id\":\"https:\/\/vertigojazz.pl\/#website\",\"url\":\"https:\/\/vertigojazz.pl\/\",\"name\":\"Vertigo Jazz Club & Restaurant\",\"description\":\"klub muzyczny we Wroc\u0142awiu\",\"publisher\":{\"@id\":\"https:\/\/vertigojazz.pl\/#organization\"},\"potentialAction\":[{\"@type\":\"SearchAction\",\"target\":{\"@type\":\"EntryPoint\",\"urlTemplate\":\"https:\/\/vertigojazz.pl\/?s={search_term_string}\"},\"query-input\":{\"@type\":\"PropertyValueSpecification\",\"valueRequired\":true,\"valueName\":\"search_term_string\"}}],\"inLanguage\":\"de\"},{\"@type\":\"Organization\",\"@id\":\"https:\/\/vertigojazz.pl\/#organization\",\"name\":\"Vertigo Jazz Club & Restaurant\",\"alternateName\":\"Klub muzyczny we Wroc\u0142awiu\",\"url\":\"https:\/\/vertigojazz.pl\/\",\"logo\":{\"@type\":\"ImageObject\",\"inLanguage\":\"de\",\"@id\":\"https:\/\/vertigojazz.pl\/#\/schema\/logo\/image\/\",\"url\":\"https:\/\/vertigojazz.pl\/wp-content\/uploads\/2025\/04\/cropped-vertigo_logo_biale-180x180-1.jpg\",\"contentUrl\":\"https:\/\/vertigojazz.pl\/wp-content\/uploads\/2025\/04\/cropped-vertigo_logo_biale-180x180-1.jpg\",\"width\":180,\"height\":180,\"caption\":\"Vertigo Jazz Club & Restaurant\"},\"image\":{\"@id\":\"https:\/\/vertigojazz.pl\/#\/schema\/logo\/image\/\"},\"sameAs\":[\"https:\/\/www.facebook.com\/vertigojazzclub\",\"https:\/\/www.instagram.com\/vertigo_jazz_club\/\",\"https:\/\/www.youtube.com\/channel\/UC8sPrX3Xuv7bfuhfr3XbqXg\",\"https:\/\/www.tiktok.com\/@vertigojazzclub\"]}]}<\/script>\n<!-- \/ Yoast SEO plugin. -->","yoast_head_json":{"title":"C\u2019est la vie by Ola Madziara - Vertigo Jazz Club &amp; Restaurant","description":"Ola Madziara zaprezentuje niezapomniane utwory takich artyst\u00f3w, jak \u00c9dith Piaf, ZAZ, Barbara Pravi, C\u00e9line Dion, Dalida czy Indila.","robots":{"index":"index","follow":"follow","max-snippet":"max-snippet:-1","max-image-preview":"max-image-preview:large","max-video-preview":"max-video-preview:-1"},"canonical":"https:\/\/vertigojazz.pl\/wydarzenia\/cest-la-vie-by-ola-madziara\/","og_locale":"de_DE","og_type":"article","og_title":"C\u2019est la vie by Ola Madziara - Vertigo Jazz Club &amp; Restaurant","og_description":"Ola Madziara zaprezentuje niezapomniane utwory takich artyst\u00f3w, jak \u00c9dith Piaf, ZAZ, Barbara Pravi, C\u00e9line Dion, Dalida czy Indila.","og_url":"https:\/\/vertigojazz.pl\/wydarzenia\/cest-la-vie-by-ola-madziara\/","og_site_name":"Vertigo Jazz Club &amp; Restaurant","article_publisher":"https:\/\/www.facebook.com\/vertigojazzclub","article_modified_time":"2026-01-16T09:38:53+00:00","og_image":[{"width":768,"height":768,"url":"https:\/\/vertigojazz.pl\/wp-content\/uploads\/2025\/08\/VertigoJazz-Logo_1080_1080.jpeg","type":"image\/jpeg"}],"twitter_card":"summary_large_image","twitter_misc":{"Gesch\u00e4tzte Lesezeit":"2\u00a0Minuten"},"schema":{"@context":"https:\/\/schema.org","@graph":[{"@type":"WebPage","@id":"https:\/\/vertigojazz.pl\/wydarzenia\/cest-la-vie-by-ola-madziara\/","url":"https:\/\/vertigojazz.pl\/wydarzenia\/cest-la-vie-by-ola-madziara\/","name":"C\u2019est la vie by Ola Madziara - Vertigo Jazz Club &amp; Restaurant","isPartOf":{"@id":"https:\/\/vertigojazz.pl\/#website"},"datePublished":"2025-12-11T20:39:52+00:00","dateModified":"2026-01-16T09:38:53+00:00","description":"Ola Madziara zaprezentuje niezapomniane utwory takich artyst\u00f3w, jak \u00c9dith Piaf, ZAZ, Barbara Pravi, C\u00e9line Dion, Dalida czy Indila.","breadcrumb":{"@id":"https:\/\/vertigojazz.pl\/wydarzenia\/cest-la-vie-by-ola-madziara\/#breadcrumb"},"inLanguage":"de","potentialAction":[{"@type":"ReadAction","target":["https:\/\/vertigojazz.pl\/wydarzenia\/cest-la-vie-by-ola-madziara\/"]}]},{"@type":"BreadcrumbList","@id":"https:\/\/vertigojazz.pl\/wydarzenia\/cest-la-vie-by-ola-madziara\/#breadcrumb","itemListElement":[{"@type":"ListItem","position":1,"name":"Strona g\u0142\u00f3wna","item":"https:\/\/vertigojazz.pl\/de\/"},{"@type":"ListItem","position":2,"name":"C\u2019est la vie by Ola Madziara"}]},{"@type":"WebSite","@id":"https:\/\/vertigojazz.pl\/#website","url":"https:\/\/vertigojazz.pl\/","name":"Vertigo Jazz Club & Restaurant","description":"klub muzyczny we Wroc\u0142awiu","publisher":{"@id":"https:\/\/vertigojazz.pl\/#organization"},"potentialAction":[{"@type":"SearchAction","target":{"@type":"EntryPoint","urlTemplate":"https:\/\/vertigojazz.pl\/?s={search_term_string}"},"query-input":{"@type":"PropertyValueSpecification","valueRequired":true,"valueName":"search_term_string"}}],"inLanguage":"de"},{"@type":"Organization","@id":"https:\/\/vertigojazz.pl\/#organization","name":"Vertigo Jazz Club & Restaurant","alternateName":"Klub muzyczny we Wroc\u0142awiu","url":"https:\/\/vertigojazz.pl\/","logo":{"@type":"ImageObject","inLanguage":"de","@id":"https:\/\/vertigojazz.pl\/#\/schema\/logo\/image\/","url":"https:\/\/vertigojazz.pl\/wp-content\/uploads\/2025\/04\/cropped-vertigo_logo_biale-180x180-1.jpg","contentUrl":"https:\/\/vertigojazz.pl\/wp-content\/uploads\/2025\/04\/cropped-vertigo_logo_biale-180x180-1.jpg","width":180,"height":180,"caption":"Vertigo Jazz Club & Restaurant"},"image":{"@id":"https:\/\/vertigojazz.pl\/#\/schema\/logo\/image\/"},"sameAs":["https:\/\/www.facebook.com\/vertigojazzclub","https:\/\/www.instagram.com\/vertigo_jazz_club\/","https:\/\/www.youtube.com\/channel\/UC8sPrX3Xuv7bfuhfr3XbqXg","https:\/\/www.tiktok.com\/@vertigojazzclub"]}]}},"_links":{"self":[{"href":"https:\/\/vertigojazz.pl\/de\/wp-json\/wp\/v2\/wydarzenie\/15839","targetHints":{"allow":["GET"]}}],"collection":[{"href":"https:\/\/vertigojazz.pl\/de\/wp-json\/wp\/v2\/wydarzenie"}],"about":[{"href":"https:\/\/vertigojazz.pl\/de\/wp-json\/wp\/v2\/types\/wydarzenie"}],"author":[{"embeddable":true,"href":"https:\/\/vertigojazz.pl\/de\/wp-json\/wp\/v2\/users\/13"}],"version-history":[{"count":3,"href":"https:\/\/vertigojazz.pl\/de\/wp-json\/wp\/v2\/wydarzenie\/15839\/revisions"}],"predecessor-version":[{"id":17348,"href":"https:\/\/vertigojazz.pl\/de\/wp-json\/wp\/v2\/wydarzenie\/15839\/revisions\/17348"}],"wp:attachment":[{"href":"https:\/\/vertigojazz.pl\/de\/wp-json\/wp\/v2\/media?parent=15839"}],"curies":[{"name":"wp","href":"https:\/\/api.w.org\/{rel}","templated":true}]}}

<p>*Scroll down to English version*</p>
<h2>Popołudnie przy świecach</h2>
<p>Serdecznie zapraszamy na wyjątkowe spotkanie z muzyką francuską, które odbędzie się w sobotę o godzinie 15:00, w nastroju podkreślonym blaskiem świec. Ola Madziara zaprezentuje niezapomniane utwory takich artystów, jak Édith Piaf, ZAZ, Barbara Pravi, Céline Dion, Dalida czy Indila.</p>
<h2>Francuski urok i emocje</h2>
<p>Czeka Was popołudnie pełne francuskiego klimatu, pięknych melodii i emocji, które poruszają serce. To idealna okazja, aby w spokojnej, kameralnej atmosferze zanurzyć się w dźwiękach, które niosą lekkość, melancholię i wyjątkową wrażliwość.</p>
<h2>Spotkanie pełne dobrej energii</h2>
<p>Spędźcie Państwo z nami ten sobotni czas, pozwalając sobie na chwilę relaksu i muzycznej przyjemności. Ola Madziara wypełni przestrzeń interpretacjami pełnymi pasji i subtelności, tworząc niepowtarzalny klimat.</p>
<p>*English version*</p>
<p><b>An Afternoon by Candlelight</b><br />
We cordially invite you to a unique encounter with French music, which will take place on Saturday at 3:00 PM, in an atmosphere highlighted by candlelight. Ola Madziara will present unforgettable songs by artists such as Édith Piaf, ZAZ, Barbara Pravi, Céline Dion, Dalida, and Indila.</p>
<p><b>French Charm and Emotion</b><br />
An afternoon awaits you, full of French ambiance, beautiful melodies, and emotions that move the heart. This is the perfect opportunity to immerse yourself in sounds that convey lightness, melancholy, and unique sensitivity in a calm, intimate atmosphere.</p>
<p><b>A Gathering Full of Good Energy</b><br />
Spend this Saturday afternoon with us, allowing yourself a moment of relaxation and musical pleasure. Ola Madziara will fill the space with interpretations full of passion and subtlety, creating a unique ambiance.</p>

<p>*Scroll down to English version* Popołudnie przy świecach Serdecznie zapraszamy na wyjątkowe spotkanie z muzyką francuską, które odbędzie się w sobotę o godzinie 15:00, w nastroju podkreślonym blaskiem świec. Ola Madziara zaprezentuje niezapomniane utwory takich artystów, jak Édith Piaf, ZAZ, Barbara Pravi, Céline Dion, Dalida czy Indila. Francuski urok i emocje Czeka Was popołudnie pełne [&hellip;]</p>

<!-- This site is optimized with the Yoast SEO plugin v26.0 - https://yoast.com/wordpress/plugins/seo/ -->
<title>C’est la vie by Ola Madziara - Vertigo Jazz Club &amp; Restaurant</title>
<meta name="description" content="Ola Madziara zaprezentuje niezapomniane utwory takich artystów, jak Édith Piaf, ZAZ, Barbara Pravi, Céline Dion, Dalida czy Indila." />
<meta name="robots" content="index, follow, max-snippet:-1, max-image-preview:large, max-video-preview:-1" />
<link rel="canonical" href="https://vertigojazz.pl/wydarzenia/cest-la-vie-by-ola-madziara/" />
<meta property="og:locale" content="de_DE" />
<meta property="og:type" content="article" />
<meta property="og:title" content="C’est la vie by Ola Madziara - Vertigo Jazz Club &amp; Restaurant" />
<meta property="og:description" content="Ola Madziara zaprezentuje niezapomniane utwory takich artystów, jak Édith Piaf, ZAZ, Barbara Pravi, Céline Dion, Dalida czy Indila." />
<meta property="og:url" content="https://vertigojazz.pl/wydarzenia/cest-la-vie-by-ola-madziara/" />
<meta property="og:site_name" content="Vertigo Jazz Club &amp; Restaurant" />
<meta property="article:publisher" content="https://www.facebook.com/vertigojazzclub" />
<meta property="article:modified_time" content="2026-01-16T09:38:53+00:00" />
<meta property="og:image" content="https://vertigojazz.pl/wp-content/uploads/2025/08/VertigoJazz-Logo_1080_1080.jpeg" />
	<meta property="og:image:width" content="768" />
	<meta property="og:image:height" content="768" />
	<meta property="og:image:type" content="image/jpeg" />
<meta name="twitter:card" content="summary_large_image" />
<meta name="twitter:label1" content="Geschätzte Lesezeit" />
	<meta name="twitter:data1" content="2 Minuten" />
<script type="application/ld+json" class="yoast-schema-graph">{"@context":"https://schema.org","@graph":[{"@type":"WebPage","@id":"https://vertigojazz.pl/wydarzenia/cest-la-vie-by-ola-madziara/","url":"https://vertigojazz.pl/wydarzenia/cest-la-vie-by-ola-madziara/","name":"C’est la vie by Ola Madziara - Vertigo Jazz Club &amp; Restaurant","isPartOf":{"@id":"https://vertigojazz.pl/#website"},"datePublished":"2025-12-11T20:39:52+00:00","dateModified":"2026-01-16T09:38:53+00:00","description":"Ola Madziara zaprezentuje niezapomniane utwory takich artystów, jak Édith Piaf, ZAZ, Barbara Pravi, Céline Dion, Dalida czy Indila.","breadcrumb":{"@id":"https://vertigojazz.pl/wydarzenia/cest-la-vie-by-ola-madziara/#breadcrumb"},"inLanguage":"de","potentialAction":[{"@type":"ReadAction","target":["https://vertigojazz.pl/wydarzenia/cest-la-vie-by-ola-madziara/"]}]},{"@type":"BreadcrumbList","@id":"https://vertigojazz.pl/wydarzenia/cest-la-vie-by-ola-madziara/#breadcrumb","itemListElement":[{"@type":"ListItem","position":1,"name":"Strona główna","item":"https://vertigojazz.pl/de/"},{"@type":"ListItem","position":2,"name":"C’est la vie by Ola Madziara"}]},{"@type":"WebSite","@id":"https://vertigojazz.pl/#website","url":"https://vertigojazz.pl/","name":"Vertigo Jazz Club & Restaurant","description":"klub muzyczny we Wrocławiu","publisher":{"@id":"https://vertigojazz.pl/#organization"},"potentialAction":[{"@type":"SearchAction","target":{"@type":"EntryPoint","urlTemplate":"https://vertigojazz.pl/?s={search_term_string}"},"query-input":{"@type":"PropertyValueSpecification","valueRequired":true,"valueName":"search_term_string"}}],"inLanguage":"de"},{"@type":"Organization","@id":"https://vertigojazz.pl/#organization","name":"Vertigo Jazz Club & Restaurant","alternateName":"Klub muzyczny we Wrocławiu","url":"https://vertigojazz.pl/","logo":{"@type":"ImageObject","inLanguage":"de","@id":"https://vertigojazz.pl/#/schema/logo/image/","url":"https://vertigojazz.pl/wp-content/uploads/2025/04/cropped-vertigo_logo_biale-180x180-1.jpg","contentUrl":"https://vertigojazz.pl/wp-content/uploads/2025/04/cropped-vertigo_logo_biale-180x180-1.jpg","width":180,"height":180,"caption":"Vertigo Jazz Club & Restaurant"},"image":{"@id":"https://vertigojazz.pl/#/schema/logo/image/"},"sameAs":["https://www.facebook.com/vertigojazzclub","https://www.instagram.com/vertigo_jazz_club/","https://www.youtube.com/channel/UC8sPrX3Xuv7bfuhfr3XbqXg","https://www.tiktok.com/@vertigojazzclub"]}]}</script>
<!-- / Yoast SEO plugin. -->

Ola Madziara zaprezentuje niezapomniane utwory takich artystów, jak Édith Piaf, ZAZ, Barbara Pravi, Céline Dion, Dalida czy Indila.

Strona główna

klub muzyczny we Wrocławiu

Klub muzyczny we Wrocławiu
