{"id":16873,"date":"2025-12-18T11:44:54","date_gmt":"2025-12-18T10:44:54","guid":{"rendered":"https:\/\/vertigojazz.pl\/wydarzenia\/music-of-buena-vista-by-cuban-latin-jazz-3\/"},"modified":"2025-12-18T11:44:54","modified_gmt":"2025-12-18T10:44:54","slug":"music-of-buena-vista-by-cuban-latin-jazz-3","status":"publish","type":"wydarzenie","link":"https:\/\/vertigojazz.pl\/de\/wydarzenia\/music-of-buena-vista-by-cuban-latin-jazz-3\/","title":{"rendered":"Music Of Buena Vista by Cuban Latin Jazz"},"content":{"rendered":"<h1><\/h1>\n<p>\u200b*Scroll down to English version*<\/p>\n<h1>Ho\u0142d dla kuba\u0144skiego fenomenu<\/h1>\n<p>Podczas wydarzenia \u201eThe Cuban Latin Jazz &#8211; Music of Buena Vista\u201d w Vertigo us\u0142yszymy ho\u0142d dla tego niezwyk\u0142ego fenomenu muzycznego. Zesp\u00f3\u0142 The Cuban Latin Jazz tworz\u0105 utalentowani muzycy, kt\u00f3rzy z pasj\u0105 i autentyczno\u015bci\u0105 oddaj\u0105 ducha klasycznego brzmienia z Hawany, \u0142\u0105cz\u0105c je z nowoczesnymi wp\u0142ywami jazzu i muzyki latynoskiej. W ich interpretacjach pojawi\u0105 si\u0119 zar\u00f3wno taneczne rytmy cha-cha, mambo i bolero, jak i nostalgiczne melodie, kt\u00f3re na nowo o\u017cywiaj\u0105 klimat starych kuba\u0144skich ulic.<\/p>\n\n<h2>\u200bWiecz\u00f3r pe\u0142en rytmu i emocji<\/h2>\n<p>Wiecz\u00f3r z The Cuban Latin Jazz w Vertigo to spotkanie z kultur\u0105, kt\u00f3ra od dekad inspiruje artyst\u00f3w i porusza serca ludzi na ca\u0142ym \u015bwiecie &#8211; muzyczna podr\u00f3\u017c pe\u0142na s\u0142o\u0144ca, emocji i elegancji, przenosz\u0105ca s\u0142uchaczy prosto do serca Kuby.<\/p>\n\n<p>*English version*<\/p>\n\n<p><b>A Tribute to the Cuban Phenomenon<\/b><br \/>During the event &#034;The Cuban Latin Jazz &#8211; Music of Buena Vista&#034; at Vertigo, we will hear a tribute to this extraordinary musical phenomenon. The Cuban Latin Jazz band is made up of talented musicians who passionately and authentically capture the spirit of the classic Havana sound, combining it with modern influences from jazz and Latin music. Their interpretations will feature the dance rhythms of cha-cha, mambo, and bolero, as well as nostalgic melodies that reanimate the atmosphere of old Cuban streets.<\/p>\n<p><b>An Evening Full of Rhythm and Emotion<\/b><br \/>An evening with The Cuban Latin Jazz at Vertigo is an encounter with a culture that has inspired artists and moved hearts around the world for decades\u2014a musical journey full of sunshine, emotion, and elegance, transporting listeners straight to the heart of Cuba.<\/p>\n\n","protected":false},"excerpt":{"rendered":"<p>\u200b*Scroll down to English version* Ho\u0142d dla kuba\u0144skiego fenomenu Podczas wydarzenia \u201eThe Cuban Latin Jazz &#8211; Music of Buena Vista\u201d w Vertigo us\u0142yszymy ho\u0142d dla tego niezwyk\u0142ego fenomenu muzycznego. Zesp\u00f3\u0142 The Cuban Latin Jazz tworz\u0105 utalentowani muzycy, kt\u00f3rzy z pasj\u0105 i autentyczno\u015bci\u0105 oddaj\u0105 ducha klasycznego brzmienia z Hawany, \u0142\u0105cz\u0105c je z nowoczesnymi wp\u0142ywami jazzu i [&hellip;]<\/p>\n","protected":false},"author":0,"featured_media":0,"parent":0,"menu_order":0,"template":"","meta":{"_acf_changed":false,"footnotes":""},"class_list":["post-16873","wydarzenie","type-wydarzenie","status-publish","hentry"],"acf":[],"yoast_head":"<!-- This site is optimized with the Yoast SEO plugin v26.0 - https:\/\/yoast.com\/wordpress\/plugins\/seo\/ -->\n<title>Music Of Buena Vista by Cuban Latin Jazz - Vertigo Jazz Club &amp; Restaurant<\/title>\n<meta name=\"description\" content=\"W Vertigo kierujemy si\u0119 tym, co w muzyce i kulturze najistotniejsze \u2013 szczero\u015bci\u0105 wyrazu, emocjami i klimatem, kt\u00f3ry zapada w pami\u0119\u0107.\" \/>\n<meta name=\"robots\" content=\"index, follow, max-snippet:-1, max-image-preview:large, max-video-preview:-1\" \/>\n<link rel=\"canonical\" href=\"https:\/\/vertigojazz.pl\/wydarzenia\/music-of-buena-vista-by-cuban-latin-jazz-3\/\" \/>\n<meta property=\"og:locale\" content=\"de_DE\" \/>\n<meta property=\"og:type\" content=\"article\" \/>\n<meta property=\"og:title\" content=\"Music Of Buena Vista by Cuban Latin Jazz - Vertigo Jazz Club &amp; Restaurant\" \/>\n<meta property=\"og:description\" content=\"W Vertigo kierujemy si\u0119 tym, co w muzyce i kulturze najistotniejsze \u2013 szczero\u015bci\u0105 wyrazu, emocjami i klimatem, kt\u00f3ry zapada w pami\u0119\u0107.\" \/>\n<meta property=\"og:url\" content=\"https:\/\/vertigojazz.pl\/wydarzenia\/music-of-buena-vista-by-cuban-latin-jazz-3\/\" \/>\n<meta property=\"og:site_name\" content=\"Vertigo Jazz Club &amp; Restaurant\" \/>\n<meta property=\"article:publisher\" content=\"https:\/\/www.facebook.com\/vertigojazzclub\" \/>\n<meta property=\"og:image\" content=\"https:\/\/vertigojazz.pl\/wp-content\/uploads\/2025\/08\/VertigoJazz-Logo_1080_1080.jpeg\" \/>\n\t<meta property=\"og:image:width\" content=\"768\" \/>\n\t<meta property=\"og:image:height\" content=\"768\" \/>\n\t<meta property=\"og:image:type\" content=\"image\/jpeg\" \/>\n<meta name=\"twitter:card\" content=\"summary_large_image\" \/>\n<meta name=\"twitter:label1\" content=\"Gesch\u00e4tzte Lesezeit\" \/>\n\t<meta name=\"twitter:data1\" content=\"1\u00a0Minute\" \/>\n<script type=\"application\/ld+json\" class=\"yoast-schema-graph\">{\"@context\":\"https:\/\/schema.org\",\"@graph\":[{\"@type\":\"WebPage\",\"@id\":\"https:\/\/vertigojazz.pl\/wydarzenia\/music-of-buena-vista-by-cuban-latin-jazz-3\/\",\"url\":\"https:\/\/vertigojazz.pl\/wydarzenia\/music-of-buena-vista-by-cuban-latin-jazz-3\/\",\"name\":\"Music Of Buena Vista by Cuban Latin Jazz - Vertigo Jazz Club &amp; Restaurant\",\"isPartOf\":{\"@id\":\"https:\/\/vertigojazz.pl\/#website\"},\"datePublished\":\"2025-12-18T10:44:54+00:00\",\"description\":\"W Vertigo kierujemy si\u0119 tym, co w muzyce i kulturze najistotniejsze \u2013 szczero\u015bci\u0105 wyrazu, emocjami i klimatem, kt\u00f3ry zapada w pami\u0119\u0107.\",\"breadcrumb\":{\"@id\":\"https:\/\/vertigojazz.pl\/wydarzenia\/music-of-buena-vista-by-cuban-latin-jazz-3\/#breadcrumb\"},\"inLanguage\":\"de\",\"potentialAction\":[{\"@type\":\"ReadAction\",\"target\":[\"https:\/\/vertigojazz.pl\/wydarzenia\/music-of-buena-vista-by-cuban-latin-jazz-3\/\"]}]},{\"@type\":\"BreadcrumbList\",\"@id\":\"https:\/\/vertigojazz.pl\/wydarzenia\/music-of-buena-vista-by-cuban-latin-jazz-3\/#breadcrumb\",\"itemListElement\":[{\"@type\":\"ListItem\",\"position\":1,\"name\":\"Strona g\u0142\u00f3wna\",\"item\":\"https:\/\/vertigojazz.pl\/de\/\"},{\"@type\":\"ListItem\",\"position\":2,\"name\":\"Music Of Buena Vista by Cuban Latin Jazz\"}]},{\"@type\":\"WebSite\",\"@id\":\"https:\/\/vertigojazz.pl\/#website\",\"url\":\"https:\/\/vertigojazz.pl\/\",\"name\":\"Vertigo Jazz Club & Restaurant\",\"description\":\"klub muzyczny we Wroc\u0142awiu\",\"publisher\":{\"@id\":\"https:\/\/vertigojazz.pl\/#organization\"},\"potentialAction\":[{\"@type\":\"SearchAction\",\"target\":{\"@type\":\"EntryPoint\",\"urlTemplate\":\"https:\/\/vertigojazz.pl\/?s={search_term_string}\"},\"query-input\":{\"@type\":\"PropertyValueSpecification\",\"valueRequired\":true,\"valueName\":\"search_term_string\"}}],\"inLanguage\":\"de\"},{\"@type\":\"Organization\",\"@id\":\"https:\/\/vertigojazz.pl\/#organization\",\"name\":\"Vertigo Jazz Club & Restaurant\",\"alternateName\":\"Klub muzyczny we Wroc\u0142awiu\",\"url\":\"https:\/\/vertigojazz.pl\/\",\"logo\":{\"@type\":\"ImageObject\",\"inLanguage\":\"de\",\"@id\":\"https:\/\/vertigojazz.pl\/#\/schema\/logo\/image\/\",\"url\":\"https:\/\/vertigojazz.pl\/wp-content\/uploads\/2025\/04\/cropped-vertigo_logo_biale-180x180-1.jpg\",\"contentUrl\":\"https:\/\/vertigojazz.pl\/wp-content\/uploads\/2025\/04\/cropped-vertigo_logo_biale-180x180-1.jpg\",\"width\":180,\"height\":180,\"caption\":\"Vertigo Jazz Club & Restaurant\"},\"image\":{\"@id\":\"https:\/\/vertigojazz.pl\/#\/schema\/logo\/image\/\"},\"sameAs\":[\"https:\/\/www.facebook.com\/vertigojazzclub\",\"https:\/\/www.instagram.com\/vertigo_jazz_club\/\",\"https:\/\/www.youtube.com\/channel\/UC8sPrX3Xuv7bfuhfr3XbqXg\",\"https:\/\/www.tiktok.com\/@vertigojazzclub\"]}]}<\/script>\n<!-- \/ Yoast SEO plugin. -->","yoast_head_json":{"title":"Music Of Buena Vista by Cuban Latin Jazz - Vertigo Jazz Club &amp; Restaurant","description":"W Vertigo kierujemy si\u0119 tym, co w muzyce i kulturze najistotniejsze \u2013 szczero\u015bci\u0105 wyrazu, emocjami i klimatem, kt\u00f3ry zapada w pami\u0119\u0107.","robots":{"index":"index","follow":"follow","max-snippet":"max-snippet:-1","max-image-preview":"max-image-preview:large","max-video-preview":"max-video-preview:-1"},"canonical":"https:\/\/vertigojazz.pl\/wydarzenia\/music-of-buena-vista-by-cuban-latin-jazz-3\/","og_locale":"de_DE","og_type":"article","og_title":"Music Of Buena Vista by Cuban Latin Jazz - Vertigo Jazz Club &amp; Restaurant","og_description":"W Vertigo kierujemy si\u0119 tym, co w muzyce i kulturze najistotniejsze \u2013 szczero\u015bci\u0105 wyrazu, emocjami i klimatem, kt\u00f3ry zapada w pami\u0119\u0107.","og_url":"https:\/\/vertigojazz.pl\/wydarzenia\/music-of-buena-vista-by-cuban-latin-jazz-3\/","og_site_name":"Vertigo Jazz Club &amp; Restaurant","article_publisher":"https:\/\/www.facebook.com\/vertigojazzclub","og_image":[{"width":768,"height":768,"url":"https:\/\/vertigojazz.pl\/wp-content\/uploads\/2025\/08\/VertigoJazz-Logo_1080_1080.jpeg","type":"image\/jpeg"}],"twitter_card":"summary_large_image","twitter_misc":{"Gesch\u00e4tzte Lesezeit":"1\u00a0Minute"},"schema":{"@context":"https:\/\/schema.org","@graph":[{"@type":"WebPage","@id":"https:\/\/vertigojazz.pl\/wydarzenia\/music-of-buena-vista-by-cuban-latin-jazz-3\/","url":"https:\/\/vertigojazz.pl\/wydarzenia\/music-of-buena-vista-by-cuban-latin-jazz-3\/","name":"Music Of Buena Vista by Cuban Latin Jazz - Vertigo Jazz Club &amp; Restaurant","isPartOf":{"@id":"https:\/\/vertigojazz.pl\/#website"},"datePublished":"2025-12-18T10:44:54+00:00","description":"W Vertigo kierujemy si\u0119 tym, co w muzyce i kulturze najistotniejsze \u2013 szczero\u015bci\u0105 wyrazu, emocjami i klimatem, kt\u00f3ry zapada w pami\u0119\u0107.","breadcrumb":{"@id":"https:\/\/vertigojazz.pl\/wydarzenia\/music-of-buena-vista-by-cuban-latin-jazz-3\/#breadcrumb"},"inLanguage":"de","potentialAction":[{"@type":"ReadAction","target":["https:\/\/vertigojazz.pl\/wydarzenia\/music-of-buena-vista-by-cuban-latin-jazz-3\/"]}]},{"@type":"BreadcrumbList","@id":"https:\/\/vertigojazz.pl\/wydarzenia\/music-of-buena-vista-by-cuban-latin-jazz-3\/#breadcrumb","itemListElement":[{"@type":"ListItem","position":1,"name":"Strona g\u0142\u00f3wna","item":"https:\/\/vertigojazz.pl\/de\/"},{"@type":"ListItem","position":2,"name":"Music Of Buena Vista by Cuban Latin Jazz"}]},{"@type":"WebSite","@id":"https:\/\/vertigojazz.pl\/#website","url":"https:\/\/vertigojazz.pl\/","name":"Vertigo Jazz Club & Restaurant","description":"klub muzyczny we Wroc\u0142awiu","publisher":{"@id":"https:\/\/vertigojazz.pl\/#organization"},"potentialAction":[{"@type":"SearchAction","target":{"@type":"EntryPoint","urlTemplate":"https:\/\/vertigojazz.pl\/?s={search_term_string}"},"query-input":{"@type":"PropertyValueSpecification","valueRequired":true,"valueName":"search_term_string"}}],"inLanguage":"de"},{"@type":"Organization","@id":"https:\/\/vertigojazz.pl\/#organization","name":"Vertigo Jazz Club & Restaurant","alternateName":"Klub muzyczny we Wroc\u0142awiu","url":"https:\/\/vertigojazz.pl\/","logo":{"@type":"ImageObject","inLanguage":"de","@id":"https:\/\/vertigojazz.pl\/#\/schema\/logo\/image\/","url":"https:\/\/vertigojazz.pl\/wp-content\/uploads\/2025\/04\/cropped-vertigo_logo_biale-180x180-1.jpg","contentUrl":"https:\/\/vertigojazz.pl\/wp-content\/uploads\/2025\/04\/cropped-vertigo_logo_biale-180x180-1.jpg","width":180,"height":180,"caption":"Vertigo Jazz Club & Restaurant"},"image":{"@id":"https:\/\/vertigojazz.pl\/#\/schema\/logo\/image\/"},"sameAs":["https:\/\/www.facebook.com\/vertigojazzclub","https:\/\/www.instagram.com\/vertigo_jazz_club\/","https:\/\/www.youtube.com\/channel\/UC8sPrX3Xuv7bfuhfr3XbqXg","https:\/\/www.tiktok.com\/@vertigojazzclub"]}]}},"_links":{"self":[{"href":"https:\/\/vertigojazz.pl\/de\/wp-json\/wp\/v2\/wydarzenie\/16873","targetHints":{"allow":["GET"]}}],"collection":[{"href":"https:\/\/vertigojazz.pl\/de\/wp-json\/wp\/v2\/wydarzenie"}],"about":[{"href":"https:\/\/vertigojazz.pl\/de\/wp-json\/wp\/v2\/types\/wydarzenie"}],"version-history":[{"count":0,"href":"https:\/\/vertigojazz.pl\/de\/wp-json\/wp\/v2\/wydarzenie\/16873\/revisions"}],"wp:attachment":[{"href":"https:\/\/vertigojazz.pl\/de\/wp-json\/wp\/v2\/media?parent=16873"}],"curies":[{"name":"wp","href":"https:\/\/api.w.org\/{rel}","templated":true}]}}

<h1></h1>
<p>​*Scroll down to English version*</p>
<h1>Hołd dla kubańskiego fenomenu</h1>
<p>Podczas wydarzenia „The Cuban Latin Jazz &#8211; Music of Buena Vista” w Vertigo usłyszymy hołd dla tego niezwykłego fenomenu muzycznego. Zespół The Cuban Latin Jazz tworzą utalentowani muzycy, którzy z pasją i autentycznością oddają ducha klasycznego brzmienia z Hawany, łącząc je z nowoczesnymi wpływami jazzu i muzyki latynoskiej. W ich interpretacjach pojawią się zarówno taneczne rytmy cha-cha, mambo i bolero, jak i nostalgiczne melodie, które na nowo ożywiają klimat starych kubańskich ulic.</p>

<h2>​Wieczór pełen rytmu i emocji</h2>
<p>Wieczór z The Cuban Latin Jazz w Vertigo to spotkanie z kulturą, która od dekad inspiruje artystów i porusza serca ludzi na całym świecie &#8211; muzyczna podróż pełna słońca, emocji i elegancji, przenosząca słuchaczy prosto do serca Kuby.</p>

<p>*English version*</p>

<p><b>A Tribute to the Cuban Phenomenon</b><br />During the event &#034;The Cuban Latin Jazz &#8211; Music of Buena Vista&#034; at Vertigo, we will hear a tribute to this extraordinary musical phenomenon. The Cuban Latin Jazz band is made up of talented musicians who passionately and authentically capture the spirit of the classic Havana sound, combining it with modern influences from jazz and Latin music. Their interpretations will feature the dance rhythms of cha-cha, mambo, and bolero, as well as nostalgic melodies that reanimate the atmosphere of old Cuban streets.</p>
<p><b>An Evening Full of Rhythm and Emotion</b><br />An evening with The Cuban Latin Jazz at Vertigo is an encounter with a culture that has inspired artists and moved hearts around the world for decades—a musical journey full of sunshine, emotion, and elegance, transporting listeners straight to the heart of Cuba.</p>

<p>​*Scroll down to English version* Hołd dla kubańskiego fenomenu Podczas wydarzenia „The Cuban Latin Jazz &#8211; Music of Buena Vista” w Vertigo usłyszymy hołd dla tego niezwykłego fenomenu muzycznego. Zespół The Cuban Latin Jazz tworzą utalentowani muzycy, którzy z pasją i autentycznością oddają ducha klasycznego brzmienia z Hawany, łącząc je z nowoczesnymi wpływami jazzu i [&hellip;]</p>

<!-- This site is optimized with the Yoast SEO plugin v26.0 - https://yoast.com/wordpress/plugins/seo/ -->
<title>Music Of Buena Vista by Cuban Latin Jazz - Vertigo Jazz Club &amp; Restaurant</title>
<meta name="description" content="W Vertigo kierujemy się tym, co w muzyce i kulturze najistotniejsze – szczerością wyrazu, emocjami i klimatem, który zapada w pamięć." />
<meta name="robots" content="index, follow, max-snippet:-1, max-image-preview:large, max-video-preview:-1" />
<link rel="canonical" href="https://vertigojazz.pl/wydarzenia/music-of-buena-vista-by-cuban-latin-jazz-3/" />
<meta property="og:locale" content="de_DE" />
<meta property="og:type" content="article" />
<meta property="og:title" content="Music Of Buena Vista by Cuban Latin Jazz - Vertigo Jazz Club &amp; Restaurant" />
<meta property="og:description" content="W Vertigo kierujemy się tym, co w muzyce i kulturze najistotniejsze – szczerością wyrazu, emocjami i klimatem, który zapada w pamięć." />
<meta property="og:url" content="https://vertigojazz.pl/wydarzenia/music-of-buena-vista-by-cuban-latin-jazz-3/" />
<meta property="og:site_name" content="Vertigo Jazz Club &amp; Restaurant" />
<meta property="article:publisher" content="https://www.facebook.com/vertigojazzclub" />
<meta property="og:image" content="https://vertigojazz.pl/wp-content/uploads/2025/08/VertigoJazz-Logo_1080_1080.jpeg" />
	<meta property="og:image:width" content="768" />
	<meta property="og:image:height" content="768" />
	<meta property="og:image:type" content="image/jpeg" />
<meta name="twitter:card" content="summary_large_image" />
<meta name="twitter:label1" content="Geschätzte Lesezeit" />
	<meta name="twitter:data1" content="1 Minute" />
<script type="application/ld+json" class="yoast-schema-graph">{"@context":"https://schema.org","@graph":[{"@type":"WebPage","@id":"https://vertigojazz.pl/wydarzenia/music-of-buena-vista-by-cuban-latin-jazz-3/","url":"https://vertigojazz.pl/wydarzenia/music-of-buena-vista-by-cuban-latin-jazz-3/","name":"Music Of Buena Vista by Cuban Latin Jazz - Vertigo Jazz Club &amp; Restaurant","isPartOf":{"@id":"https://vertigojazz.pl/#website"},"datePublished":"2025-12-18T10:44:54+00:00","description":"W Vertigo kierujemy się tym, co w muzyce i kulturze najistotniejsze – szczerością wyrazu, emocjami i klimatem, który zapada w pamięć.","breadcrumb":{"@id":"https://vertigojazz.pl/wydarzenia/music-of-buena-vista-by-cuban-latin-jazz-3/#breadcrumb"},"inLanguage":"de","potentialAction":[{"@type":"ReadAction","target":["https://vertigojazz.pl/wydarzenia/music-of-buena-vista-by-cuban-latin-jazz-3/"]}]},{"@type":"BreadcrumbList","@id":"https://vertigojazz.pl/wydarzenia/music-of-buena-vista-by-cuban-latin-jazz-3/#breadcrumb","itemListElement":[{"@type":"ListItem","position":1,"name":"Strona główna","item":"https://vertigojazz.pl/de/"},{"@type":"ListItem","position":2,"name":"Music Of Buena Vista by Cuban Latin Jazz"}]},{"@type":"WebSite","@id":"https://vertigojazz.pl/#website","url":"https://vertigojazz.pl/","name":"Vertigo Jazz Club & Restaurant","description":"klub muzyczny we Wrocławiu","publisher":{"@id":"https://vertigojazz.pl/#organization"},"potentialAction":[{"@type":"SearchAction","target":{"@type":"EntryPoint","urlTemplate":"https://vertigojazz.pl/?s={search_term_string}"},"query-input":{"@type":"PropertyValueSpecification","valueRequired":true,"valueName":"search_term_string"}}],"inLanguage":"de"},{"@type":"Organization","@id":"https://vertigojazz.pl/#organization","name":"Vertigo Jazz Club & Restaurant","alternateName":"Klub muzyczny we Wrocławiu","url":"https://vertigojazz.pl/","logo":{"@type":"ImageObject","inLanguage":"de","@id":"https://vertigojazz.pl/#/schema/logo/image/","url":"https://vertigojazz.pl/wp-content/uploads/2025/04/cropped-vertigo_logo_biale-180x180-1.jpg","contentUrl":"https://vertigojazz.pl/wp-content/uploads/2025/04/cropped-vertigo_logo_biale-180x180-1.jpg","width":180,"height":180,"caption":"Vertigo Jazz Club & Restaurant"},"image":{"@id":"https://vertigojazz.pl/#/schema/logo/image/"},"sameAs":["https://www.facebook.com/vertigojazzclub","https://www.instagram.com/vertigo_jazz_club/","https://www.youtube.com/channel/UC8sPrX3Xuv7bfuhfr3XbqXg","https://www.tiktok.com/@vertigojazzclub"]}]}</script>
<!-- / Yoast SEO plugin. -->

W Vertigo kierujemy się tym, co w muzyce i kulturze najistotniejsze – szczerością wyrazu, emocjami i klimatem, który zapada w pamięć.

Strona główna

klub muzyczny we Wrocławiu

Klub muzyczny we Wrocławiu
