{"id":17230,"date":"2026-01-07T16:54:50","date_gmt":"2026-01-07T15:54:50","guid":{"rendered":"https:\/\/vertigojazz.pl\/wydarzenia\/best-of-sade\/"},"modified":"2026-01-23T10:10:29","modified_gmt":"2026-01-23T09:10:29","slug":"best-of-sade","status":"publish","type":"wydarzenie","link":"https:\/\/vertigojazz.pl\/de\/wydarzenia\/best-of-sade\/","title":{"rendered":"Best Of Sade"},"content":{"rendered":"<p>*Scroll down to English Version*<\/p>\n<h1>\u200bBest of Sade muzyka na \u017cywo w Vertigo Wroc\u0142aw<\/h1>\n<p>Zapraszamy Pa\u0144stwa na wyj\u0105tkowe wydarzenie z muzyk\u0105 na \u017cywo w Vertigo we Wroc\u0142awiu, inspirowane tw\u00f3rczo\u015bci\u0105 jednej z najbardziej eleganckich i ponadczasowych artystek \u015bwiatowej sceny. Projekt Best of Sade powsta\u0142 z mi\u0142o\u015bci do muzyki, kt\u00f3ra od dekad zachwyca subtelno\u015bci\u0105, klas\u0105 i emocjonaln\u0105 g\u0142\u0119bi\u0105. To spotkanie z d\u017awi\u0119kami, kt\u00f3re p\u0142yn\u0105 spokojnie, ale zostaj\u0105 w sercu na d\u0142ugo.<\/p>\n<h2>\u200bElegancja soulu i jazzowa wra\u017cliwo\u015b\u0107 na \u017cywo<\/h2>\n<p>Tego wieczoru w Vertigo zabrzmi muzyka na \u017cywo oparta na soulu, jazzie i delikatnych, nowoczesnych brzmieniach. Publiczno\u015b\u0107 we Wroc\u0142awiu us\u0142yszy takie utwory jak Smooth Operator, No Ordinary Love czy Kiss of Life, zaprezentowane z now\u0105 energi\u0105 i \u015bwie\u017c\u0105 wra\u017cliwo\u015bci\u0105, przy jednoczesnym zachowaniu magii orygina\u0142\u00f3w. To po\u0142\u0105czenie klasyki z nowoczesno\u015bci\u0105 oraz elegancji z lekko\u015bci\u0105, kt\u00f3re doskonale wpisuje si\u0119 w atmosfer\u0119 Vertigo.<\/p>\n<h2>\u200bArty\u015bci po\u0142\u0105czeni wsp\u00f3ln\u0105 pasj\u0105<\/h2>\n<p>Na scenie pojawi\u0105 si\u0119 przyjaciele i muzycy po\u0142\u0105czeni mi\u0142o\u015bci\u0105 do tej tw\u00f3rczo\u015bci. Basia Dratwi\u0144ska wokal, Jakub Byczek gitara elektryczna, Nikodem Sikorski instrumenty klawiszowe, S\u0142awek Butrym saksofon, Krzysztof Ropicki gitara basowa oraz Krzysztof Sroka instrumenty perkusyjne stworz\u0105 przestrze\u0144, w kt\u00f3rej jazzowa wra\u017cliwo\u015b\u0107 spotka si\u0119 z emocj\u0105 i autentyczno\u015bci\u0105. To wydarzenie w Vertigo Wroc\u0142aw zaprasza Pa\u0144stwa do wsp\u00f3lnego prze\u017cywania muzyki na \u017cywo, tu i teraz.<\/p>\n<p>*English version*<\/p>\n<h2>Best of Sade: Live Music at Vertigo Wroc\u0142aw<\/h2>\n<p>We invite you to a unique live music event at Vertigo in Wroc\u0142aw, inspired by the work of one of the most elegant and timeless artists on the global stage. The <b>Best of Sade<\/b> project was born out of a love for music that has captivated audiences for decades with its subtlety, class, and emotional depth. It is an encounter with sounds that flow calmly but stay in the heart for a long time.<\/p>\n<h2>Soul Elegance and Jazz Sensitivity Live<\/h2>\n<p>This evening at Vertigo will feature live music rooted in soul, jazz, and delicate, modern sounds. The Wroc\u0142aw audience will hear tracks such as <i>Smooth Operator<\/i>, <i>No Ordinary Love<\/i>, and <i>Kiss of Life<\/i>, presented with new energy and fresh sensitivity while preserving the magic of the originals. This fusion of classic and modern, elegance and lightness, perfectly fits the atmosphere of Vertigo.<\/p>\n<h2>Artists United by a Shared Passion<\/h2>\n<p>The stage will be filled by friends and musicians united by their love for this music. <b>Basia Dratwi\u0144ska<\/b> (vocals), <b>Jakub Byczek<\/b> (electric guitar), <b>Nikodem Sikorski<\/b> (keyboards), <b>S\u0142awek Butrym<\/b> (saxophone), <b>Krzysztof Ropicki<\/b> (bass guitar), and <b>Krzysztof Sroka<\/b> (percussion) will create a space where jazz sensitivity meets emotion and authenticity. This event at Vertigo Wroc\u0142aw invites you to experience live music together, here and now.<\/p>\n","protected":false},"excerpt":{"rendered":"<p>*Scroll down to English Version* \u200bBest of Sade muzyka na \u017cywo w Vertigo Wroc\u0142aw Zapraszamy Pa\u0144stwa na wyj\u0105tkowe wydarzenie z muzyk\u0105 na \u017cywo w Vertigo we Wroc\u0142awiu, inspirowane tw\u00f3rczo\u015bci\u0105 jednej z najbardziej eleganckich i ponadczasowych artystek \u015bwiatowej sceny. Projekt Best of Sade powsta\u0142 z mi\u0142o\u015bci do muzyki, kt\u00f3ra od dekad zachwyca subtelno\u015bci\u0105, klas\u0105 i emocjonaln\u0105 [&hellip;]<\/p>\n","protected":false},"author":13,"featured_media":0,"parent":0,"menu_order":0,"template":"","meta":{"_acf_changed":false,"footnotes":""},"class_list":["post-17230","wydarzenie","type-wydarzenie","status-publish","hentry"],"acf":[],"yoast_head":"<!-- This site is optimized with the Yoast SEO plugin v26.0 - https:\/\/yoast.com\/wordpress\/plugins\/seo\/ -->\n<title>Best Of Sade - Vertigo Jazz Club &amp; Restaurant<\/title>\n<meta name=\"description\" content=\"Tego wieczoru w Vertigo zabrzmi muzyka na \u017cywo oparta na soulu, jazzie i delikatnych, nowoczesnych brzmieniach.\" \/>\n<meta name=\"robots\" content=\"index, follow, max-snippet:-1, max-image-preview:large, max-video-preview:-1\" \/>\n<link rel=\"canonical\" href=\"https:\/\/vertigojazz.pl\/wydarzenia\/best-of-sade\/\" \/>\n<meta property=\"og:locale\" content=\"de_DE\" \/>\n<meta property=\"og:type\" content=\"article\" \/>\n<meta property=\"og:title\" content=\"Best Of Sade - Vertigo Jazz Club &amp; Restaurant\" \/>\n<meta property=\"og:description\" content=\"Tego wieczoru w Vertigo zabrzmi muzyka na \u017cywo oparta na soulu, jazzie i delikatnych, nowoczesnych brzmieniach.\" \/>\n<meta property=\"og:url\" content=\"https:\/\/vertigojazz.pl\/wydarzenia\/best-of-sade\/\" \/>\n<meta property=\"og:site_name\" content=\"Vertigo Jazz Club &amp; Restaurant\" \/>\n<meta property=\"article:publisher\" content=\"https:\/\/www.facebook.com\/vertigojazzclub\" \/>\n<meta property=\"article:modified_time\" content=\"2026-01-23T09:10:29+00:00\" \/>\n<meta property=\"og:image\" content=\"https:\/\/vertigojazz.pl\/wp-content\/uploads\/2025\/08\/VertigoJazz-Logo_1080_1080.jpeg\" \/>\n\t<meta property=\"og:image:width\" content=\"768\" \/>\n\t<meta property=\"og:image:height\" content=\"768\" \/>\n\t<meta property=\"og:image:type\" content=\"image\/jpeg\" \/>\n<meta name=\"twitter:card\" content=\"summary_large_image\" \/>\n<meta name=\"twitter:label1\" content=\"Gesch\u00e4tzte Lesezeit\" \/>\n\t<meta name=\"twitter:data1\" content=\"3\u00a0Minuten\" \/>\n<script type=\"application\/ld+json\" class=\"yoast-schema-graph\">{\"@context\":\"https:\/\/schema.org\",\"@graph\":[{\"@type\":\"WebPage\",\"@id\":\"https:\/\/vertigojazz.pl\/wydarzenia\/best-of-sade\/\",\"url\":\"https:\/\/vertigojazz.pl\/wydarzenia\/best-of-sade\/\",\"name\":\"Best Of Sade - Vertigo Jazz Club &amp; Restaurant\",\"isPartOf\":{\"@id\":\"https:\/\/vertigojazz.pl\/#website\"},\"datePublished\":\"2026-01-07T15:54:50+00:00\",\"dateModified\":\"2026-01-23T09:10:29+00:00\",\"description\":\"Tego wieczoru w Vertigo zabrzmi muzyka na \u017cywo oparta na soulu, jazzie i delikatnych, nowoczesnych brzmieniach.\",\"breadcrumb\":{\"@id\":\"https:\/\/vertigojazz.pl\/wydarzenia\/best-of-sade\/#breadcrumb\"},\"inLanguage\":\"de\",\"potentialAction\":[{\"@type\":\"ReadAction\",\"target\":[\"https:\/\/vertigojazz.pl\/wydarzenia\/best-of-sade\/\"]}]},{\"@type\":\"BreadcrumbList\",\"@id\":\"https:\/\/vertigojazz.pl\/wydarzenia\/best-of-sade\/#breadcrumb\",\"itemListElement\":[{\"@type\":\"ListItem\",\"position\":1,\"name\":\"Strona g\u0142\u00f3wna\",\"item\":\"https:\/\/vertigojazz.pl\/de\/\"},{\"@type\":\"ListItem\",\"position\":2,\"name\":\"Best Of Sade\"}]},{\"@type\":\"WebSite\",\"@id\":\"https:\/\/vertigojazz.pl\/#website\",\"url\":\"https:\/\/vertigojazz.pl\/\",\"name\":\"Vertigo Jazz Club & Restaurant\",\"description\":\"klub muzyczny we Wroc\u0142awiu\",\"publisher\":{\"@id\":\"https:\/\/vertigojazz.pl\/#organization\"},\"potentialAction\":[{\"@type\":\"SearchAction\",\"target\":{\"@type\":\"EntryPoint\",\"urlTemplate\":\"https:\/\/vertigojazz.pl\/?s={search_term_string}\"},\"query-input\":{\"@type\":\"PropertyValueSpecification\",\"valueRequired\":true,\"valueName\":\"search_term_string\"}}],\"inLanguage\":\"de\"},{\"@type\":\"Organization\",\"@id\":\"https:\/\/vertigojazz.pl\/#organization\",\"name\":\"Vertigo Jazz Club & Restaurant\",\"alternateName\":\"Klub muzyczny we Wroc\u0142awiu\",\"url\":\"https:\/\/vertigojazz.pl\/\",\"logo\":{\"@type\":\"ImageObject\",\"inLanguage\":\"de\",\"@id\":\"https:\/\/vertigojazz.pl\/#\/schema\/logo\/image\/\",\"url\":\"https:\/\/vertigojazz.pl\/wp-content\/uploads\/2025\/04\/cropped-vertigo_logo_biale-180x180-1.jpg\",\"contentUrl\":\"https:\/\/vertigojazz.pl\/wp-content\/uploads\/2025\/04\/cropped-vertigo_logo_biale-180x180-1.jpg\",\"width\":180,\"height\":180,\"caption\":\"Vertigo Jazz Club & Restaurant\"},\"image\":{\"@id\":\"https:\/\/vertigojazz.pl\/#\/schema\/logo\/image\/\"},\"sameAs\":[\"https:\/\/www.facebook.com\/vertigojazzclub\",\"https:\/\/www.instagram.com\/vertigo_jazz_club\/\",\"https:\/\/www.youtube.com\/channel\/UC8sPrX3Xuv7bfuhfr3XbqXg\",\"https:\/\/www.tiktok.com\/@vertigojazzclub\"]}]}<\/script>\n<!-- \/ Yoast SEO plugin. -->","yoast_head_json":{"title":"Best Of Sade - Vertigo Jazz Club &amp; Restaurant","description":"Tego wieczoru w Vertigo zabrzmi muzyka na \u017cywo oparta na soulu, jazzie i delikatnych, nowoczesnych brzmieniach.","robots":{"index":"index","follow":"follow","max-snippet":"max-snippet:-1","max-image-preview":"max-image-preview:large","max-video-preview":"max-video-preview:-1"},"canonical":"https:\/\/vertigojazz.pl\/wydarzenia\/best-of-sade\/","og_locale":"de_DE","og_type":"article","og_title":"Best Of Sade - Vertigo Jazz Club &amp; Restaurant","og_description":"Tego wieczoru w Vertigo zabrzmi muzyka na \u017cywo oparta na soulu, jazzie i delikatnych, nowoczesnych brzmieniach.","og_url":"https:\/\/vertigojazz.pl\/wydarzenia\/best-of-sade\/","og_site_name":"Vertigo Jazz Club &amp; Restaurant","article_publisher":"https:\/\/www.facebook.com\/vertigojazzclub","article_modified_time":"2026-01-23T09:10:29+00:00","og_image":[{"width":768,"height":768,"url":"https:\/\/vertigojazz.pl\/wp-content\/uploads\/2025\/08\/VertigoJazz-Logo_1080_1080.jpeg","type":"image\/jpeg"}],"twitter_card":"summary_large_image","twitter_misc":{"Gesch\u00e4tzte Lesezeit":"3\u00a0Minuten"},"schema":{"@context":"https:\/\/schema.org","@graph":[{"@type":"WebPage","@id":"https:\/\/vertigojazz.pl\/wydarzenia\/best-of-sade\/","url":"https:\/\/vertigojazz.pl\/wydarzenia\/best-of-sade\/","name":"Best Of Sade - Vertigo Jazz Club &amp; Restaurant","isPartOf":{"@id":"https:\/\/vertigojazz.pl\/#website"},"datePublished":"2026-01-07T15:54:50+00:00","dateModified":"2026-01-23T09:10:29+00:00","description":"Tego wieczoru w Vertigo zabrzmi muzyka na \u017cywo oparta na soulu, jazzie i delikatnych, nowoczesnych brzmieniach.","breadcrumb":{"@id":"https:\/\/vertigojazz.pl\/wydarzenia\/best-of-sade\/#breadcrumb"},"inLanguage":"de","potentialAction":[{"@type":"ReadAction","target":["https:\/\/vertigojazz.pl\/wydarzenia\/best-of-sade\/"]}]},{"@type":"BreadcrumbList","@id":"https:\/\/vertigojazz.pl\/wydarzenia\/best-of-sade\/#breadcrumb","itemListElement":[{"@type":"ListItem","position":1,"name":"Strona g\u0142\u00f3wna","item":"https:\/\/vertigojazz.pl\/de\/"},{"@type":"ListItem","position":2,"name":"Best Of Sade"}]},{"@type":"WebSite","@id":"https:\/\/vertigojazz.pl\/#website","url":"https:\/\/vertigojazz.pl\/","name":"Vertigo Jazz Club & Restaurant","description":"klub muzyczny we Wroc\u0142awiu","publisher":{"@id":"https:\/\/vertigojazz.pl\/#organization"},"potentialAction":[{"@type":"SearchAction","target":{"@type":"EntryPoint","urlTemplate":"https:\/\/vertigojazz.pl\/?s={search_term_string}"},"query-input":{"@type":"PropertyValueSpecification","valueRequired":true,"valueName":"search_term_string"}}],"inLanguage":"de"},{"@type":"Organization","@id":"https:\/\/vertigojazz.pl\/#organization","name":"Vertigo Jazz Club & Restaurant","alternateName":"Klub muzyczny we Wroc\u0142awiu","url":"https:\/\/vertigojazz.pl\/","logo":{"@type":"ImageObject","inLanguage":"de","@id":"https:\/\/vertigojazz.pl\/#\/schema\/logo\/image\/","url":"https:\/\/vertigojazz.pl\/wp-content\/uploads\/2025\/04\/cropped-vertigo_logo_biale-180x180-1.jpg","contentUrl":"https:\/\/vertigojazz.pl\/wp-content\/uploads\/2025\/04\/cropped-vertigo_logo_biale-180x180-1.jpg","width":180,"height":180,"caption":"Vertigo Jazz Club & Restaurant"},"image":{"@id":"https:\/\/vertigojazz.pl\/#\/schema\/logo\/image\/"},"sameAs":["https:\/\/www.facebook.com\/vertigojazzclub","https:\/\/www.instagram.com\/vertigo_jazz_club\/","https:\/\/www.youtube.com\/channel\/UC8sPrX3Xuv7bfuhfr3XbqXg","https:\/\/www.tiktok.com\/@vertigojazzclub"]}]}},"_links":{"self":[{"href":"https:\/\/vertigojazz.pl\/de\/wp-json\/wp\/v2\/wydarzenie\/17230","targetHints":{"allow":["GET"]}}],"collection":[{"href":"https:\/\/vertigojazz.pl\/de\/wp-json\/wp\/v2\/wydarzenie"}],"about":[{"href":"https:\/\/vertigojazz.pl\/de\/wp-json\/wp\/v2\/types\/wydarzenie"}],"author":[{"embeddable":true,"href":"https:\/\/vertigojazz.pl\/de\/wp-json\/wp\/v2\/users\/13"}],"version-history":[{"count":1,"href":"https:\/\/vertigojazz.pl\/de\/wp-json\/wp\/v2\/wydarzenie\/17230\/revisions"}],"predecessor-version":[{"id":17827,"href":"https:\/\/vertigojazz.pl\/de\/wp-json\/wp\/v2\/wydarzenie\/17230\/revisions\/17827"}],"wp:attachment":[{"href":"https:\/\/vertigojazz.pl\/de\/wp-json\/wp\/v2\/media?parent=17230"}],"curies":[{"name":"wp","href":"https:\/\/api.w.org\/{rel}","templated":true}]}}

<p>*Scroll down to English Version*</p>
<h1>​Best of Sade muzyka na żywo w Vertigo Wrocław</h1>
<p>Zapraszamy Państwa na wyjątkowe wydarzenie z muzyką na żywo w Vertigo we Wrocławiu, inspirowane twórczością jednej z najbardziej eleganckich i ponadczasowych artystek światowej sceny. Projekt Best of Sade powstał z miłości do muzyki, która od dekad zachwyca subtelnością, klasą i emocjonalną głębią. To spotkanie z dźwiękami, które płyną spokojnie, ale zostają w sercu na długo.</p>
<h2>​Elegancja soulu i jazzowa wrażliwość na żywo</h2>
<p>Tego wieczoru w Vertigo zabrzmi muzyka na żywo oparta na soulu, jazzie i delikatnych, nowoczesnych brzmieniach. Publiczność we Wrocławiu usłyszy takie utwory jak Smooth Operator, No Ordinary Love czy Kiss of Life, zaprezentowane z nową energią i świeżą wrażliwością, przy jednoczesnym zachowaniu magii oryginałów. To połączenie klasyki z nowoczesnością oraz elegancji z lekkością, które doskonale wpisuje się w atmosferę Vertigo.</p>
<h2>​Artyści połączeni wspólną pasją</h2>
<p>Na scenie pojawią się przyjaciele i muzycy połączeni miłością do tej twórczości. Basia Dratwińska wokal, Jakub Byczek gitara elektryczna, Nikodem Sikorski instrumenty klawiszowe, Sławek Butrym saksofon, Krzysztof Ropicki gitara basowa oraz Krzysztof Sroka instrumenty perkusyjne stworzą przestrzeń, w której jazzowa wrażliwość spotka się z emocją i autentycznością. To wydarzenie w Vertigo Wrocław zaprasza Państwa do wspólnego przeżywania muzyki na żywo, tu i teraz.</p>
<p>*English version*</p>
<h2>Best of Sade: Live Music at Vertigo Wrocław</h2>
<p>We invite you to a unique live music event at Vertigo in Wrocław, inspired by the work of one of the most elegant and timeless artists on the global stage. The <b>Best of Sade</b> project was born out of a love for music that has captivated audiences for decades with its subtlety, class, and emotional depth. It is an encounter with sounds that flow calmly but stay in the heart for a long time.</p>
<h2>Soul Elegance and Jazz Sensitivity Live</h2>
<p>This evening at Vertigo will feature live music rooted in soul, jazz, and delicate, modern sounds. The Wrocław audience will hear tracks such as <i>Smooth Operator</i>, <i>No Ordinary Love</i>, and <i>Kiss of Life</i>, presented with new energy and fresh sensitivity while preserving the magic of the originals. This fusion of classic and modern, elegance and lightness, perfectly fits the atmosphere of Vertigo.</p>
<h2>Artists United by a Shared Passion</h2>
<p>The stage will be filled by friends and musicians united by their love for this music. <b>Basia Dratwińska</b> (vocals), <b>Jakub Byczek</b> (electric guitar), <b>Nikodem Sikorski</b> (keyboards), <b>Sławek Butrym</b> (saxophone), <b>Krzysztof Ropicki</b> (bass guitar), and <b>Krzysztof Sroka</b> (percussion) will create a space where jazz sensitivity meets emotion and authenticity. This event at Vertigo Wrocław invites you to experience live music together, here and now.</p>

<p>*Scroll down to English Version* ​Best of Sade muzyka na żywo w Vertigo Wrocław Zapraszamy Państwa na wyjątkowe wydarzenie z muzyką na żywo w Vertigo we Wrocławiu, inspirowane twórczością jednej z najbardziej eleganckich i ponadczasowych artystek światowej sceny. Projekt Best of Sade powstał z miłości do muzyki, która od dekad zachwyca subtelnością, klasą i emocjonalną [&hellip;]</p>

<!-- This site is optimized with the Yoast SEO plugin v26.0 - https://yoast.com/wordpress/plugins/seo/ -->
<title>Best Of Sade - Vertigo Jazz Club &amp; Restaurant</title>
<meta name="description" content="Tego wieczoru w Vertigo zabrzmi muzyka na żywo oparta na soulu, jazzie i delikatnych, nowoczesnych brzmieniach." />
<meta name="robots" content="index, follow, max-snippet:-1, max-image-preview:large, max-video-preview:-1" />
<link rel="canonical" href="https://vertigojazz.pl/wydarzenia/best-of-sade/" />
<meta property="og:locale" content="de_DE" />
<meta property="og:type" content="article" />
<meta property="og:title" content="Best Of Sade - Vertigo Jazz Club &amp; Restaurant" />
<meta property="og:description" content="Tego wieczoru w Vertigo zabrzmi muzyka na żywo oparta na soulu, jazzie i delikatnych, nowoczesnych brzmieniach." />
<meta property="og:url" content="https://vertigojazz.pl/wydarzenia/best-of-sade/" />
<meta property="og:site_name" content="Vertigo Jazz Club &amp; Restaurant" />
<meta property="article:publisher" content="https://www.facebook.com/vertigojazzclub" />
<meta property="article:modified_time" content="2026-01-23T09:10:29+00:00" />
<meta property="og:image" content="https://vertigojazz.pl/wp-content/uploads/2025/08/VertigoJazz-Logo_1080_1080.jpeg" />
	<meta property="og:image:width" content="768" />
	<meta property="og:image:height" content="768" />
	<meta property="og:image:type" content="image/jpeg" />
<meta name="twitter:card" content="summary_large_image" />
<meta name="twitter:label1" content="Geschätzte Lesezeit" />
	<meta name="twitter:data1" content="3 Minuten" />
<script type="application/ld+json" class="yoast-schema-graph">{"@context":"https://schema.org","@graph":[{"@type":"WebPage","@id":"https://vertigojazz.pl/wydarzenia/best-of-sade/","url":"https://vertigojazz.pl/wydarzenia/best-of-sade/","name":"Best Of Sade - Vertigo Jazz Club &amp; Restaurant","isPartOf":{"@id":"https://vertigojazz.pl/#website"},"datePublished":"2026-01-07T15:54:50+00:00","dateModified":"2026-01-23T09:10:29+00:00","description":"Tego wieczoru w Vertigo zabrzmi muzyka na żywo oparta na soulu, jazzie i delikatnych, nowoczesnych brzmieniach.","breadcrumb":{"@id":"https://vertigojazz.pl/wydarzenia/best-of-sade/#breadcrumb"},"inLanguage":"de","potentialAction":[{"@type":"ReadAction","target":["https://vertigojazz.pl/wydarzenia/best-of-sade/"]}]},{"@type":"BreadcrumbList","@id":"https://vertigojazz.pl/wydarzenia/best-of-sade/#breadcrumb","itemListElement":[{"@type":"ListItem","position":1,"name":"Strona główna","item":"https://vertigojazz.pl/de/"},{"@type":"ListItem","position":2,"name":"Best Of Sade"}]},{"@type":"WebSite","@id":"https://vertigojazz.pl/#website","url":"https://vertigojazz.pl/","name":"Vertigo Jazz Club & Restaurant","description":"klub muzyczny we Wrocławiu","publisher":{"@id":"https://vertigojazz.pl/#organization"},"potentialAction":[{"@type":"SearchAction","target":{"@type":"EntryPoint","urlTemplate":"https://vertigojazz.pl/?s={search_term_string}"},"query-input":{"@type":"PropertyValueSpecification","valueRequired":true,"valueName":"search_term_string"}}],"inLanguage":"de"},{"@type":"Organization","@id":"https://vertigojazz.pl/#organization","name":"Vertigo Jazz Club & Restaurant","alternateName":"Klub muzyczny we Wrocławiu","url":"https://vertigojazz.pl/","logo":{"@type":"ImageObject","inLanguage":"de","@id":"https://vertigojazz.pl/#/schema/logo/image/","url":"https://vertigojazz.pl/wp-content/uploads/2025/04/cropped-vertigo_logo_biale-180x180-1.jpg","contentUrl":"https://vertigojazz.pl/wp-content/uploads/2025/04/cropped-vertigo_logo_biale-180x180-1.jpg","width":180,"height":180,"caption":"Vertigo Jazz Club & Restaurant"},"image":{"@id":"https://vertigojazz.pl/#/schema/logo/image/"},"sameAs":["https://www.facebook.com/vertigojazzclub","https://www.instagram.com/vertigo_jazz_club/","https://www.youtube.com/channel/UC8sPrX3Xuv7bfuhfr3XbqXg","https://www.tiktok.com/@vertigojazzclub"]}]}</script>
<!-- / Yoast SEO plugin. -->

Tego wieczoru w Vertigo zabrzmi muzyka na żywo oparta na soulu, jazzie i delikatnych, nowoczesnych brzmieniach.

Strona główna

klub muzyczny we Wrocławiu

Klub muzyczny we Wrocławiu
