{"id":19320,"date":"2026-03-18T20:35:06","date_gmt":"2026-03-18T19:35:06","guid":{"rendered":"https:\/\/vertigojazz.pl\/wydarzenia\/alicia-keys-by-ola-turon\/"},"modified":"2026-03-26T12:30:11","modified_gmt":"2026-03-26T11:30:11","slug":"alicia-keys-by-ola-turon","status":"publish","type":"wydarzenie","link":"https:\/\/vertigojazz.pl\/de\/wydarzenia\/alicia-keys-by-ola-turon\/","title":{"rendered":"Alicia Keys by Ola Turo\u0144"},"content":{"rendered":"<p>English below.<\/p>\n<h1>Wielkanocna sobota we Wroc\u0142awiu<\/h1>\n<p>Wiecz\u00f3r po\u015bwi\u0119cony tw\u00f3rczo\u015bci wokalistki &#8211; Alici Keys, kt\u00f3ry poprowadzi wroc\u0142awska wokalistka &#8211; Ola Turo\u0144, razem z zespo\u0142em towarzysz\u0105cym.<\/p>\n<h2>Ola Turo\u0144 z zespo\u0142em w Vertigo<\/h2>\n<p>W sk\u0142adzie zespo\u0142u razem z Ol\u0105 zagraj\u0105 \u017benia Betli\u0144ski &#8211; gitara basowa, TOmasz J\u0119drzejewski &#8211; instrumenty klawiszowe i Filip Laszuk &#8211; perkusja.<\/p>\n<h2>Kolacja, muzyka i wyj\u0105tkowe wspomnienia<\/h2>\n<p>Vertigo to przestrze\u0144, gdzie muzyka na \u017cywo \u0142\u0105czy si\u0119 z doskona\u0142\u0105 kuchni\u0105 i eleganck\u0105 atmosfer\u0105. Zapraszamy Pa\u0144stwa, aby sp\u0119dzi\u0107 czas z bliskim tu\u017c przed Wielk\u0105 Noc\u0105 i i stworzy\u0107 wspomnienia, kt\u00f3re zostan\u0105 na d\u0142ugo.<\/p>\n<p>REGULAMIN: Lokal po godzinie 19:00 przeznaczony jest dla os\u00f3b powy\u017cej 18 roku \u017cycia. Osoby niepe\u0142noletnie nie zostan\u0105 wpuszczone na wydarzenia organizowane przez Vertigo Jazz Club &amp; Restaurant<\/p>\n<p>English version<\/p>\n<h1>Easter Saturday in Wroc\u0142aw<\/h1>\n<p>An evening dedicated to the music of Alicia Keys, led by Wroc\u0142aw-based vocalist Ola Turo\u0144, accompanied by her band.<\/p>\n<h2>Ola Turo\u0144 with Band at Vertigo<\/h2>\n<p>Joining Ola on stage will be \u017benia Betli\u0144ski on bass guitar, Tomasz J\u0119drzejewski on keyboards, and Filip Laszuk on drums.<\/p>\n","protected":false},"excerpt":{"rendered":"<p>English below. Wielkanocna sobota we Wroc\u0142awiu Wiecz\u00f3r po\u015bwi\u0119cony tw\u00f3rczo\u015bci wokalistki &#8211; Alici Keys, kt\u00f3ry poprowadzi wroc\u0142awska wokalistka &#8211; Ola Turo\u0144, razem z zespo\u0142em towarzysz\u0105cym. Ola Turo\u0144 z zespo\u0142em w Vertigo W sk\u0142adzie zespo\u0142u razem z Ol\u0105 zagraj\u0105 \u017benia Betli\u0144ski &#8211; gitara basowa, TOmasz J\u0119drzejewski &#8211; instrumenty klawiszowe i Filip Laszuk &#8211; perkusja. Kolacja, muzyka i [&hellip;]<\/p>\n","protected":false},"author":13,"featured_media":0,"parent":0,"menu_order":0,"template":"","meta":{"_acf_changed":false,"footnotes":""},"class_list":["post-19320","wydarzenie","type-wydarzenie","status-publish","hentry"],"acf":[],"yoast_head":"<!-- This site is optimized with the Yoast SEO plugin v26.0 - https:\/\/yoast.com\/wordpress\/plugins\/seo\/ -->\n<title>Alicia Keys by Ola Turo\u0144 - Vertigo Jazz Club &amp; Restaurant<\/title>\n<meta name=\"description\" content=\"Wiecz\u00f3r po\u015bwi\u0119cony tw\u00f3rczo\u015bci wokalistki - Alici Keys, kt\u00f3ry poprowadzi wroc\u0142awska wokalistka - Ola Turo\u0144, razem z zespo\u0142em towarzysz\u0105cym.\" \/>\n<meta name=\"robots\" content=\"index, follow, max-snippet:-1, max-image-preview:large, max-video-preview:-1\" \/>\n<link rel=\"canonical\" href=\"https:\/\/vertigojazz.pl\/wydarzenia\/alicia-keys-by-ola-turon\/\" \/>\n<meta property=\"og:locale\" content=\"de_DE\" \/>\n<meta property=\"og:type\" content=\"article\" \/>\n<meta property=\"og:title\" content=\"Alicia Keys by Ola Turo\u0144 - Vertigo Jazz Club &amp; Restaurant\" \/>\n<meta property=\"og:description\" content=\"Wiecz\u00f3r po\u015bwi\u0119cony tw\u00f3rczo\u015bci wokalistki - Alici Keys, kt\u00f3ry poprowadzi wroc\u0142awska wokalistka - Ola Turo\u0144, razem z zespo\u0142em towarzysz\u0105cym.\" \/>\n<meta property=\"og:url\" content=\"https:\/\/vertigojazz.pl\/wydarzenia\/alicia-keys-by-ola-turon\/\" \/>\n<meta property=\"og:site_name\" content=\"Vertigo Jazz Club &amp; Restaurant\" \/>\n<meta property=\"article:publisher\" content=\"https:\/\/www.facebook.com\/vertigojazzclub\" \/>\n<meta property=\"article:modified_time\" content=\"2026-03-26T11:30:11+00:00\" \/>\n<meta property=\"og:image\" content=\"https:\/\/vertigojazz.pl\/wp-content\/uploads\/2025\/08\/VertigoJazz-Logo_1080_1080.jpeg\" \/>\n\t<meta property=\"og:image:width\" content=\"768\" \/>\n\t<meta property=\"og:image:height\" content=\"768\" \/>\n\t<meta property=\"og:image:type\" content=\"image\/jpeg\" \/>\n<meta name=\"twitter:card\" content=\"summary_large_image\" \/>\n<meta name=\"twitter:label1\" content=\"Gesch\u00e4tzte Lesezeit\" \/>\n\t<meta name=\"twitter:data1\" content=\"1\u00a0Minute\" \/>\n<script type=\"application\/ld+json\" class=\"yoast-schema-graph\">{\"@context\":\"https:\/\/schema.org\",\"@graph\":[{\"@type\":\"WebPage\",\"@id\":\"https:\/\/vertigojazz.pl\/wydarzenia\/alicia-keys-by-ola-turon\/\",\"url\":\"https:\/\/vertigojazz.pl\/wydarzenia\/alicia-keys-by-ola-turon\/\",\"name\":\"Alicia Keys by Ola Turo\u0144 - Vertigo Jazz Club &amp; Restaurant\",\"isPartOf\":{\"@id\":\"https:\/\/vertigojazz.pl\/#website\"},\"datePublished\":\"2026-03-18T19:35:06+00:00\",\"dateModified\":\"2026-03-26T11:30:11+00:00\",\"description\":\"Wiecz\u00f3r po\u015bwi\u0119cony tw\u00f3rczo\u015bci wokalistki - Alici Keys, kt\u00f3ry poprowadzi wroc\u0142awska wokalistka - Ola Turo\u0144, razem z zespo\u0142em towarzysz\u0105cym.\",\"breadcrumb\":{\"@id\":\"https:\/\/vertigojazz.pl\/wydarzenia\/alicia-keys-by-ola-turon\/#breadcrumb\"},\"inLanguage\":\"de\",\"potentialAction\":[{\"@type\":\"ReadAction\",\"target\":[\"https:\/\/vertigojazz.pl\/wydarzenia\/alicia-keys-by-ola-turon\/\"]}]},{\"@type\":\"BreadcrumbList\",\"@id\":\"https:\/\/vertigojazz.pl\/wydarzenia\/alicia-keys-by-ola-turon\/#breadcrumb\",\"itemListElement\":[{\"@type\":\"ListItem\",\"position\":1,\"name\":\"Strona g\u0142\u00f3wna\",\"item\":\"https:\/\/vertigojazz.pl\/de\/\"},{\"@type\":\"ListItem\",\"position\":2,\"name\":\"Alicia Keys by Ola Turo\u0144\"}]},{\"@type\":\"WebSite\",\"@id\":\"https:\/\/vertigojazz.pl\/#website\",\"url\":\"https:\/\/vertigojazz.pl\/\",\"name\":\"Vertigo Jazz Club & Restaurant\",\"description\":\"klub muzyczny we Wroc\u0142awiu\",\"publisher\":{\"@id\":\"https:\/\/vertigojazz.pl\/#organization\"},\"potentialAction\":[{\"@type\":\"SearchAction\",\"target\":{\"@type\":\"EntryPoint\",\"urlTemplate\":\"https:\/\/vertigojazz.pl\/?s={search_term_string}\"},\"query-input\":{\"@type\":\"PropertyValueSpecification\",\"valueRequired\":true,\"valueName\":\"search_term_string\"}}],\"inLanguage\":\"de\"},{\"@type\":\"Organization\",\"@id\":\"https:\/\/vertigojazz.pl\/#organization\",\"name\":\"Vertigo Jazz Club & Restaurant\",\"alternateName\":\"Klub muzyczny we Wroc\u0142awiu\",\"url\":\"https:\/\/vertigojazz.pl\/\",\"logo\":{\"@type\":\"ImageObject\",\"inLanguage\":\"de\",\"@id\":\"https:\/\/vertigojazz.pl\/#\/schema\/logo\/image\/\",\"url\":\"https:\/\/vertigojazz.pl\/wp-content\/uploads\/2025\/04\/cropped-vertigo_logo_biale-180x180-1.jpg\",\"contentUrl\":\"https:\/\/vertigojazz.pl\/wp-content\/uploads\/2025\/04\/cropped-vertigo_logo_biale-180x180-1.jpg\",\"width\":180,\"height\":180,\"caption\":\"Vertigo Jazz Club & Restaurant\"},\"image\":{\"@id\":\"https:\/\/vertigojazz.pl\/#\/schema\/logo\/image\/\"},\"sameAs\":[\"https:\/\/www.facebook.com\/vertigojazzclub\",\"https:\/\/www.instagram.com\/vertigo_jazz_club\/\",\"https:\/\/www.youtube.com\/channel\/UC8sPrX3Xuv7bfuhfr3XbqXg\",\"https:\/\/www.tiktok.com\/@vertigojazzclub\"]}]}<\/script>\n<!-- \/ Yoast SEO plugin. -->","yoast_head_json":{"title":"Alicia Keys by Ola Turo\u0144 - Vertigo Jazz Club &amp; Restaurant","description":"Wiecz\u00f3r po\u015bwi\u0119cony tw\u00f3rczo\u015bci wokalistki - Alici Keys, kt\u00f3ry poprowadzi wroc\u0142awska wokalistka - Ola Turo\u0144, razem z zespo\u0142em towarzysz\u0105cym.","robots":{"index":"index","follow":"follow","max-snippet":"max-snippet:-1","max-image-preview":"max-image-preview:large","max-video-preview":"max-video-preview:-1"},"canonical":"https:\/\/vertigojazz.pl\/wydarzenia\/alicia-keys-by-ola-turon\/","og_locale":"de_DE","og_type":"article","og_title":"Alicia Keys by Ola Turo\u0144 - Vertigo Jazz Club &amp; Restaurant","og_description":"Wiecz\u00f3r po\u015bwi\u0119cony tw\u00f3rczo\u015bci wokalistki - Alici Keys, kt\u00f3ry poprowadzi wroc\u0142awska wokalistka - Ola Turo\u0144, razem z zespo\u0142em towarzysz\u0105cym.","og_url":"https:\/\/vertigojazz.pl\/wydarzenia\/alicia-keys-by-ola-turon\/","og_site_name":"Vertigo Jazz Club &amp; Restaurant","article_publisher":"https:\/\/www.facebook.com\/vertigojazzclub","article_modified_time":"2026-03-26T11:30:11+00:00","og_image":[{"width":768,"height":768,"url":"https:\/\/vertigojazz.pl\/wp-content\/uploads\/2025\/08\/VertigoJazz-Logo_1080_1080.jpeg","type":"image\/jpeg"}],"twitter_card":"summary_large_image","twitter_misc":{"Gesch\u00e4tzte Lesezeit":"1\u00a0Minute"},"schema":{"@context":"https:\/\/schema.org","@graph":[{"@type":"WebPage","@id":"https:\/\/vertigojazz.pl\/wydarzenia\/alicia-keys-by-ola-turon\/","url":"https:\/\/vertigojazz.pl\/wydarzenia\/alicia-keys-by-ola-turon\/","name":"Alicia Keys by Ola Turo\u0144 - Vertigo Jazz Club &amp; Restaurant","isPartOf":{"@id":"https:\/\/vertigojazz.pl\/#website"},"datePublished":"2026-03-18T19:35:06+00:00","dateModified":"2026-03-26T11:30:11+00:00","description":"Wiecz\u00f3r po\u015bwi\u0119cony tw\u00f3rczo\u015bci wokalistki - Alici Keys, kt\u00f3ry poprowadzi wroc\u0142awska wokalistka - Ola Turo\u0144, razem z zespo\u0142em towarzysz\u0105cym.","breadcrumb":{"@id":"https:\/\/vertigojazz.pl\/wydarzenia\/alicia-keys-by-ola-turon\/#breadcrumb"},"inLanguage":"de","potentialAction":[{"@type":"ReadAction","target":["https:\/\/vertigojazz.pl\/wydarzenia\/alicia-keys-by-ola-turon\/"]}]},{"@type":"BreadcrumbList","@id":"https:\/\/vertigojazz.pl\/wydarzenia\/alicia-keys-by-ola-turon\/#breadcrumb","itemListElement":[{"@type":"ListItem","position":1,"name":"Strona g\u0142\u00f3wna","item":"https:\/\/vertigojazz.pl\/de\/"},{"@type":"ListItem","position":2,"name":"Alicia Keys by Ola Turo\u0144"}]},{"@type":"WebSite","@id":"https:\/\/vertigojazz.pl\/#website","url":"https:\/\/vertigojazz.pl\/","name":"Vertigo Jazz Club & Restaurant","description":"klub muzyczny we Wroc\u0142awiu","publisher":{"@id":"https:\/\/vertigojazz.pl\/#organization"},"potentialAction":[{"@type":"SearchAction","target":{"@type":"EntryPoint","urlTemplate":"https:\/\/vertigojazz.pl\/?s={search_term_string}"},"query-input":{"@type":"PropertyValueSpecification","valueRequired":true,"valueName":"search_term_string"}}],"inLanguage":"de"},{"@type":"Organization","@id":"https:\/\/vertigojazz.pl\/#organization","name":"Vertigo Jazz Club & Restaurant","alternateName":"Klub muzyczny we Wroc\u0142awiu","url":"https:\/\/vertigojazz.pl\/","logo":{"@type":"ImageObject","inLanguage":"de","@id":"https:\/\/vertigojazz.pl\/#\/schema\/logo\/image\/","url":"https:\/\/vertigojazz.pl\/wp-content\/uploads\/2025\/04\/cropped-vertigo_logo_biale-180x180-1.jpg","contentUrl":"https:\/\/vertigojazz.pl\/wp-content\/uploads\/2025\/04\/cropped-vertigo_logo_biale-180x180-1.jpg","width":180,"height":180,"caption":"Vertigo Jazz Club & Restaurant"},"image":{"@id":"https:\/\/vertigojazz.pl\/#\/schema\/logo\/image\/"},"sameAs":["https:\/\/www.facebook.com\/vertigojazzclub","https:\/\/www.instagram.com\/vertigo_jazz_club\/","https:\/\/www.youtube.com\/channel\/UC8sPrX3Xuv7bfuhfr3XbqXg","https:\/\/www.tiktok.com\/@vertigojazzclub"]}]}},"_links":{"self":[{"href":"https:\/\/vertigojazz.pl\/de\/wp-json\/wp\/v2\/wydarzenie\/19320","targetHints":{"allow":["GET"]}}],"collection":[{"href":"https:\/\/vertigojazz.pl\/de\/wp-json\/wp\/v2\/wydarzenie"}],"about":[{"href":"https:\/\/vertigojazz.pl\/de\/wp-json\/wp\/v2\/types\/wydarzenie"}],"author":[{"embeddable":true,"href":"https:\/\/vertigojazz.pl\/de\/wp-json\/wp\/v2\/users\/13"}],"version-history":[{"count":1,"href":"https:\/\/vertigojazz.pl\/de\/wp-json\/wp\/v2\/wydarzenie\/19320\/revisions"}],"predecessor-version":[{"id":19464,"href":"https:\/\/vertigojazz.pl\/de\/wp-json\/wp\/v2\/wydarzenie\/19320\/revisions\/19464"}],"wp:attachment":[{"href":"https:\/\/vertigojazz.pl\/de\/wp-json\/wp\/v2\/media?parent=19320"}],"curies":[{"name":"wp","href":"https:\/\/api.w.org\/{rel}","templated":true}]}}

Alicia Keys by Ola Turoń

<p>English below.</p>
<h1>Wielkanocna sobota we Wrocławiu</h1>
<p>Wieczór poświęcony twórczości wokalistki &#8211; Alici Keys, który poprowadzi wrocławska wokalistka &#8211; Ola Turoń, razem z zespołem towarzyszącym.</p>
<h2>Ola Turoń z zespołem w Vertigo</h2>
<p>W składzie zespołu razem z Olą zagrają Żenia Betliński &#8211; gitara basowa, TOmasz Jędrzejewski &#8211; instrumenty klawiszowe i Filip Laszuk &#8211; perkusja.</p>
<h2>Kolacja, muzyka i wyjątkowe wspomnienia</h2>
<p>Vertigo to przestrzeń, gdzie muzyka na żywo łączy się z doskonałą kuchnią i elegancką atmosferą. Zapraszamy Państwa, aby spędzić czas z bliskim tuż przed Wielką Nocą i i stworzyć wspomnienia, które zostaną na długo.</p>
<p>REGULAMIN: Lokal po godzinie 19:00 przeznaczony jest dla osób powyżej 18 roku życia. Osoby niepełnoletnie nie zostaną wpuszczone na wydarzenia organizowane przez Vertigo Jazz Club &amp; Restaurant</p>
<p>English version</p>
<h1>Easter Saturday in Wrocław</h1>
<p>An evening dedicated to the music of Alicia Keys, led by Wrocław-based vocalist Ola Turoń, accompanied by her band.</p>
<h2>Ola Turoń with Band at Vertigo</h2>
<p>Joining Ola on stage will be Żenia Betliński on bass guitar, Tomasz Jędrzejewski on keyboards, and Filip Laszuk on drums.</p>

<p>English below. Wielkanocna sobota we Wrocławiu Wieczór poświęcony twórczości wokalistki &#8211; Alici Keys, który poprowadzi wrocławska wokalistka &#8211; Ola Turoń, razem z zespołem towarzyszącym. Ola Turoń z zespołem w Vertigo W składzie zespołu razem z Olą zagrają Żenia Betliński &#8211; gitara basowa, TOmasz Jędrzejewski &#8211; instrumenty klawiszowe i Filip Laszuk &#8211; perkusja. Kolacja, muzyka i [&hellip;]</p>

<!-- This site is optimized with the Yoast SEO plugin v26.0 - https://yoast.com/wordpress/plugins/seo/ -->
<title>Alicia Keys by Ola Turoń - Vertigo Jazz Club &amp; Restaurant</title>
<meta name="description" content="Wieczór poświęcony twórczości wokalistki - Alici Keys, który poprowadzi wrocławska wokalistka - Ola Turoń, razem z zespołem towarzyszącym." />
<meta name="robots" content="index, follow, max-snippet:-1, max-image-preview:large, max-video-preview:-1" />
<link rel="canonical" href="https://vertigojazz.pl/wydarzenia/alicia-keys-by-ola-turon/" />
<meta property="og:locale" content="de_DE" />
<meta property="og:type" content="article" />
<meta property="og:title" content="Alicia Keys by Ola Turoń - Vertigo Jazz Club &amp; Restaurant" />
<meta property="og:description" content="Wieczór poświęcony twórczości wokalistki - Alici Keys, który poprowadzi wrocławska wokalistka - Ola Turoń, razem z zespołem towarzyszącym." />
<meta property="og:url" content="https://vertigojazz.pl/wydarzenia/alicia-keys-by-ola-turon/" />
<meta property="og:site_name" content="Vertigo Jazz Club &amp; Restaurant" />
<meta property="article:publisher" content="https://www.facebook.com/vertigojazzclub" />
<meta property="article:modified_time" content="2026-03-26T11:30:11+00:00" />
<meta property="og:image" content="https://vertigojazz.pl/wp-content/uploads/2025/08/VertigoJazz-Logo_1080_1080.jpeg" />
	<meta property="og:image:width" content="768" />
	<meta property="og:image:height" content="768" />
	<meta property="og:image:type" content="image/jpeg" />
<meta name="twitter:card" content="summary_large_image" />
<meta name="twitter:label1" content="Geschätzte Lesezeit" />
	<meta name="twitter:data1" content="1 Minute" />
<script type="application/ld+json" class="yoast-schema-graph">{"@context":"https://schema.org","@graph":[{"@type":"WebPage","@id":"https://vertigojazz.pl/wydarzenia/alicia-keys-by-ola-turon/","url":"https://vertigojazz.pl/wydarzenia/alicia-keys-by-ola-turon/","name":"Alicia Keys by Ola Turoń - Vertigo Jazz Club &amp; Restaurant","isPartOf":{"@id":"https://vertigojazz.pl/#website"},"datePublished":"2026-03-18T19:35:06+00:00","dateModified":"2026-03-26T11:30:11+00:00","description":"Wieczór poświęcony twórczości wokalistki - Alici Keys, który poprowadzi wrocławska wokalistka - Ola Turoń, razem z zespołem towarzyszącym.","breadcrumb":{"@id":"https://vertigojazz.pl/wydarzenia/alicia-keys-by-ola-turon/#breadcrumb"},"inLanguage":"de","potentialAction":[{"@type":"ReadAction","target":["https://vertigojazz.pl/wydarzenia/alicia-keys-by-ola-turon/"]}]},{"@type":"BreadcrumbList","@id":"https://vertigojazz.pl/wydarzenia/alicia-keys-by-ola-turon/#breadcrumb","itemListElement":[{"@type":"ListItem","position":1,"name":"Strona główna","item":"https://vertigojazz.pl/de/"},{"@type":"ListItem","position":2,"name":"Alicia Keys by Ola Turoń"}]},{"@type":"WebSite","@id":"https://vertigojazz.pl/#website","url":"https://vertigojazz.pl/","name":"Vertigo Jazz Club & Restaurant","description":"klub muzyczny we Wrocławiu","publisher":{"@id":"https://vertigojazz.pl/#organization"},"potentialAction":[{"@type":"SearchAction","target":{"@type":"EntryPoint","urlTemplate":"https://vertigojazz.pl/?s={search_term_string}"},"query-input":{"@type":"PropertyValueSpecification","valueRequired":true,"valueName":"search_term_string"}}],"inLanguage":"de"},{"@type":"Organization","@id":"https://vertigojazz.pl/#organization","name":"Vertigo Jazz Club & Restaurant","alternateName":"Klub muzyczny we Wrocławiu","url":"https://vertigojazz.pl/","logo":{"@type":"ImageObject","inLanguage":"de","@id":"https://vertigojazz.pl/#/schema/logo/image/","url":"https://vertigojazz.pl/wp-content/uploads/2025/04/cropped-vertigo_logo_biale-180x180-1.jpg","contentUrl":"https://vertigojazz.pl/wp-content/uploads/2025/04/cropped-vertigo_logo_biale-180x180-1.jpg","width":180,"height":180,"caption":"Vertigo Jazz Club & Restaurant"},"image":{"@id":"https://vertigojazz.pl/#/schema/logo/image/"},"sameAs":["https://www.facebook.com/vertigojazzclub","https://www.instagram.com/vertigo_jazz_club/","https://www.youtube.com/channel/UC8sPrX3Xuv7bfuhfr3XbqXg","https://www.tiktok.com/@vertigojazzclub"]}]}</script>
<!-- / Yoast SEO plugin. -->

Alicia Keys by Ola Turoń - Vertigo Jazz Club &amp; Restaurant

Wieczór poświęcony twórczości wokalistki - Alici Keys, który poprowadzi wrocławska wokalistka - Ola Turoń, razem z zespołem towarzyszącym.

Strona główna

klub muzyczny we Wrocławiu

Klub muzyczny we Wrocławiu
