{"id":15476,"date":"2025-12-01T18:24:54","date_gmt":"2025-12-01T17:24:54","guid":{"rendered":"https:\/\/vertigojazz.pl\/wydarzenia\/ola-turon-adeama-walkowiak-ladies-duet\/"},"modified":"2025-12-18T12:02:49","modified_gmt":"2025-12-18T11:02:49","slug":"ola-turon-adeama-walkowiak-ladies-duet","status":"publish","type":"wydarzenie","link":"https:\/\/vertigojazz.pl\/en\/wydarzenia\/ola-turon-adeama-walkowiak-ladies-duet\/","title":{"rendered":"Ola Turo\u0144 &amp; Adeama Walkowiak Ladie\u2019s Duet"},"content":{"rendered":"<p>*Scroll down to English Version*<\/p>\n<p>\u200bDwa g\u0142osy, jedna muzyczna magia<\/p>\n<p>Mamy ogromn\u0105 przyjemno\u015b\u0107 zaprosi\u0107 Pa\u0144stwa na wyj\u0105tkowe wydarzenie, podczas kt\u00f3rego na naszej scenie zabrzmi niezwyk\u0142e po\u0142\u0105czenie g\u0142os\u00f3w dw\u00f3ch utalentowanych wokalistek: Oli Turo\u0144 i Adeamy Walkowiak.<\/p>\n\n<p>Spotkanie pe\u0142ne pasji i emocji<\/p>\n<p>To szczeg\u00f3lna okazja, by us\u0142ysze\u0107 artystki, kt\u00f3re \u0142\u0105cz\u0105 pasj\u0119, emocje i unikalny styl wokalny. Ich wsp\u00f3lna energia tworzy atmosfer\u0119 pe\u0142n\u0105 intensywnych wra\u017ce\u0144 oraz prawdziwej muzycznej magii, kt\u00f3r\u0105 mo\u017cna poczu\u0107 od pierwszych d\u017awi\u0119k\u00f3w.<\/p>\n<p>Wiecz\u00f3r, kt\u00f3ry zostaje w pami\u0119ci<\/p>\n<p>Zapowiada si\u0119 koncert, kt\u00f3ry poruszy, zachwyci i pozostanie w pami\u0119ci na d\u0142ugo. Serdecznie zapraszamy do Vertigo na ten wyj\u0105tkowy muzyczny duet.<\/p>\n<p>English version:<\/p>\n<p>Two Voices, One Musical Magic<\/p>\n<p>We have the great pleasure of inviting you to a unique event, during which our stage will feature an extraordinary combination of the voices of two talented vocalists: <b>Ola Turo\u0144<\/b> and Adeama Walkowiak.<\/p>\n<p>A Meeting Full of Passion and Emotion<\/p>\n<p>This is a special opportunity to hear artists who combine passion, emotion, and a unique vocal style. Their shared energy creates an atmosphere full of intense impressions and true musical magic that can be felt from the very first notes.<\/p>\n<p>An Evening That Stays in Your Memory<\/p>\n<p>This promises to be a concert that will move, delight, and remain in your memory for a long time. We warmly invite you to Vertigo for this exceptional musical duet.<\/p>\n\n<p>REGULAMIN: Lokal po godzinie 19:00 przeznaczony jest dla os\u00f3b powy\u017cej 18 roku \u017cycia. Osoby niepe\u0142noletnie nie zostan\u0105 wpuszczone na wydarzenia organizowane przez Vertigo Jazz Club &amp; Restaurant<\/p>\n","protected":false},"excerpt":{"rendered":"<p>*Scroll down to English Version* \u200bDwa g\u0142osy, jedna muzyczna magia Mamy ogromn\u0105 przyjemno\u015b\u0107 zaprosi\u0107 Pa\u0144stwa na wyj\u0105tkowe wydarzenie, podczas kt\u00f3rego na naszej scenie zabrzmi niezwyk\u0142e po\u0142\u0105czenie g\u0142os\u00f3w dw\u00f3ch utalentowanych wokalistek: Oli Turo\u0144 i Adeamy Walkowiak. Spotkanie pe\u0142ne pasji i emocji To szczeg\u00f3lna okazja, by us\u0142ysze\u0107 artystki, kt\u00f3re \u0142\u0105cz\u0105 pasj\u0119, emocje i unikalny styl wokalny. Ich [&hellip;]<\/p>\n","protected":false},"author":13,"featured_media":0,"parent":0,"menu_order":0,"template":"","meta":{"_acf_changed":false,"footnotes":""},"class_list":["post-15476","wydarzenie","type-wydarzenie","status-publish","hentry"],"acf":[],"yoast_head":"<!-- This site is optimized with the Yoast SEO plugin v26.0 - https:\/\/yoast.com\/wordpress\/plugins\/seo\/ -->\n<title>Ola Turo\u0144 &amp; Adeama Walkowiak Ladie\u2019s Duet - Vertigo Jazz Club &amp; Restaurant<\/title>\n<meta name=\"description\" content=\"Wydarzenie, podczas kt\u00f3rego na naszej scenie zabrzmi niezwyk\u0142e po\u0142\u0105czenie g\u0142os\u00f3w dw\u00f3ch utalentowanych wokalistek: Oli Turo\u0144 i Adeamy Walkowiak.\u200b\" \/>\n<meta name=\"robots\" content=\"index, follow, max-snippet:-1, max-image-preview:large, max-video-preview:-1\" \/>\n<link rel=\"canonical\" href=\"https:\/\/vertigojazz.pl\/wydarzenia\/ola-turon-adeama-walkowiak-ladies-duet\/\" \/>\n<meta property=\"og:locale\" content=\"en_US\" \/>\n<meta property=\"og:type\" content=\"article\" \/>\n<meta property=\"og:title\" content=\"Ola Turo\u0144 &amp; Adeama Walkowiak Ladie\u2019s Duet - Vertigo Jazz Club &amp; Restaurant\" \/>\n<meta property=\"og:description\" content=\"Wydarzenie, podczas kt\u00f3rego na naszej scenie zabrzmi niezwyk\u0142e po\u0142\u0105czenie g\u0142os\u00f3w dw\u00f3ch utalentowanych wokalistek: Oli Turo\u0144 i Adeamy Walkowiak.\u200b\" \/>\n<meta property=\"og:url\" content=\"https:\/\/vertigojazz.pl\/wydarzenia\/ola-turon-adeama-walkowiak-ladies-duet\/\" \/>\n<meta property=\"og:site_name\" content=\"Vertigo Jazz Club &amp; Restaurant\" \/>\n<meta property=\"article:publisher\" content=\"https:\/\/www.facebook.com\/vertigojazzclub\" \/>\n<meta property=\"article:modified_time\" content=\"2025-12-18T11:02:49+00:00\" \/>\n<meta property=\"og:image\" content=\"https:\/\/vertigojazz.pl\/wp-content\/uploads\/2025\/08\/VertigoJazz-Logo_1080_1080.jpeg\" \/>\n\t<meta property=\"og:image:width\" content=\"768\" \/>\n\t<meta property=\"og:image:height\" content=\"768\" \/>\n\t<meta property=\"og:image:type\" content=\"image\/jpeg\" \/>\n<meta name=\"twitter:card\" content=\"summary_large_image\" \/>\n<meta name=\"twitter:label1\" content=\"Est. reading time\" \/>\n\t<meta name=\"twitter:data1\" content=\"2 minutes\" \/>\n<script type=\"application\/ld+json\" class=\"yoast-schema-graph\">{\"@context\":\"https:\/\/schema.org\",\"@graph\":[{\"@type\":\"WebPage\",\"@id\":\"https:\/\/vertigojazz.pl\/wydarzenia\/ola-turon-adeama-walkowiak-ladies-duet\/\",\"url\":\"https:\/\/vertigojazz.pl\/wydarzenia\/ola-turon-adeama-walkowiak-ladies-duet\/\",\"name\":\"Ola Turo\u0144 &amp; Adeama Walkowiak Ladie\u2019s Duet - Vertigo Jazz Club &amp; Restaurant\",\"isPartOf\":{\"@id\":\"https:\/\/vertigojazz.pl\/#website\"},\"datePublished\":\"2025-12-01T17:24:54+00:00\",\"dateModified\":\"2025-12-18T11:02:49+00:00\",\"description\":\"Wydarzenie, podczas kt\u00f3rego na naszej scenie zabrzmi niezwyk\u0142e po\u0142\u0105czenie g\u0142os\u00f3w dw\u00f3ch utalentowanych wokalistek: Oli Turo\u0144 i Adeamy Walkowiak.\u200b\",\"breadcrumb\":{\"@id\":\"https:\/\/vertigojazz.pl\/wydarzenia\/ola-turon-adeama-walkowiak-ladies-duet\/#breadcrumb\"},\"inLanguage\":\"en-US\",\"potentialAction\":[{\"@type\":\"ReadAction\",\"target\":[\"https:\/\/vertigojazz.pl\/wydarzenia\/ola-turon-adeama-walkowiak-ladies-duet\/\"]}]},{\"@type\":\"BreadcrumbList\",\"@id\":\"https:\/\/vertigojazz.pl\/wydarzenia\/ola-turon-adeama-walkowiak-ladies-duet\/#breadcrumb\",\"itemListElement\":[{\"@type\":\"ListItem\",\"position\":1,\"name\":\"Strona g\u0142\u00f3wna\",\"item\":\"https:\/\/vertigojazz.pl\/en\/\"},{\"@type\":\"ListItem\",\"position\":2,\"name\":\"Ola Turo\u0144 &amp; Adeama Walkowiak Ladie\u2019s Duet\"}]},{\"@type\":\"WebSite\",\"@id\":\"https:\/\/vertigojazz.pl\/#website\",\"url\":\"https:\/\/vertigojazz.pl\/\",\"name\":\"Vertigo Jazz Club & Restaurant\",\"description\":\"klub muzyczny we Wroc\u0142awiu\",\"publisher\":{\"@id\":\"https:\/\/vertigojazz.pl\/#organization\"},\"potentialAction\":[{\"@type\":\"SearchAction\",\"target\":{\"@type\":\"EntryPoint\",\"urlTemplate\":\"https:\/\/vertigojazz.pl\/?s={search_term_string}\"},\"query-input\":{\"@type\":\"PropertyValueSpecification\",\"valueRequired\":true,\"valueName\":\"search_term_string\"}}],\"inLanguage\":\"en-US\"},{\"@type\":\"Organization\",\"@id\":\"https:\/\/vertigojazz.pl\/#organization\",\"name\":\"Vertigo Jazz Club & Restaurant\",\"alternateName\":\"Klub muzyczny we Wroc\u0142awiu\",\"url\":\"https:\/\/vertigojazz.pl\/\",\"logo\":{\"@type\":\"ImageObject\",\"inLanguage\":\"en-US\",\"@id\":\"https:\/\/vertigojazz.pl\/#\/schema\/logo\/image\/\",\"url\":\"https:\/\/vertigojazz.pl\/wp-content\/uploads\/2025\/04\/cropped-vertigo_logo_biale-180x180-1.jpg\",\"contentUrl\":\"https:\/\/vertigojazz.pl\/wp-content\/uploads\/2025\/04\/cropped-vertigo_logo_biale-180x180-1.jpg\",\"width\":180,\"height\":180,\"caption\":\"Vertigo Jazz Club & Restaurant\"},\"image\":{\"@id\":\"https:\/\/vertigojazz.pl\/#\/schema\/logo\/image\/\"},\"sameAs\":[\"https:\/\/www.facebook.com\/vertigojazzclub\",\"https:\/\/www.instagram.com\/vertigo_jazz_club\/\",\"https:\/\/www.youtube.com\/channel\/UC8sPrX3Xuv7bfuhfr3XbqXg\",\"https:\/\/www.tiktok.com\/@vertigojazzclub\"]}]}<\/script>\n<!-- \/ Yoast SEO plugin. -->","yoast_head_json":{"title":"Ola Turo\u0144 &amp; Adeama Walkowiak Ladie\u2019s Duet - Vertigo Jazz Club &amp; Restaurant","description":"Wydarzenie, podczas kt\u00f3rego na naszej scenie zabrzmi niezwyk\u0142e po\u0142\u0105czenie g\u0142os\u00f3w dw\u00f3ch utalentowanych wokalistek: Oli Turo\u0144 i Adeamy Walkowiak.\u200b","robots":{"index":"index","follow":"follow","max-snippet":"max-snippet:-1","max-image-preview":"max-image-preview:large","max-video-preview":"max-video-preview:-1"},"canonical":"https:\/\/vertigojazz.pl\/wydarzenia\/ola-turon-adeama-walkowiak-ladies-duet\/","og_locale":"en_US","og_type":"article","og_title":"Ola Turo\u0144 &amp; Adeama Walkowiak Ladie\u2019s Duet - Vertigo Jazz Club &amp; Restaurant","og_description":"Wydarzenie, podczas kt\u00f3rego na naszej scenie zabrzmi niezwyk\u0142e po\u0142\u0105czenie g\u0142os\u00f3w dw\u00f3ch utalentowanych wokalistek: Oli Turo\u0144 i Adeamy Walkowiak.\u200b","og_url":"https:\/\/vertigojazz.pl\/wydarzenia\/ola-turon-adeama-walkowiak-ladies-duet\/","og_site_name":"Vertigo Jazz Club &amp; Restaurant","article_publisher":"https:\/\/www.facebook.com\/vertigojazzclub","article_modified_time":"2025-12-18T11:02:49+00:00","og_image":[{"width":768,"height":768,"url":"https:\/\/vertigojazz.pl\/wp-content\/uploads\/2025\/08\/VertigoJazz-Logo_1080_1080.jpeg","type":"image\/jpeg"}],"twitter_card":"summary_large_image","twitter_misc":{"Est. reading time":"2 minutes"},"schema":{"@context":"https:\/\/schema.org","@graph":[{"@type":"WebPage","@id":"https:\/\/vertigojazz.pl\/wydarzenia\/ola-turon-adeama-walkowiak-ladies-duet\/","url":"https:\/\/vertigojazz.pl\/wydarzenia\/ola-turon-adeama-walkowiak-ladies-duet\/","name":"Ola Turo\u0144 &amp; Adeama Walkowiak Ladie\u2019s Duet - Vertigo Jazz Club &amp; Restaurant","isPartOf":{"@id":"https:\/\/vertigojazz.pl\/#website"},"datePublished":"2025-12-01T17:24:54+00:00","dateModified":"2025-12-18T11:02:49+00:00","description":"Wydarzenie, podczas kt\u00f3rego na naszej scenie zabrzmi niezwyk\u0142e po\u0142\u0105czenie g\u0142os\u00f3w dw\u00f3ch utalentowanych wokalistek: Oli Turo\u0144 i Adeamy Walkowiak.\u200b","breadcrumb":{"@id":"https:\/\/vertigojazz.pl\/wydarzenia\/ola-turon-adeama-walkowiak-ladies-duet\/#breadcrumb"},"inLanguage":"en-US","potentialAction":[{"@type":"ReadAction","target":["https:\/\/vertigojazz.pl\/wydarzenia\/ola-turon-adeama-walkowiak-ladies-duet\/"]}]},{"@type":"BreadcrumbList","@id":"https:\/\/vertigojazz.pl\/wydarzenia\/ola-turon-adeama-walkowiak-ladies-duet\/#breadcrumb","itemListElement":[{"@type":"ListItem","position":1,"name":"Strona g\u0142\u00f3wna","item":"https:\/\/vertigojazz.pl\/en\/"},{"@type":"ListItem","position":2,"name":"Ola Turo\u0144 &amp; Adeama Walkowiak Ladie\u2019s Duet"}]},{"@type":"WebSite","@id":"https:\/\/vertigojazz.pl\/#website","url":"https:\/\/vertigojazz.pl\/","name":"Vertigo Jazz Club & Restaurant","description":"klub muzyczny we Wroc\u0142awiu","publisher":{"@id":"https:\/\/vertigojazz.pl\/#organization"},"potentialAction":[{"@type":"SearchAction","target":{"@type":"EntryPoint","urlTemplate":"https:\/\/vertigojazz.pl\/?s={search_term_string}"},"query-input":{"@type":"PropertyValueSpecification","valueRequired":true,"valueName":"search_term_string"}}],"inLanguage":"en-US"},{"@type":"Organization","@id":"https:\/\/vertigojazz.pl\/#organization","name":"Vertigo Jazz Club & Restaurant","alternateName":"Klub muzyczny we Wroc\u0142awiu","url":"https:\/\/vertigojazz.pl\/","logo":{"@type":"ImageObject","inLanguage":"en-US","@id":"https:\/\/vertigojazz.pl\/#\/schema\/logo\/image\/","url":"https:\/\/vertigojazz.pl\/wp-content\/uploads\/2025\/04\/cropped-vertigo_logo_biale-180x180-1.jpg","contentUrl":"https:\/\/vertigojazz.pl\/wp-content\/uploads\/2025\/04\/cropped-vertigo_logo_biale-180x180-1.jpg","width":180,"height":180,"caption":"Vertigo Jazz Club & Restaurant"},"image":{"@id":"https:\/\/vertigojazz.pl\/#\/schema\/logo\/image\/"},"sameAs":["https:\/\/www.facebook.com\/vertigojazzclub","https:\/\/www.instagram.com\/vertigo_jazz_club\/","https:\/\/www.youtube.com\/channel\/UC8sPrX3Xuv7bfuhfr3XbqXg","https:\/\/www.tiktok.com\/@vertigojazzclub"]}]}},"_links":{"self":[{"href":"https:\/\/vertigojazz.pl\/en\/wp-json\/wp\/v2\/wydarzenie\/15476","targetHints":{"allow":["GET"]}}],"collection":[{"href":"https:\/\/vertigojazz.pl\/en\/wp-json\/wp\/v2\/wydarzenie"}],"about":[{"href":"https:\/\/vertigojazz.pl\/en\/wp-json\/wp\/v2\/types\/wydarzenie"}],"author":[{"embeddable":true,"href":"https:\/\/vertigojazz.pl\/en\/wp-json\/wp\/v2\/users\/13"}],"version-history":[{"count":1,"href":"https:\/\/vertigojazz.pl\/en\/wp-json\/wp\/v2\/wydarzenie\/15476\/revisions"}],"predecessor-version":[{"id":16883,"href":"https:\/\/vertigojazz.pl\/en\/wp-json\/wp\/v2\/wydarzenie\/15476\/revisions\/16883"}],"wp:attachment":[{"href":"https:\/\/vertigojazz.pl\/en\/wp-json\/wp\/v2\/media?parent=15476"}],"curies":[{"name":"wp","href":"https:\/\/api.w.org\/{rel}","templated":true}]}}

Ola Turoń &amp; Adeama Walkowiak Ladie’s Duet

<p>*Scroll down to English Version*</p>
<p>​Dwa głosy, jedna muzyczna magia</p>
<p>Mamy ogromną przyjemność zaprosić Państwa na wyjątkowe wydarzenie, podczas którego na naszej scenie zabrzmi niezwykłe połączenie głosów dwóch utalentowanych wokalistek: Oli Turoń i Adeamy Walkowiak.</p>

<p>Spotkanie pełne pasji i emocji</p>
<p>To szczególna okazja, by usłyszeć artystki, które łączą pasję, emocje i unikalny styl wokalny. Ich wspólna energia tworzy atmosferę pełną intensywnych wrażeń oraz prawdziwej muzycznej magii, którą można poczuć od pierwszych dźwięków.</p>
<p>Wieczór, który zostaje w pamięci</p>
<p>Zapowiada się koncert, który poruszy, zachwyci i pozostanie w pamięci na długo. Serdecznie zapraszamy do Vertigo na ten wyjątkowy muzyczny duet.</p>
<p>English version:</p>
<p>Two Voices, One Musical Magic</p>
<p>We have the great pleasure of inviting you to a unique event, during which our stage will feature an extraordinary combination of the voices of two talented vocalists: <b>Ola Turoń</b> and Adeama Walkowiak.</p>
<p>A Meeting Full of Passion and Emotion</p>
<p>This is a special opportunity to hear artists who combine passion, emotion, and a unique vocal style. Their shared energy creates an atmosphere full of intense impressions and true musical magic that can be felt from the very first notes.</p>
<p>An Evening That Stays in Your Memory</p>
<p>This promises to be a concert that will move, delight, and remain in your memory for a long time. We warmly invite you to Vertigo for this exceptional musical duet.</p>

<p>REGULAMIN: Lokal po godzinie 19:00 przeznaczony jest dla osób powyżej 18 roku życia. Osoby niepełnoletnie nie zostaną wpuszczone na wydarzenia organizowane przez Vertigo Jazz Club &amp; Restaurant</p>

<p>*Scroll down to English Version* ​Dwa głosy, jedna muzyczna magia Mamy ogromną przyjemność zaprosić Państwa na wyjątkowe wydarzenie, podczas którego na naszej scenie zabrzmi niezwykłe połączenie głosów dwóch utalentowanych wokalistek: Oli Turoń i Adeamy Walkowiak. Spotkanie pełne pasji i emocji To szczególna okazja, by usłyszeć artystki, które łączą pasję, emocje i unikalny styl wokalny. Ich [&hellip;]</p>

<!-- This site is optimized with the Yoast SEO plugin v26.0 - https://yoast.com/wordpress/plugins/seo/ -->
<title>Ola Turoń &amp; Adeama Walkowiak Ladie’s Duet - Vertigo Jazz Club &amp; Restaurant</title>
<meta name="description" content="Wydarzenie, podczas którego na naszej scenie zabrzmi niezwykłe połączenie głosów dwóch utalentowanych wokalistek: Oli Turoń i Adeamy Walkowiak.​" />
<meta name="robots" content="index, follow, max-snippet:-1, max-image-preview:large, max-video-preview:-1" />
<link rel="canonical" href="https://vertigojazz.pl/wydarzenia/ola-turon-adeama-walkowiak-ladies-duet/" />
<meta property="og:locale" content="en_US" />
<meta property="og:type" content="article" />
<meta property="og:title" content="Ola Turoń &amp; Adeama Walkowiak Ladie’s Duet - Vertigo Jazz Club &amp; Restaurant" />
<meta property="og:description" content="Wydarzenie, podczas którego na naszej scenie zabrzmi niezwykłe połączenie głosów dwóch utalentowanych wokalistek: Oli Turoń i Adeamy Walkowiak.​" />
<meta property="og:url" content="https://vertigojazz.pl/wydarzenia/ola-turon-adeama-walkowiak-ladies-duet/" />
<meta property="og:site_name" content="Vertigo Jazz Club &amp; Restaurant" />
<meta property="article:publisher" content="https://www.facebook.com/vertigojazzclub" />
<meta property="article:modified_time" content="2025-12-18T11:02:49+00:00" />
<meta property="og:image" content="https://vertigojazz.pl/wp-content/uploads/2025/08/VertigoJazz-Logo_1080_1080.jpeg" />
	<meta property="og:image:width" content="768" />
	<meta property="og:image:height" content="768" />
	<meta property="og:image:type" content="image/jpeg" />
<meta name="twitter:card" content="summary_large_image" />
<meta name="twitter:label1" content="Est. reading time" />
	<meta name="twitter:data1" content="2 minutes" />
<script type="application/ld+json" class="yoast-schema-graph">{"@context":"https://schema.org","@graph":[{"@type":"WebPage","@id":"https://vertigojazz.pl/wydarzenia/ola-turon-adeama-walkowiak-ladies-duet/","url":"https://vertigojazz.pl/wydarzenia/ola-turon-adeama-walkowiak-ladies-duet/","name":"Ola Turoń &amp; Adeama Walkowiak Ladie’s Duet - Vertigo Jazz Club &amp; Restaurant","isPartOf":{"@id":"https://vertigojazz.pl/#website"},"datePublished":"2025-12-01T17:24:54+00:00","dateModified":"2025-12-18T11:02:49+00:00","description":"Wydarzenie, podczas którego na naszej scenie zabrzmi niezwykłe połączenie głosów dwóch utalentowanych wokalistek: Oli Turoń i Adeamy Walkowiak.​","breadcrumb":{"@id":"https://vertigojazz.pl/wydarzenia/ola-turon-adeama-walkowiak-ladies-duet/#breadcrumb"},"inLanguage":"en-US","potentialAction":[{"@type":"ReadAction","target":["https://vertigojazz.pl/wydarzenia/ola-turon-adeama-walkowiak-ladies-duet/"]}]},{"@type":"BreadcrumbList","@id":"https://vertigojazz.pl/wydarzenia/ola-turon-adeama-walkowiak-ladies-duet/#breadcrumb","itemListElement":[{"@type":"ListItem","position":1,"name":"Strona główna","item":"https://vertigojazz.pl/en/"},{"@type":"ListItem","position":2,"name":"Ola Turoń &amp; Adeama Walkowiak Ladie’s Duet"}]},{"@type":"WebSite","@id":"https://vertigojazz.pl/#website","url":"https://vertigojazz.pl/","name":"Vertigo Jazz Club & Restaurant","description":"klub muzyczny we Wrocławiu","publisher":{"@id":"https://vertigojazz.pl/#organization"},"potentialAction":[{"@type":"SearchAction","target":{"@type":"EntryPoint","urlTemplate":"https://vertigojazz.pl/?s={search_term_string}"},"query-input":{"@type":"PropertyValueSpecification","valueRequired":true,"valueName":"search_term_string"}}],"inLanguage":"en-US"},{"@type":"Organization","@id":"https://vertigojazz.pl/#organization","name":"Vertigo Jazz Club & Restaurant","alternateName":"Klub muzyczny we Wrocławiu","url":"https://vertigojazz.pl/","logo":{"@type":"ImageObject","inLanguage":"en-US","@id":"https://vertigojazz.pl/#/schema/logo/image/","url":"https://vertigojazz.pl/wp-content/uploads/2025/04/cropped-vertigo_logo_biale-180x180-1.jpg","contentUrl":"https://vertigojazz.pl/wp-content/uploads/2025/04/cropped-vertigo_logo_biale-180x180-1.jpg","width":180,"height":180,"caption":"Vertigo Jazz Club & Restaurant"},"image":{"@id":"https://vertigojazz.pl/#/schema/logo/image/"},"sameAs":["https://www.facebook.com/vertigojazzclub","https://www.instagram.com/vertigo_jazz_club/","https://www.youtube.com/channel/UC8sPrX3Xuv7bfuhfr3XbqXg","https://www.tiktok.com/@vertigojazzclub"]}]}</script>
<!-- / Yoast SEO plugin. -->

Ola Turoń &amp; Adeama Walkowiak Ladie’s Duet - Vertigo Jazz Club &amp; Restaurant

Wydarzenie, podczas którego na naszej scenie zabrzmi niezwykłe połączenie głosów dwóch utalentowanych wokalistek: Oli Turoń i Adeamy Walkowiak.​

Strona główna

klub muzyczny we Wrocławiu

Klub muzyczny we Wrocławiu
