{"id":14935,"date":"2025-11-14T17:39:57","date_gmt":"2025-11-14T16:39:57","guid":{"rendered":"https:\/\/vertigojazz.pl\/wydarzenia\/blue-christmas-paulina-golebiowska\/"},"modified":"2025-11-26T18:43:12","modified_gmt":"2025-11-26T17:43:12","slug":"blue-christmas-paulina-golebiowska","status":"publish","type":"wydarzenie","link":"https:\/\/vertigojazz.pl\/uk\/wydarzenia\/blue-christmas-paulina-golebiowska\/","title":{"rendered":"Blue Christmas &#8211; Paulina Go\u0142\u0119biowska"},"content":{"rendered":"<h2>Blues w wyj\u0105tkowym, \u015bwi\u0105tecznym wydaniu<\/h2>\n<p>Zapraszamy na niezwyk\u0142y wiecz\u00f3r, podczas kt\u00f3rego Paulina Go\u0142\u0119biowska zabierze Pa\u0144stwa w muzyczn\u0105 podr\u00f3\u017c pe\u0142n\u0105 bluesowych emocji, ciep\u0142a i \u015bwi\u0105tecznego klimatu. To prawdziwa gratka dla fan\u00f3w gatunku, \u015bwi\u0105teczny blues to rzadko\u015b\u0107, kt\u00f3ra w Vertigo zabrzmi z pe\u0142n\u0105 moc\u0105.<\/p>\n<h2>Magia d\u017awi\u0119k\u00f3w i \u015bwi\u0105teczny klimat<\/h2>\n<p>Wraz z zespo\u0142em, artystka zaprezentuje klasyczne utwory w niepowtarzalnych, bluesowych interpretacjach. Nie zabraknie nastrojowych ballad, gitarowych sol\u00f3wek i improwizacji, kt\u00f3re rozgrzej\u0105 nawet najch\u0142odniejszy zimowy wiecz\u00f3r.<\/p>\n<h2>Spotkanie duszy bluesa z magi\u0105 \u015awi\u0105t<\/h2>\n<p>To b\u0119dzie wiecz\u00f3r, w kt\u00f3rym \u015bwi\u0105teczna magia spotka si\u0119 z dusz\u0105 bluesa: pe\u0142en emocji, autentyczno\u015bci i muzycznego pi\u0119kna, kt\u00f3rego nie spos\u00f3b zapomnie\u0107.<\/p>\n<p>English below:<\/p>\n<p>Blues in a Unique Christmas Edition<\/p>\n<p>Join us for an extraordinary evening during which Paulina Go\u0142\u0119biowska will take you on a musical journey full of bluesy emotions, warmth and festive atmosphere. It\u2019s a real treat for fans of the genre \u2013 Christmas blues is a rarity, and at Vertigo it will resound with full power.<\/p>\n<p>The Magic of Sound and a Festive Mood<\/p>\n<p>Together with her band, the artist will present classic songs in unique blues interpretations. There will be no shortage of atmospheric ballads, guitar solos and improvisations that will warm up even the coldest winter night.<\/p>\n<p>Where the Soul of the Blues Meets the Magic of Christmas<\/p>\n<p>It will be an evening where the magic of Christmas meets the soul of the blues: full of emotion, authenticity and musical beauty that\u2019s impossible to forget.<\/p>\n\n<p>REGULAMIN: Lokal po godzinie 19:00 przeznaczony jest dla os\u00f3b powy\u017cej 18 roku \u017cycia. Osoby niepe\u0142noletnie nie zostan\u0105 wpuszczone na wydarzenia organizowane przez Vertigo Jazz Club &amp; Restaurant<\/p>\n","protected":false},"excerpt":{"rendered":"<p>Blues w wyj\u0105tkowym, \u015bwi\u0105tecznym wydaniu Zapraszamy na niezwyk\u0142y wiecz\u00f3r, podczas kt\u00f3rego Paulina Go\u0142\u0119biowska zabierze Pa\u0144stwa w muzyczn\u0105 podr\u00f3\u017c pe\u0142n\u0105 bluesowych emocji, ciep\u0142a i \u015bwi\u0105tecznego klimatu. To prawdziwa gratka dla fan\u00f3w gatunku, \u015bwi\u0105teczny blues to rzadko\u015b\u0107, kt\u00f3ra w Vertigo zabrzmi z pe\u0142n\u0105 moc\u0105. Magia d\u017awi\u0119k\u00f3w i \u015bwi\u0105teczny klimat Wraz z zespo\u0142em, artystka zaprezentuje klasyczne utwory w [&hellip;]<\/p>\n","protected":false},"author":13,"featured_media":0,"parent":0,"menu_order":0,"template":"","meta":{"_acf_changed":false,"footnotes":""},"class_list":["post-14935","wydarzenie","type-wydarzenie","status-publish","hentry"],"acf":[],"yoast_head":"<!-- This site is optimized with the Yoast SEO plugin v26.0 - https:\/\/yoast.com\/wordpress\/plugins\/seo\/ -->\n<title>Blue Christmas - Paulina Go\u0142\u0119biowska - Vertigo Jazz Club &amp; Restaurant<\/title>\n<meta name=\"description\" content=\"To prawdziwa gratka dla fan\u00f3w gatunku, \u015bwi\u0105teczny blues to rzadko\u015b\u0107, kt\u00f3ra w Vertigo zabrzmi z pe\u0142n\u0105 moc\u0105.\" \/>\n<meta name=\"robots\" content=\"index, follow, max-snippet:-1, max-image-preview:large, max-video-preview:-1\" \/>\n<link rel=\"canonical\" href=\"https:\/\/vertigojazz.pl\/wydarzenia\/blue-christmas-paulina-golebiowska\/\" \/>\n<meta property=\"og:locale\" content=\"uk_UA\" \/>\n<meta property=\"og:type\" content=\"article\" \/>\n<meta property=\"og:title\" content=\"Blue Christmas - Paulina Go\u0142\u0119biowska - Vertigo Jazz Club &amp; Restaurant\" \/>\n<meta property=\"og:description\" content=\"To prawdziwa gratka dla fan\u00f3w gatunku, \u015bwi\u0105teczny blues to rzadko\u015b\u0107, kt\u00f3ra w Vertigo zabrzmi z pe\u0142n\u0105 moc\u0105.\" \/>\n<meta property=\"og:url\" content=\"https:\/\/vertigojazz.pl\/wydarzenia\/blue-christmas-paulina-golebiowska\/\" \/>\n<meta property=\"og:site_name\" content=\"Vertigo Jazz Club &amp; Restaurant\" \/>\n<meta property=\"article:publisher\" content=\"https:\/\/www.facebook.com\/vertigojazzclub\" \/>\n<meta property=\"article:modified_time\" content=\"2025-11-26T17:43:12+00:00\" \/>\n<meta property=\"og:image\" content=\"https:\/\/vertigojazz.pl\/wp-content\/uploads\/2025\/08\/VertigoJazz-Logo_1080_1080.jpeg\" \/>\n\t<meta property=\"og:image:width\" content=\"768\" \/>\n\t<meta property=\"og:image:height\" content=\"768\" \/>\n\t<meta property=\"og:image:type\" content=\"image\/jpeg\" \/>\n<meta name=\"twitter:card\" content=\"summary_large_image\" \/>\n<meta name=\"twitter:label1\" content=\"Est. reading time\" \/>\n\t<meta name=\"twitter:data1\" content=\"2 minutes\" \/>\n<script type=\"application\/ld+json\" class=\"yoast-schema-graph\">{\"@context\":\"https:\/\/schema.org\",\"@graph\":[{\"@type\":\"WebPage\",\"@id\":\"https:\/\/vertigojazz.pl\/wydarzenia\/blue-christmas-paulina-golebiowska\/\",\"url\":\"https:\/\/vertigojazz.pl\/wydarzenia\/blue-christmas-paulina-golebiowska\/\",\"name\":\"Blue Christmas - Paulina Go\u0142\u0119biowska - Vertigo Jazz Club &amp; Restaurant\",\"isPartOf\":{\"@id\":\"https:\/\/vertigojazz.pl\/#website\"},\"datePublished\":\"2025-11-14T16:39:57+00:00\",\"dateModified\":\"2025-11-26T17:43:12+00:00\",\"description\":\"To prawdziwa gratka dla fan\u00f3w gatunku, \u015bwi\u0105teczny blues to rzadko\u015b\u0107, kt\u00f3ra w Vertigo zabrzmi z pe\u0142n\u0105 moc\u0105.\",\"breadcrumb\":{\"@id\":\"https:\/\/vertigojazz.pl\/wydarzenia\/blue-christmas-paulina-golebiowska\/#breadcrumb\"},\"inLanguage\":\"uk-UA\",\"potentialAction\":[{\"@type\":\"ReadAction\",\"target\":[\"https:\/\/vertigojazz.pl\/wydarzenia\/blue-christmas-paulina-golebiowska\/\"]}]},{\"@type\":\"BreadcrumbList\",\"@id\":\"https:\/\/vertigojazz.pl\/wydarzenia\/blue-christmas-paulina-golebiowska\/#breadcrumb\",\"itemListElement\":[{\"@type\":\"ListItem\",\"position\":1,\"name\":\"Strona g\u0142\u00f3wna\",\"item\":\"https:\/\/vertigojazz.pl\/uk\/\"},{\"@type\":\"ListItem\",\"position\":2,\"name\":\"Blue Christmas &#8211; Paulina Go\u0142\u0119biowska\"}]},{\"@type\":\"WebSite\",\"@id\":\"https:\/\/vertigojazz.pl\/#website\",\"url\":\"https:\/\/vertigojazz.pl\/\",\"name\":\"Vertigo Jazz Club & Restaurant\",\"description\":\"klub muzyczny we Wroc\u0142awiu\",\"publisher\":{\"@id\":\"https:\/\/vertigojazz.pl\/#organization\"},\"potentialAction\":[{\"@type\":\"SearchAction\",\"target\":{\"@type\":\"EntryPoint\",\"urlTemplate\":\"https:\/\/vertigojazz.pl\/?s={search_term_string}\"},\"query-input\":{\"@type\":\"PropertyValueSpecification\",\"valueRequired\":true,\"valueName\":\"search_term_string\"}}],\"inLanguage\":\"uk-UA\"},{\"@type\":\"Organization\",\"@id\":\"https:\/\/vertigojazz.pl\/#organization\",\"name\":\"Vertigo Jazz Club & Restaurant\",\"alternateName\":\"Klub muzyczny we Wroc\u0142awiu\",\"url\":\"https:\/\/vertigojazz.pl\/\",\"logo\":{\"@type\":\"ImageObject\",\"inLanguage\":\"uk-UA\",\"@id\":\"https:\/\/vertigojazz.pl\/#\/schema\/logo\/image\/\",\"url\":\"https:\/\/vertigojazz.pl\/wp-content\/uploads\/2025\/04\/cropped-vertigo_logo_biale-180x180-1.jpg\",\"contentUrl\":\"https:\/\/vertigojazz.pl\/wp-content\/uploads\/2025\/04\/cropped-vertigo_logo_biale-180x180-1.jpg\",\"width\":180,\"height\":180,\"caption\":\"Vertigo Jazz Club & Restaurant\"},\"image\":{\"@id\":\"https:\/\/vertigojazz.pl\/#\/schema\/logo\/image\/\"},\"sameAs\":[\"https:\/\/www.facebook.com\/vertigojazzclub\",\"https:\/\/www.instagram.com\/vertigo_jazz_club\/\",\"https:\/\/www.youtube.com\/channel\/UC8sPrX3Xuv7bfuhfr3XbqXg\",\"https:\/\/www.tiktok.com\/@vertigojazzclub\"]}]}<\/script>\n<!-- \/ Yoast SEO plugin. -->","yoast_head_json":{"title":"Blue Christmas - Paulina Go\u0142\u0119biowska - Vertigo Jazz Club &amp; Restaurant","description":"To prawdziwa gratka dla fan\u00f3w gatunku, \u015bwi\u0105teczny blues to rzadko\u015b\u0107, kt\u00f3ra w Vertigo zabrzmi z pe\u0142n\u0105 moc\u0105.","robots":{"index":"index","follow":"follow","max-snippet":"max-snippet:-1","max-image-preview":"max-image-preview:large","max-video-preview":"max-video-preview:-1"},"canonical":"https:\/\/vertigojazz.pl\/wydarzenia\/blue-christmas-paulina-golebiowska\/","og_locale":"uk_UA","og_type":"article","og_title":"Blue Christmas - Paulina Go\u0142\u0119biowska - Vertigo Jazz Club &amp; Restaurant","og_description":"To prawdziwa gratka dla fan\u00f3w gatunku, \u015bwi\u0105teczny blues to rzadko\u015b\u0107, kt\u00f3ra w Vertigo zabrzmi z pe\u0142n\u0105 moc\u0105.","og_url":"https:\/\/vertigojazz.pl\/wydarzenia\/blue-christmas-paulina-golebiowska\/","og_site_name":"Vertigo Jazz Club &amp; Restaurant","article_publisher":"https:\/\/www.facebook.com\/vertigojazzclub","article_modified_time":"2025-11-26T17:43:12+00:00","og_image":[{"width":768,"height":768,"url":"https:\/\/vertigojazz.pl\/wp-content\/uploads\/2025\/08\/VertigoJazz-Logo_1080_1080.jpeg","type":"image\/jpeg"}],"twitter_card":"summary_large_image","twitter_misc":{"Est. reading time":"2 minutes"},"schema":{"@context":"https:\/\/schema.org","@graph":[{"@type":"WebPage","@id":"https:\/\/vertigojazz.pl\/wydarzenia\/blue-christmas-paulina-golebiowska\/","url":"https:\/\/vertigojazz.pl\/wydarzenia\/blue-christmas-paulina-golebiowska\/","name":"Blue Christmas - Paulina Go\u0142\u0119biowska - Vertigo Jazz Club &amp; Restaurant","isPartOf":{"@id":"https:\/\/vertigojazz.pl\/#website"},"datePublished":"2025-11-14T16:39:57+00:00","dateModified":"2025-11-26T17:43:12+00:00","description":"To prawdziwa gratka dla fan\u00f3w gatunku, \u015bwi\u0105teczny blues to rzadko\u015b\u0107, kt\u00f3ra w Vertigo zabrzmi z pe\u0142n\u0105 moc\u0105.","breadcrumb":{"@id":"https:\/\/vertigojazz.pl\/wydarzenia\/blue-christmas-paulina-golebiowska\/#breadcrumb"},"inLanguage":"uk-UA","potentialAction":[{"@type":"ReadAction","target":["https:\/\/vertigojazz.pl\/wydarzenia\/blue-christmas-paulina-golebiowska\/"]}]},{"@type":"BreadcrumbList","@id":"https:\/\/vertigojazz.pl\/wydarzenia\/blue-christmas-paulina-golebiowska\/#breadcrumb","itemListElement":[{"@type":"ListItem","position":1,"name":"Strona g\u0142\u00f3wna","item":"https:\/\/vertigojazz.pl\/uk\/"},{"@type":"ListItem","position":2,"name":"Blue Christmas &#8211; Paulina Go\u0142\u0119biowska"}]},{"@type":"WebSite","@id":"https:\/\/vertigojazz.pl\/#website","url":"https:\/\/vertigojazz.pl\/","name":"Vertigo Jazz Club & Restaurant","description":"klub muzyczny we Wroc\u0142awiu","publisher":{"@id":"https:\/\/vertigojazz.pl\/#organization"},"potentialAction":[{"@type":"SearchAction","target":{"@type":"EntryPoint","urlTemplate":"https:\/\/vertigojazz.pl\/?s={search_term_string}"},"query-input":{"@type":"PropertyValueSpecification","valueRequired":true,"valueName":"search_term_string"}}],"inLanguage":"uk-UA"},{"@type":"Organization","@id":"https:\/\/vertigojazz.pl\/#organization","name":"Vertigo Jazz Club & Restaurant","alternateName":"Klub muzyczny we Wroc\u0142awiu","url":"https:\/\/vertigojazz.pl\/","logo":{"@type":"ImageObject","inLanguage":"uk-UA","@id":"https:\/\/vertigojazz.pl\/#\/schema\/logo\/image\/","url":"https:\/\/vertigojazz.pl\/wp-content\/uploads\/2025\/04\/cropped-vertigo_logo_biale-180x180-1.jpg","contentUrl":"https:\/\/vertigojazz.pl\/wp-content\/uploads\/2025\/04\/cropped-vertigo_logo_biale-180x180-1.jpg","width":180,"height":180,"caption":"Vertigo Jazz Club & Restaurant"},"image":{"@id":"https:\/\/vertigojazz.pl\/#\/schema\/logo\/image\/"},"sameAs":["https:\/\/www.facebook.com\/vertigojazzclub","https:\/\/www.instagram.com\/vertigo_jazz_club\/","https:\/\/www.youtube.com\/channel\/UC8sPrX3Xuv7bfuhfr3XbqXg","https:\/\/www.tiktok.com\/@vertigojazzclub"]}]}},"_links":{"self":[{"href":"https:\/\/vertigojazz.pl\/uk\/wp-json\/wp\/v2\/wydarzenie\/14935","targetHints":{"allow":["GET"]}}],"collection":[{"href":"https:\/\/vertigojazz.pl\/uk\/wp-json\/wp\/v2\/wydarzenie"}],"about":[{"href":"https:\/\/vertigojazz.pl\/uk\/wp-json\/wp\/v2\/types\/wydarzenie"}],"author":[{"embeddable":true,"href":"https:\/\/vertigojazz.pl\/uk\/wp-json\/wp\/v2\/users\/13"}],"version-history":[{"count":1,"href":"https:\/\/vertigojazz.pl\/uk\/wp-json\/wp\/v2\/wydarzenie\/14935\/revisions"}],"predecessor-version":[{"id":15229,"href":"https:\/\/vertigojazz.pl\/uk\/wp-json\/wp\/v2\/wydarzenie\/14935\/revisions\/15229"}],"wp:attachment":[{"href":"https:\/\/vertigojazz.pl\/uk\/wp-json\/wp\/v2\/media?parent=14935"}],"curies":[{"name":"wp","href":"https:\/\/api.w.org\/{rel}","templated":true}]}}

Blue Christmas &#8211; Paulina Gołębiowska

<h2>Blues w wyjątkowym, świątecznym wydaniu</h2>
<p>Zapraszamy na niezwykły wieczór, podczas którego Paulina Gołębiowska zabierze Państwa w muzyczną podróż pełną bluesowych emocji, ciepła i świątecznego klimatu. To prawdziwa gratka dla fanów gatunku, świąteczny blues to rzadkość, która w Vertigo zabrzmi z pełną mocą.</p>
<h2>Magia dźwięków i świąteczny klimat</h2>
<p>Wraz z zespołem, artystka zaprezentuje klasyczne utwory w niepowtarzalnych, bluesowych interpretacjach. Nie zabraknie nastrojowych ballad, gitarowych solówek i improwizacji, które rozgrzeją nawet najchłodniejszy zimowy wieczór.</p>
<h2>Spotkanie duszy bluesa z magią Świąt</h2>
<p>To będzie wieczór, w którym świąteczna magia spotka się z duszą bluesa: pełen emocji, autentyczności i muzycznego piękna, którego nie sposób zapomnieć.</p>
<p>English below:</p>
<p>Blues in a Unique Christmas Edition</p>
<p>Join us for an extraordinary evening during which Paulina Gołębiowska will take you on a musical journey full of bluesy emotions, warmth and festive atmosphere. It’s a real treat for fans of the genre – Christmas blues is a rarity, and at Vertigo it will resound with full power.</p>
<p>The Magic of Sound and a Festive Mood</p>
<p>Together with her band, the artist will present classic songs in unique blues interpretations. There will be no shortage of atmospheric ballads, guitar solos and improvisations that will warm up even the coldest winter night.</p>
<p>Where the Soul of the Blues Meets the Magic of Christmas</p>
<p>It will be an evening where the magic of Christmas meets the soul of the blues: full of emotion, authenticity and musical beauty that’s impossible to forget.</p>

<p>REGULAMIN: Lokal po godzinie 19:00 przeznaczony jest dla osób powyżej 18 roku życia. Osoby niepełnoletnie nie zostaną wpuszczone na wydarzenia organizowane przez Vertigo Jazz Club &amp; Restaurant</p>

<p>Blues w wyjątkowym, świątecznym wydaniu Zapraszamy na niezwykły wieczór, podczas którego Paulina Gołębiowska zabierze Państwa w muzyczną podróż pełną bluesowych emocji, ciepła i świątecznego klimatu. To prawdziwa gratka dla fanów gatunku, świąteczny blues to rzadkość, która w Vertigo zabrzmi z pełną mocą. Magia dźwięków i świąteczny klimat Wraz z zespołem, artystka zaprezentuje klasyczne utwory w [&hellip;]</p>

<!-- This site is optimized with the Yoast SEO plugin v26.0 - https://yoast.com/wordpress/plugins/seo/ -->
<title>Blue Christmas - Paulina Gołębiowska - Vertigo Jazz Club &amp; Restaurant</title>
<meta name="description" content="To prawdziwa gratka dla fanów gatunku, świąteczny blues to rzadkość, która w Vertigo zabrzmi z pełną mocą." />
<meta name="robots" content="index, follow, max-snippet:-1, max-image-preview:large, max-video-preview:-1" />
<link rel="canonical" href="https://vertigojazz.pl/wydarzenia/blue-christmas-paulina-golebiowska/" />
<meta property="og:locale" content="uk_UA" />
<meta property="og:type" content="article" />
<meta property="og:title" content="Blue Christmas - Paulina Gołębiowska - Vertigo Jazz Club &amp; Restaurant" />
<meta property="og:description" content="To prawdziwa gratka dla fanów gatunku, świąteczny blues to rzadkość, która w Vertigo zabrzmi z pełną mocą." />
<meta property="og:url" content="https://vertigojazz.pl/wydarzenia/blue-christmas-paulina-golebiowska/" />
<meta property="og:site_name" content="Vertigo Jazz Club &amp; Restaurant" />
<meta property="article:publisher" content="https://www.facebook.com/vertigojazzclub" />
<meta property="article:modified_time" content="2025-11-26T17:43:12+00:00" />
<meta property="og:image" content="https://vertigojazz.pl/wp-content/uploads/2025/08/VertigoJazz-Logo_1080_1080.jpeg" />
	<meta property="og:image:width" content="768" />
	<meta property="og:image:height" content="768" />
	<meta property="og:image:type" content="image/jpeg" />
<meta name="twitter:card" content="summary_large_image" />
<meta name="twitter:label1" content="Est. reading time" />
	<meta name="twitter:data1" content="2 minutes" />
<script type="application/ld+json" class="yoast-schema-graph">{"@context":"https://schema.org","@graph":[{"@type":"WebPage","@id":"https://vertigojazz.pl/wydarzenia/blue-christmas-paulina-golebiowska/","url":"https://vertigojazz.pl/wydarzenia/blue-christmas-paulina-golebiowska/","name":"Blue Christmas - Paulina Gołębiowska - Vertigo Jazz Club &amp; Restaurant","isPartOf":{"@id":"https://vertigojazz.pl/#website"},"datePublished":"2025-11-14T16:39:57+00:00","dateModified":"2025-11-26T17:43:12+00:00","description":"To prawdziwa gratka dla fanów gatunku, świąteczny blues to rzadkość, która w Vertigo zabrzmi z pełną mocą.","breadcrumb":{"@id":"https://vertigojazz.pl/wydarzenia/blue-christmas-paulina-golebiowska/#breadcrumb"},"inLanguage":"uk-UA","potentialAction":[{"@type":"ReadAction","target":["https://vertigojazz.pl/wydarzenia/blue-christmas-paulina-golebiowska/"]}]},{"@type":"BreadcrumbList","@id":"https://vertigojazz.pl/wydarzenia/blue-christmas-paulina-golebiowska/#breadcrumb","itemListElement":[{"@type":"ListItem","position":1,"name":"Strona główna","item":"https://vertigojazz.pl/uk/"},{"@type":"ListItem","position":2,"name":"Blue Christmas &#8211; Paulina Gołębiowska"}]},{"@type":"WebSite","@id":"https://vertigojazz.pl/#website","url":"https://vertigojazz.pl/","name":"Vertigo Jazz Club & Restaurant","description":"klub muzyczny we Wrocławiu","publisher":{"@id":"https://vertigojazz.pl/#organization"},"potentialAction":[{"@type":"SearchAction","target":{"@type":"EntryPoint","urlTemplate":"https://vertigojazz.pl/?s={search_term_string}"},"query-input":{"@type":"PropertyValueSpecification","valueRequired":true,"valueName":"search_term_string"}}],"inLanguage":"uk-UA"},{"@type":"Organization","@id":"https://vertigojazz.pl/#organization","name":"Vertigo Jazz Club & Restaurant","alternateName":"Klub muzyczny we Wrocławiu","url":"https://vertigojazz.pl/","logo":{"@type":"ImageObject","inLanguage":"uk-UA","@id":"https://vertigojazz.pl/#/schema/logo/image/","url":"https://vertigojazz.pl/wp-content/uploads/2025/04/cropped-vertigo_logo_biale-180x180-1.jpg","contentUrl":"https://vertigojazz.pl/wp-content/uploads/2025/04/cropped-vertigo_logo_biale-180x180-1.jpg","width":180,"height":180,"caption":"Vertigo Jazz Club & Restaurant"},"image":{"@id":"https://vertigojazz.pl/#/schema/logo/image/"},"sameAs":["https://www.facebook.com/vertigojazzclub","https://www.instagram.com/vertigo_jazz_club/","https://www.youtube.com/channel/UC8sPrX3Xuv7bfuhfr3XbqXg","https://www.tiktok.com/@vertigojazzclub"]}]}</script>
<!-- / Yoast SEO plugin. -->

Blue Christmas - Paulina Gołębiowska - Vertigo Jazz Club &amp; Restaurant

To prawdziwa gratka dla fanów gatunku, świąteczny blues to rzadkość, która w Vertigo zabrzmi z pełną mocą.

Strona główna

klub muzyczny we Wrocławiu

Klub muzyczny we Wrocławiu
