{"id":15478,"date":"2025-12-01T18:54:58","date_gmt":"2025-12-01T17:54:58","guid":{"rendered":"https:\/\/vertigojazz.pl\/wydarzenia\/amy-winehouse-by-natalia-podwin\/"},"modified":"2025-12-18T12:15:32","modified_gmt":"2025-12-18T11:15:32","slug":"amy-winehouse-by-natalia-podwin","status":"publish","type":"wydarzenie","link":"https:\/\/vertigojazz.pl\/uk\/wydarzenia\/amy-winehouse-by-natalia-podwin\/","title":{"rendered":"Amy Winehouse by Natalia Podwin"},"content":{"rendered":"<p>*Scroll down to English version*<\/p>\n<h1>\u200bMuzyczny ho\u0142d dla ikony XXI wieku<\/h1>\n<p>Amy Winehouse Night to wyj\u0105tkowy wiecz\u00f3r, b\u0119d\u0105cy muzycznym ho\u0142dem dla jednej z najbardziej charyzmatycznych i wp\u0142ywowych wokalistek XXI wieku. Publiczno\u015b\u0107 zanurzy si\u0119 w charakterystycznym, g\u0142\u0119bokim brzmieniu, kt\u00f3re na nowo przywo\u0142a emocje towarzysz\u0105ce tw\u00f3rczo\u015bci Amy \u2013 od surowej szczero\u015bci jej g\u0142osu, po pe\u0142ne melancholii teksty.<\/p>\n<h2>\u200bNajwi\u0119ksze przeboje w nowych aran\u017cacjach<\/h2>\n<p>Na scenie artystce towarzyszy\u0107 b\u0119dzie sze\u015bciosobowy zesp\u00f3\u0142, odpowiedzialny za \u017cywe, energetyczne i dopracowane aran\u017cacje najwi\u0119kszych przeboj\u00f3w, takich jak <i>\u201eRehab\u201d<\/i>, <i>\u201eBack to Black\u201d<\/i> czy <i>\u201eYou Know I\u2019m No Good\u201d<\/i>.<\/p>\n<h2>Wiecz\u00f3r pe\u0142en emocji, nostalgii i energii<\/h2>\n<p>To wydarzenie \u0142\u0105czy intensywne soulowe brzmienie, mocny rytm i ponadczasow\u0105 muzyczn\u0105 histori\u0119. Ka\u017cdy utw\u00f3r wybrzmi z now\u0105 si\u0142\u0105, tworz\u0105c atmosfer\u0119 pe\u0142n\u0105 emocji, nostalgii i pi\u0119knej energii, kt\u00f3r\u0105 nios\u0142a ze sob\u0105 Amy Winehouse.<\/p>\n<p><b>REGULAMIN: Lokal po godzinie 19:00 przeznaczony jest dla os\u00f3b powy\u017cej 18 roku \u017cycia. Osoby niepe\u0142noletnie nie zostan\u0105 wpuszczone na wydarzenia organizowane przez Vertigo Jazz Club &amp; Restaurant<\/b><\/p>\n<p>English version:<\/p>\n<p><b>A Musical Tribute to a 21st Century Icon<\/b><br \/>\nAmy Winehouse Night is a unique evening, serving as a musical tribute to one of the most charismatic and influential vocalists of the 21st century. The audience will immerse themselves in the characteristic, deep sound that will reawaken the emotions associated with Amy&#8217;s work\u2014from the raw honesty of her voice to her melancholic lyrics.<\/p>\n<p><b>Greatest Hits in New Arrangements<\/b><\/p>\n<p>The lead artist will be accompanied on stage by a six-piece band, responsible for lively, energetic, and meticulously crafted arrangements of her biggest hits, such as \u201cRehab,\u201d \u201cBack to Black,\u201d and \u201cYou Know I\u2019m No Good.\u201d<\/p>\n<p><b>An Evening Full of Emotion, Nostalgia, and Energy<\/b><br \/>\nThis event combines intense soulful sound, powerful rhythm, and a timeless musical story. Every track will resonate with new power, creating an atmosphere full of emotion, nostalgia, and the beautiful energy that Amy Winehouse embodied.<\/p>\n<h2><\/h2>\n<h2><\/h2>\n","protected":false},"excerpt":{"rendered":"<p>*Scroll down to English version* \u200bMuzyczny ho\u0142d dla ikony XXI wieku Amy Winehouse Night to wyj\u0105tkowy wiecz\u00f3r, b\u0119d\u0105cy muzycznym ho\u0142dem dla jednej z najbardziej charyzmatycznych i wp\u0142ywowych wokalistek XXI wieku. Publiczno\u015b\u0107 zanurzy si\u0119 w charakterystycznym, g\u0142\u0119bokim brzmieniu, kt\u00f3re na nowo przywo\u0142a emocje towarzysz\u0105ce tw\u00f3rczo\u015bci Amy \u2013 od surowej szczero\u015bci jej g\u0142osu, po pe\u0142ne melancholii teksty. [&hellip;]<\/p>\n","protected":false},"author":13,"featured_media":0,"parent":0,"menu_order":0,"template":"","meta":{"_acf_changed":false,"footnotes":""},"class_list":["post-15478","wydarzenie","type-wydarzenie","status-publish","hentry"],"acf":[],"yoast_head":"<!-- This site is optimized with the Yoast SEO plugin v26.0 - https:\/\/yoast.com\/wordpress\/plugins\/seo\/ -->\n<title>Amy Winehouse by Natalia Podwin - Vertigo Jazz Club &amp; Restaurant<\/title>\n<meta name=\"description\" content=\"Publiczno\u015b\u0107 zanurzy si\u0119 w charakterystycznym, g\u0142\u0119bokim brzmieniu, kt\u00f3re na nowo przywo\u0142a emocje towarzysz\u0105ce tw\u00f3rczo\u015bci Amy.\" \/>\n<meta name=\"robots\" content=\"index, follow, max-snippet:-1, max-image-preview:large, max-video-preview:-1\" \/>\n<link rel=\"canonical\" href=\"https:\/\/vertigojazz.pl\/wydarzenia\/amy-winehouse-by-natalia-podwin\/\" \/>\n<meta property=\"og:locale\" content=\"uk_UA\" \/>\n<meta property=\"og:type\" content=\"article\" \/>\n<meta property=\"og:title\" content=\"Amy Winehouse by Natalia Podwin - Vertigo Jazz Club &amp; Restaurant\" \/>\n<meta property=\"og:description\" content=\"Publiczno\u015b\u0107 zanurzy si\u0119 w charakterystycznym, g\u0142\u0119bokim brzmieniu, kt\u00f3re na nowo przywo\u0142a emocje towarzysz\u0105ce tw\u00f3rczo\u015bci Amy.\" \/>\n<meta property=\"og:url\" content=\"https:\/\/vertigojazz.pl\/wydarzenia\/amy-winehouse-by-natalia-podwin\/\" \/>\n<meta property=\"og:site_name\" content=\"Vertigo Jazz Club &amp; Restaurant\" \/>\n<meta property=\"article:publisher\" content=\"https:\/\/www.facebook.com\/vertigojazzclub\" \/>\n<meta property=\"article:modified_time\" content=\"2025-12-18T11:15:32+00:00\" \/>\n<meta property=\"og:image\" content=\"https:\/\/vertigojazz.pl\/wp-content\/uploads\/2025\/08\/VertigoJazz-Logo_1080_1080.jpeg\" \/>\n\t<meta property=\"og:image:width\" content=\"768\" \/>\n\t<meta property=\"og:image:height\" content=\"768\" \/>\n\t<meta property=\"og:image:type\" content=\"image\/jpeg\" \/>\n<meta name=\"twitter:card\" content=\"summary_large_image\" \/>\n<meta name=\"twitter:label1\" content=\"Est. reading time\" \/>\n\t<meta name=\"twitter:data1\" content=\"2 minutes\" \/>\n<script type=\"application\/ld+json\" class=\"yoast-schema-graph\">{\"@context\":\"https:\/\/schema.org\",\"@graph\":[{\"@type\":\"WebPage\",\"@id\":\"https:\/\/vertigojazz.pl\/wydarzenia\/amy-winehouse-by-natalia-podwin\/\",\"url\":\"https:\/\/vertigojazz.pl\/wydarzenia\/amy-winehouse-by-natalia-podwin\/\",\"name\":\"Amy Winehouse by Natalia Podwin - Vertigo Jazz Club &amp; Restaurant\",\"isPartOf\":{\"@id\":\"https:\/\/vertigojazz.pl\/#website\"},\"datePublished\":\"2025-12-01T17:54:58+00:00\",\"dateModified\":\"2025-12-18T11:15:32+00:00\",\"description\":\"Publiczno\u015b\u0107 zanurzy si\u0119 w charakterystycznym, g\u0142\u0119bokim brzmieniu, kt\u00f3re na nowo przywo\u0142a emocje towarzysz\u0105ce tw\u00f3rczo\u015bci Amy.\",\"breadcrumb\":{\"@id\":\"https:\/\/vertigojazz.pl\/wydarzenia\/amy-winehouse-by-natalia-podwin\/#breadcrumb\"},\"inLanguage\":\"uk-UA\",\"potentialAction\":[{\"@type\":\"ReadAction\",\"target\":[\"https:\/\/vertigojazz.pl\/wydarzenia\/amy-winehouse-by-natalia-podwin\/\"]}]},{\"@type\":\"BreadcrumbList\",\"@id\":\"https:\/\/vertigojazz.pl\/wydarzenia\/amy-winehouse-by-natalia-podwin\/#breadcrumb\",\"itemListElement\":[{\"@type\":\"ListItem\",\"position\":1,\"name\":\"Strona g\u0142\u00f3wna\",\"item\":\"https:\/\/vertigojazz.pl\/uk\/\"},{\"@type\":\"ListItem\",\"position\":2,\"name\":\"Amy Winehouse by Natalia Podwin\"}]},{\"@type\":\"WebSite\",\"@id\":\"https:\/\/vertigojazz.pl\/#website\",\"url\":\"https:\/\/vertigojazz.pl\/\",\"name\":\"Vertigo Jazz Club & Restaurant\",\"description\":\"klub muzyczny we Wroc\u0142awiu\",\"publisher\":{\"@id\":\"https:\/\/vertigojazz.pl\/#organization\"},\"potentialAction\":[{\"@type\":\"SearchAction\",\"target\":{\"@type\":\"EntryPoint\",\"urlTemplate\":\"https:\/\/vertigojazz.pl\/?s={search_term_string}\"},\"query-input\":{\"@type\":\"PropertyValueSpecification\",\"valueRequired\":true,\"valueName\":\"search_term_string\"}}],\"inLanguage\":\"uk-UA\"},{\"@type\":\"Organization\",\"@id\":\"https:\/\/vertigojazz.pl\/#organization\",\"name\":\"Vertigo Jazz Club & Restaurant\",\"alternateName\":\"Klub muzyczny we Wroc\u0142awiu\",\"url\":\"https:\/\/vertigojazz.pl\/\",\"logo\":{\"@type\":\"ImageObject\",\"inLanguage\":\"uk-UA\",\"@id\":\"https:\/\/vertigojazz.pl\/#\/schema\/logo\/image\/\",\"url\":\"https:\/\/vertigojazz.pl\/wp-content\/uploads\/2025\/04\/cropped-vertigo_logo_biale-180x180-1.jpg\",\"contentUrl\":\"https:\/\/vertigojazz.pl\/wp-content\/uploads\/2025\/04\/cropped-vertigo_logo_biale-180x180-1.jpg\",\"width\":180,\"height\":180,\"caption\":\"Vertigo Jazz Club & Restaurant\"},\"image\":{\"@id\":\"https:\/\/vertigojazz.pl\/#\/schema\/logo\/image\/\"},\"sameAs\":[\"https:\/\/www.facebook.com\/vertigojazzclub\",\"https:\/\/www.instagram.com\/vertigo_jazz_club\/\",\"https:\/\/www.youtube.com\/channel\/UC8sPrX3Xuv7bfuhfr3XbqXg\",\"https:\/\/www.tiktok.com\/@vertigojazzclub\"]}]}<\/script>\n<!-- \/ Yoast SEO plugin. -->","yoast_head_json":{"title":"Amy Winehouse by Natalia Podwin - Vertigo Jazz Club &amp; Restaurant","description":"Publiczno\u015b\u0107 zanurzy si\u0119 w charakterystycznym, g\u0142\u0119bokim brzmieniu, kt\u00f3re na nowo przywo\u0142a emocje towarzysz\u0105ce tw\u00f3rczo\u015bci Amy.","robots":{"index":"index","follow":"follow","max-snippet":"max-snippet:-1","max-image-preview":"max-image-preview:large","max-video-preview":"max-video-preview:-1"},"canonical":"https:\/\/vertigojazz.pl\/wydarzenia\/amy-winehouse-by-natalia-podwin\/","og_locale":"uk_UA","og_type":"article","og_title":"Amy Winehouse by Natalia Podwin - Vertigo Jazz Club &amp; Restaurant","og_description":"Publiczno\u015b\u0107 zanurzy si\u0119 w charakterystycznym, g\u0142\u0119bokim brzmieniu, kt\u00f3re na nowo przywo\u0142a emocje towarzysz\u0105ce tw\u00f3rczo\u015bci Amy.","og_url":"https:\/\/vertigojazz.pl\/wydarzenia\/amy-winehouse-by-natalia-podwin\/","og_site_name":"Vertigo Jazz Club &amp; Restaurant","article_publisher":"https:\/\/www.facebook.com\/vertigojazzclub","article_modified_time":"2025-12-18T11:15:32+00:00","og_image":[{"width":768,"height":768,"url":"https:\/\/vertigojazz.pl\/wp-content\/uploads\/2025\/08\/VertigoJazz-Logo_1080_1080.jpeg","type":"image\/jpeg"}],"twitter_card":"summary_large_image","twitter_misc":{"Est. reading time":"2 minutes"},"schema":{"@context":"https:\/\/schema.org","@graph":[{"@type":"WebPage","@id":"https:\/\/vertigojazz.pl\/wydarzenia\/amy-winehouse-by-natalia-podwin\/","url":"https:\/\/vertigojazz.pl\/wydarzenia\/amy-winehouse-by-natalia-podwin\/","name":"Amy Winehouse by Natalia Podwin - Vertigo Jazz Club &amp; Restaurant","isPartOf":{"@id":"https:\/\/vertigojazz.pl\/#website"},"datePublished":"2025-12-01T17:54:58+00:00","dateModified":"2025-12-18T11:15:32+00:00","description":"Publiczno\u015b\u0107 zanurzy si\u0119 w charakterystycznym, g\u0142\u0119bokim brzmieniu, kt\u00f3re na nowo przywo\u0142a emocje towarzysz\u0105ce tw\u00f3rczo\u015bci Amy.","breadcrumb":{"@id":"https:\/\/vertigojazz.pl\/wydarzenia\/amy-winehouse-by-natalia-podwin\/#breadcrumb"},"inLanguage":"uk-UA","potentialAction":[{"@type":"ReadAction","target":["https:\/\/vertigojazz.pl\/wydarzenia\/amy-winehouse-by-natalia-podwin\/"]}]},{"@type":"BreadcrumbList","@id":"https:\/\/vertigojazz.pl\/wydarzenia\/amy-winehouse-by-natalia-podwin\/#breadcrumb","itemListElement":[{"@type":"ListItem","position":1,"name":"Strona g\u0142\u00f3wna","item":"https:\/\/vertigojazz.pl\/uk\/"},{"@type":"ListItem","position":2,"name":"Amy Winehouse by Natalia Podwin"}]},{"@type":"WebSite","@id":"https:\/\/vertigojazz.pl\/#website","url":"https:\/\/vertigojazz.pl\/","name":"Vertigo Jazz Club & Restaurant","description":"klub muzyczny we Wroc\u0142awiu","publisher":{"@id":"https:\/\/vertigojazz.pl\/#organization"},"potentialAction":[{"@type":"SearchAction","target":{"@type":"EntryPoint","urlTemplate":"https:\/\/vertigojazz.pl\/?s={search_term_string}"},"query-input":{"@type":"PropertyValueSpecification","valueRequired":true,"valueName":"search_term_string"}}],"inLanguage":"uk-UA"},{"@type":"Organization","@id":"https:\/\/vertigojazz.pl\/#organization","name":"Vertigo Jazz Club & Restaurant","alternateName":"Klub muzyczny we Wroc\u0142awiu","url":"https:\/\/vertigojazz.pl\/","logo":{"@type":"ImageObject","inLanguage":"uk-UA","@id":"https:\/\/vertigojazz.pl\/#\/schema\/logo\/image\/","url":"https:\/\/vertigojazz.pl\/wp-content\/uploads\/2025\/04\/cropped-vertigo_logo_biale-180x180-1.jpg","contentUrl":"https:\/\/vertigojazz.pl\/wp-content\/uploads\/2025\/04\/cropped-vertigo_logo_biale-180x180-1.jpg","width":180,"height":180,"caption":"Vertigo Jazz Club & Restaurant"},"image":{"@id":"https:\/\/vertigojazz.pl\/#\/schema\/logo\/image\/"},"sameAs":["https:\/\/www.facebook.com\/vertigojazzclub","https:\/\/www.instagram.com\/vertigo_jazz_club\/","https:\/\/www.youtube.com\/channel\/UC8sPrX3Xuv7bfuhfr3XbqXg","https:\/\/www.tiktok.com\/@vertigojazzclub"]}]}},"_links":{"self":[{"href":"https:\/\/vertigojazz.pl\/uk\/wp-json\/wp\/v2\/wydarzenie\/15478","targetHints":{"allow":["GET"]}}],"collection":[{"href":"https:\/\/vertigojazz.pl\/uk\/wp-json\/wp\/v2\/wydarzenie"}],"about":[{"href":"https:\/\/vertigojazz.pl\/uk\/wp-json\/wp\/v2\/types\/wydarzenie"}],"author":[{"embeddable":true,"href":"https:\/\/vertigojazz.pl\/uk\/wp-json\/wp\/v2\/users\/13"}],"version-history":[{"count":1,"href":"https:\/\/vertigojazz.pl\/uk\/wp-json\/wp\/v2\/wydarzenie\/15478\/revisions"}],"predecessor-version":[{"id":16898,"href":"https:\/\/vertigojazz.pl\/uk\/wp-json\/wp\/v2\/wydarzenie\/15478\/revisions\/16898"}],"wp:attachment":[{"href":"https:\/\/vertigojazz.pl\/uk\/wp-json\/wp\/v2\/media?parent=15478"}],"curies":[{"name":"wp","href":"https:\/\/api.w.org\/{rel}","templated":true}]}}

<p>*Scroll down to English version*</p>
<h1>​Muzyczny hołd dla ikony XXI wieku</h1>
<p>Amy Winehouse Night to wyjątkowy wieczór, będący muzycznym hołdem dla jednej z najbardziej charyzmatycznych i wpływowych wokalistek XXI wieku. Publiczność zanurzy się w charakterystycznym, głębokim brzmieniu, które na nowo przywoła emocje towarzyszące twórczości Amy – od surowej szczerości jej głosu, po pełne melancholii teksty.</p>
<h2>​Największe przeboje w nowych aranżacjach</h2>
<p>Na scenie artystce towarzyszyć będzie sześciosobowy zespół, odpowiedzialny za żywe, energetyczne i dopracowane aranżacje największych przebojów, takich jak <i>„Rehab”</i>, <i>„Back to Black”</i> czy <i>„You Know I’m No Good”</i>.</p>
<h2>Wieczór pełen emocji, nostalgii i energii</h2>
<p>To wydarzenie łączy intensywne soulowe brzmienie, mocny rytm i ponadczasową muzyczną historię. Każdy utwór wybrzmi z nową siłą, tworząc atmosferę pełną emocji, nostalgii i pięknej energii, którą niosła ze sobą Amy Winehouse.</p>
<p><b>REGULAMIN: Lokal po godzinie 19:00 przeznaczony jest dla osób powyżej 18 roku życia. Osoby niepełnoletnie nie zostaną wpuszczone na wydarzenia organizowane przez Vertigo Jazz Club &amp; Restaurant</b></p>
<p>English version:</p>
<p><b>A Musical Tribute to a 21st Century Icon</b><br />
Amy Winehouse Night is a unique evening, serving as a musical tribute to one of the most charismatic and influential vocalists of the 21st century. The audience will immerse themselves in the characteristic, deep sound that will reawaken the emotions associated with Amy&#8217;s work—from the raw honesty of her voice to her melancholic lyrics.</p>
<p><b>Greatest Hits in New Arrangements</b></p>
<p>The lead artist will be accompanied on stage by a six-piece band, responsible for lively, energetic, and meticulously crafted arrangements of her biggest hits, such as “Rehab,” “Back to Black,” and “You Know I’m No Good.”</p>
<p><b>An Evening Full of Emotion, Nostalgia, and Energy</b><br />
This event combines intense soulful sound, powerful rhythm, and a timeless musical story. Every track will resonate with new power, creating an atmosphere full of emotion, nostalgia, and the beautiful energy that Amy Winehouse embodied.</p>
<h2></h2>
<h2></h2>

<p>*Scroll down to English version* ​Muzyczny hołd dla ikony XXI wieku Amy Winehouse Night to wyjątkowy wieczór, będący muzycznym hołdem dla jednej z najbardziej charyzmatycznych i wpływowych wokalistek XXI wieku. Publiczność zanurzy się w charakterystycznym, głębokim brzmieniu, które na nowo przywoła emocje towarzyszące twórczości Amy – od surowej szczerości jej głosu, po pełne melancholii teksty. [&hellip;]</p>

<!-- This site is optimized with the Yoast SEO plugin v26.0 - https://yoast.com/wordpress/plugins/seo/ -->
<title>Amy Winehouse by Natalia Podwin - Vertigo Jazz Club &amp; Restaurant</title>
<meta name="description" content="Publiczność zanurzy się w charakterystycznym, głębokim brzmieniu, które na nowo przywoła emocje towarzyszące twórczości Amy." />
<meta name="robots" content="index, follow, max-snippet:-1, max-image-preview:large, max-video-preview:-1" />
<link rel="canonical" href="https://vertigojazz.pl/wydarzenia/amy-winehouse-by-natalia-podwin/" />
<meta property="og:locale" content="uk_UA" />
<meta property="og:type" content="article" />
<meta property="og:title" content="Amy Winehouse by Natalia Podwin - Vertigo Jazz Club &amp; Restaurant" />
<meta property="og:description" content="Publiczność zanurzy się w charakterystycznym, głębokim brzmieniu, które na nowo przywoła emocje towarzyszące twórczości Amy." />
<meta property="og:url" content="https://vertigojazz.pl/wydarzenia/amy-winehouse-by-natalia-podwin/" />
<meta property="og:site_name" content="Vertigo Jazz Club &amp; Restaurant" />
<meta property="article:publisher" content="https://www.facebook.com/vertigojazzclub" />
<meta property="article:modified_time" content="2025-12-18T11:15:32+00:00" />
<meta property="og:image" content="https://vertigojazz.pl/wp-content/uploads/2025/08/VertigoJazz-Logo_1080_1080.jpeg" />
	<meta property="og:image:width" content="768" />
	<meta property="og:image:height" content="768" />
	<meta property="og:image:type" content="image/jpeg" />
<meta name="twitter:card" content="summary_large_image" />
<meta name="twitter:label1" content="Est. reading time" />
	<meta name="twitter:data1" content="2 minutes" />
<script type="application/ld+json" class="yoast-schema-graph">{"@context":"https://schema.org","@graph":[{"@type":"WebPage","@id":"https://vertigojazz.pl/wydarzenia/amy-winehouse-by-natalia-podwin/","url":"https://vertigojazz.pl/wydarzenia/amy-winehouse-by-natalia-podwin/","name":"Amy Winehouse by Natalia Podwin - Vertigo Jazz Club &amp; Restaurant","isPartOf":{"@id":"https://vertigojazz.pl/#website"},"datePublished":"2025-12-01T17:54:58+00:00","dateModified":"2025-12-18T11:15:32+00:00","description":"Publiczność zanurzy się w charakterystycznym, głębokim brzmieniu, które na nowo przywoła emocje towarzyszące twórczości Amy.","breadcrumb":{"@id":"https://vertigojazz.pl/wydarzenia/amy-winehouse-by-natalia-podwin/#breadcrumb"},"inLanguage":"uk-UA","potentialAction":[{"@type":"ReadAction","target":["https://vertigojazz.pl/wydarzenia/amy-winehouse-by-natalia-podwin/"]}]},{"@type":"BreadcrumbList","@id":"https://vertigojazz.pl/wydarzenia/amy-winehouse-by-natalia-podwin/#breadcrumb","itemListElement":[{"@type":"ListItem","position":1,"name":"Strona główna","item":"https://vertigojazz.pl/uk/"},{"@type":"ListItem","position":2,"name":"Amy Winehouse by Natalia Podwin"}]},{"@type":"WebSite","@id":"https://vertigojazz.pl/#website","url":"https://vertigojazz.pl/","name":"Vertigo Jazz Club & Restaurant","description":"klub muzyczny we Wrocławiu","publisher":{"@id":"https://vertigojazz.pl/#organization"},"potentialAction":[{"@type":"SearchAction","target":{"@type":"EntryPoint","urlTemplate":"https://vertigojazz.pl/?s={search_term_string}"},"query-input":{"@type":"PropertyValueSpecification","valueRequired":true,"valueName":"search_term_string"}}],"inLanguage":"uk-UA"},{"@type":"Organization","@id":"https://vertigojazz.pl/#organization","name":"Vertigo Jazz Club & Restaurant","alternateName":"Klub muzyczny we Wrocławiu","url":"https://vertigojazz.pl/","logo":{"@type":"ImageObject","inLanguage":"uk-UA","@id":"https://vertigojazz.pl/#/schema/logo/image/","url":"https://vertigojazz.pl/wp-content/uploads/2025/04/cropped-vertigo_logo_biale-180x180-1.jpg","contentUrl":"https://vertigojazz.pl/wp-content/uploads/2025/04/cropped-vertigo_logo_biale-180x180-1.jpg","width":180,"height":180,"caption":"Vertigo Jazz Club & Restaurant"},"image":{"@id":"https://vertigojazz.pl/#/schema/logo/image/"},"sameAs":["https://www.facebook.com/vertigojazzclub","https://www.instagram.com/vertigo_jazz_club/","https://www.youtube.com/channel/UC8sPrX3Xuv7bfuhfr3XbqXg","https://www.tiktok.com/@vertigojazzclub"]}]}</script>
<!-- / Yoast SEO plugin. -->

Publiczność zanurzy się w charakterystycznym, głębokim brzmieniu, które na nowo przywoła emocje towarzyszące twórczości Amy.

Strona główna

klub muzyczny we Wrocławiu

Klub muzyczny we Wrocławiu
