{"id":15481,"date":"2025-12-01T19:04:51","date_gmt":"2025-12-01T18:04:51","guid":{"rendered":"https:\/\/vertigojazz.pl\/wydarzenia\/jazz-jam-session-3\/"},"modified":"2025-12-01T19:04:51","modified_gmt":"2025-12-01T18:04:51","slug":"jazz-jam-session-3","status":"publish","type":"wydarzenie","link":"https:\/\/vertigojazz.pl\/uk\/wydarzenia\/jazz-jam-session-3\/","title":{"rendered":"Jazz Jam Session."},"content":{"rendered":"\n<h1><strong>Czym s\u0105 Jazz Jam Session?<\/strong><\/h1>\n<p>Jazz Jam Session to wyj\u0105tkowe spotkania muzyk\u00f3w, podczas kt\u00f3rych scena staje si\u0119 miejscem spontanicznej improwizacji. Arty\u015bci prezentuj\u0105 swoje umiej\u0119tno\u015bci, tworz\u0105c unikaln\u0105 muzyk\u0119 \u201etu i teraz\u201d. Publiczno\u015b\u0107 ma okazj\u0119 do\u015bwiadczy\u0107 atmosfery, w kt\u00f3rej ka\u017cdy d\u017awi\u0119k rodzi si\u0119 na oczach s\u0142uchaczy, a scena wype\u0142nia si\u0119 pasj\u0105, energi\u0105 i kreatywno\u015bci\u0105.<\/p>\n\n<p><strong>Dlaczego warto przyj\u015b\u0107?<\/strong><\/p>\n\n<p>Jam session to nie tylko koncert \u2013 to do\u015bwiadczenie, w kt\u00f3rym muzyka i publiczno\u015b\u0107 wsp\u00f3\u0142tworz\u0105 wyj\u0105tkowy wiecz\u00f3r. Je\u015bli kochasz jazz, improwizacj\u0119 i dobre brzmienia na \u017cywo, wtorkowe Jazz Jam Session w Vertigo to wydarzenie, kt\u00f3rego nie mo\u017cesz przegapi\u0107. Wst\u0119p wolny \u2013 zapraszamy serdecznie!<\/p>\n\n","protected":false},"excerpt":{"rendered":"<p>Czym s\u0105 Jazz Jam Session? Jazz Jam Session to wyj\u0105tkowe spotkania muzyk\u00f3w, podczas kt\u00f3rych scena staje si\u0119 miejscem spontanicznej improwizacji. Arty\u015bci prezentuj\u0105 swoje umiej\u0119tno\u015bci, tworz\u0105c unikaln\u0105 muzyk\u0119 \u201etu i teraz\u201d. Publiczno\u015b\u0107 ma okazj\u0119 do\u015bwiadczy\u0107 atmosfery, w kt\u00f3rej ka\u017cdy d\u017awi\u0119k rodzi si\u0119 na oczach s\u0142uchaczy, a scena wype\u0142nia si\u0119 pasj\u0105, energi\u0105 i kreatywno\u015bci\u0105. Dlaczego warto przyj\u015b\u0107? [&hellip;]<\/p>\n","protected":false},"author":0,"featured_media":0,"parent":0,"menu_order":0,"template":"","meta":{"_acf_changed":false,"footnotes":""},"class_list":["post-15481","wydarzenie","type-wydarzenie","status-publish","hentry"],"acf":[],"yoast_head":"<!-- This site is optimized with the Yoast SEO plugin v26.0 - https:\/\/yoast.com\/wordpress\/plugins\/seo\/ -->\n<title>Jazz Jam Session. - Vertigo Jazz Club &amp; Restaurant<\/title>\n<meta name=\"description\" content=\"W Vertigo kierujemy si\u0119 tym, co w muzyce i kulturze najistotniejsze \u2013 szczero\u015bci\u0105 wyrazu, emocjami i klimatem, kt\u00f3ry zapada w pami\u0119\u0107.\" \/>\n<meta name=\"robots\" content=\"index, follow, max-snippet:-1, max-image-preview:large, max-video-preview:-1\" \/>\n<link rel=\"canonical\" href=\"https:\/\/vertigojazz.pl\/wydarzenia\/jazz-jam-session-3\/\" \/>\n<meta property=\"og:locale\" content=\"uk_UA\" \/>\n<meta property=\"og:type\" content=\"article\" \/>\n<meta property=\"og:title\" content=\"Jazz Jam Session. - Vertigo Jazz Club &amp; Restaurant\" \/>\n<meta property=\"og:description\" content=\"W Vertigo kierujemy si\u0119 tym, co w muzyce i kulturze najistotniejsze \u2013 szczero\u015bci\u0105 wyrazu, emocjami i klimatem, kt\u00f3ry zapada w pami\u0119\u0107.\" \/>\n<meta property=\"og:url\" content=\"https:\/\/vertigojazz.pl\/wydarzenia\/jazz-jam-session-3\/\" \/>\n<meta property=\"og:site_name\" content=\"Vertigo Jazz Club &amp; Restaurant\" \/>\n<meta property=\"article:publisher\" content=\"https:\/\/www.facebook.com\/vertigojazzclub\" \/>\n<meta property=\"og:image\" content=\"https:\/\/vertigojazz.pl\/wp-content\/uploads\/2025\/08\/VertigoJazz-Logo_1080_1080.jpeg\" \/>\n\t<meta property=\"og:image:width\" content=\"768\" \/>\n\t<meta property=\"og:image:height\" content=\"768\" \/>\n\t<meta property=\"og:image:type\" content=\"image\/jpeg\" \/>\n<meta name=\"twitter:card\" content=\"summary_large_image\" \/>\n<meta name=\"twitter:label1\" content=\"Est. reading time\" \/>\n\t<meta name=\"twitter:data1\" content=\"1 minute\" \/>\n<script type=\"application\/ld+json\" class=\"yoast-schema-graph\">{\"@context\":\"https:\/\/schema.org\",\"@graph\":[{\"@type\":\"WebPage\",\"@id\":\"https:\/\/vertigojazz.pl\/wydarzenia\/jazz-jam-session-3\/\",\"url\":\"https:\/\/vertigojazz.pl\/wydarzenia\/jazz-jam-session-3\/\",\"name\":\"Jazz Jam Session. - Vertigo Jazz Club &amp; Restaurant\",\"isPartOf\":{\"@id\":\"https:\/\/vertigojazz.pl\/#website\"},\"datePublished\":\"2025-12-01T18:04:51+00:00\",\"description\":\"W Vertigo kierujemy si\u0119 tym, co w muzyce i kulturze najistotniejsze \u2013 szczero\u015bci\u0105 wyrazu, emocjami i klimatem, kt\u00f3ry zapada w pami\u0119\u0107.\",\"breadcrumb\":{\"@id\":\"https:\/\/vertigojazz.pl\/wydarzenia\/jazz-jam-session-3\/#breadcrumb\"},\"inLanguage\":\"uk-UA\",\"potentialAction\":[{\"@type\":\"ReadAction\",\"target\":[\"https:\/\/vertigojazz.pl\/wydarzenia\/jazz-jam-session-3\/\"]}]},{\"@type\":\"BreadcrumbList\",\"@id\":\"https:\/\/vertigojazz.pl\/wydarzenia\/jazz-jam-session-3\/#breadcrumb\",\"itemListElement\":[{\"@type\":\"ListItem\",\"position\":1,\"name\":\"Strona g\u0142\u00f3wna\",\"item\":\"https:\/\/vertigojazz.pl\/uk\/\"},{\"@type\":\"ListItem\",\"position\":2,\"name\":\"Jazz Jam Session.\"}]},{\"@type\":\"WebSite\",\"@id\":\"https:\/\/vertigojazz.pl\/#website\",\"url\":\"https:\/\/vertigojazz.pl\/\",\"name\":\"Vertigo Jazz Club & Restaurant\",\"description\":\"klub muzyczny we Wroc\u0142awiu\",\"publisher\":{\"@id\":\"https:\/\/vertigojazz.pl\/#organization\"},\"potentialAction\":[{\"@type\":\"SearchAction\",\"target\":{\"@type\":\"EntryPoint\",\"urlTemplate\":\"https:\/\/vertigojazz.pl\/?s={search_term_string}\"},\"query-input\":{\"@type\":\"PropertyValueSpecification\",\"valueRequired\":true,\"valueName\":\"search_term_string\"}}],\"inLanguage\":\"uk-UA\"},{\"@type\":\"Organization\",\"@id\":\"https:\/\/vertigojazz.pl\/#organization\",\"name\":\"Vertigo Jazz Club & Restaurant\",\"alternateName\":\"Klub muzyczny we Wroc\u0142awiu\",\"url\":\"https:\/\/vertigojazz.pl\/\",\"logo\":{\"@type\":\"ImageObject\",\"inLanguage\":\"uk-UA\",\"@id\":\"https:\/\/vertigojazz.pl\/#\/schema\/logo\/image\/\",\"url\":\"https:\/\/vertigojazz.pl\/wp-content\/uploads\/2025\/04\/cropped-vertigo_logo_biale-180x180-1.jpg\",\"contentUrl\":\"https:\/\/vertigojazz.pl\/wp-content\/uploads\/2025\/04\/cropped-vertigo_logo_biale-180x180-1.jpg\",\"width\":180,\"height\":180,\"caption\":\"Vertigo Jazz Club & Restaurant\"},\"image\":{\"@id\":\"https:\/\/vertigojazz.pl\/#\/schema\/logo\/image\/\"},\"sameAs\":[\"https:\/\/www.facebook.com\/vertigojazzclub\",\"https:\/\/www.instagram.com\/vertigo_jazz_club\/\",\"https:\/\/www.youtube.com\/channel\/UC8sPrX3Xuv7bfuhfr3XbqXg\",\"https:\/\/www.tiktok.com\/@vertigojazzclub\"]}]}<\/script>\n<!-- \/ Yoast SEO plugin. -->","yoast_head_json":{"title":"Jazz Jam Session. - Vertigo Jazz Club &amp; Restaurant","description":"W Vertigo kierujemy si\u0119 tym, co w muzyce i kulturze najistotniejsze \u2013 szczero\u015bci\u0105 wyrazu, emocjami i klimatem, kt\u00f3ry zapada w pami\u0119\u0107.","robots":{"index":"index","follow":"follow","max-snippet":"max-snippet:-1","max-image-preview":"max-image-preview:large","max-video-preview":"max-video-preview:-1"},"canonical":"https:\/\/vertigojazz.pl\/wydarzenia\/jazz-jam-session-3\/","og_locale":"uk_UA","og_type":"article","og_title":"Jazz Jam Session. - Vertigo Jazz Club &amp; Restaurant","og_description":"W Vertigo kierujemy si\u0119 tym, co w muzyce i kulturze najistotniejsze \u2013 szczero\u015bci\u0105 wyrazu, emocjami i klimatem, kt\u00f3ry zapada w pami\u0119\u0107.","og_url":"https:\/\/vertigojazz.pl\/wydarzenia\/jazz-jam-session-3\/","og_site_name":"Vertigo Jazz Club &amp; Restaurant","article_publisher":"https:\/\/www.facebook.com\/vertigojazzclub","og_image":[{"width":768,"height":768,"url":"https:\/\/vertigojazz.pl\/wp-content\/uploads\/2025\/08\/VertigoJazz-Logo_1080_1080.jpeg","type":"image\/jpeg"}],"twitter_card":"summary_large_image","twitter_misc":{"Est. reading time":"1 minute"},"schema":{"@context":"https:\/\/schema.org","@graph":[{"@type":"WebPage","@id":"https:\/\/vertigojazz.pl\/wydarzenia\/jazz-jam-session-3\/","url":"https:\/\/vertigojazz.pl\/wydarzenia\/jazz-jam-session-3\/","name":"Jazz Jam Session. - Vertigo Jazz Club &amp; Restaurant","isPartOf":{"@id":"https:\/\/vertigojazz.pl\/#website"},"datePublished":"2025-12-01T18:04:51+00:00","description":"W Vertigo kierujemy si\u0119 tym, co w muzyce i kulturze najistotniejsze \u2013 szczero\u015bci\u0105 wyrazu, emocjami i klimatem, kt\u00f3ry zapada w pami\u0119\u0107.","breadcrumb":{"@id":"https:\/\/vertigojazz.pl\/wydarzenia\/jazz-jam-session-3\/#breadcrumb"},"inLanguage":"uk-UA","potentialAction":[{"@type":"ReadAction","target":["https:\/\/vertigojazz.pl\/wydarzenia\/jazz-jam-session-3\/"]}]},{"@type":"BreadcrumbList","@id":"https:\/\/vertigojazz.pl\/wydarzenia\/jazz-jam-session-3\/#breadcrumb","itemListElement":[{"@type":"ListItem","position":1,"name":"Strona g\u0142\u00f3wna","item":"https:\/\/vertigojazz.pl\/uk\/"},{"@type":"ListItem","position":2,"name":"Jazz Jam Session."}]},{"@type":"WebSite","@id":"https:\/\/vertigojazz.pl\/#website","url":"https:\/\/vertigojazz.pl\/","name":"Vertigo Jazz Club & Restaurant","description":"klub muzyczny we Wroc\u0142awiu","publisher":{"@id":"https:\/\/vertigojazz.pl\/#organization"},"potentialAction":[{"@type":"SearchAction","target":{"@type":"EntryPoint","urlTemplate":"https:\/\/vertigojazz.pl\/?s={search_term_string}"},"query-input":{"@type":"PropertyValueSpecification","valueRequired":true,"valueName":"search_term_string"}}],"inLanguage":"uk-UA"},{"@type":"Organization","@id":"https:\/\/vertigojazz.pl\/#organization","name":"Vertigo Jazz Club & Restaurant","alternateName":"Klub muzyczny we Wroc\u0142awiu","url":"https:\/\/vertigojazz.pl\/","logo":{"@type":"ImageObject","inLanguage":"uk-UA","@id":"https:\/\/vertigojazz.pl\/#\/schema\/logo\/image\/","url":"https:\/\/vertigojazz.pl\/wp-content\/uploads\/2025\/04\/cropped-vertigo_logo_biale-180x180-1.jpg","contentUrl":"https:\/\/vertigojazz.pl\/wp-content\/uploads\/2025\/04\/cropped-vertigo_logo_biale-180x180-1.jpg","width":180,"height":180,"caption":"Vertigo Jazz Club & Restaurant"},"image":{"@id":"https:\/\/vertigojazz.pl\/#\/schema\/logo\/image\/"},"sameAs":["https:\/\/www.facebook.com\/vertigojazzclub","https:\/\/www.instagram.com\/vertigo_jazz_club\/","https:\/\/www.youtube.com\/channel\/UC8sPrX3Xuv7bfuhfr3XbqXg","https:\/\/www.tiktok.com\/@vertigojazzclub"]}]}},"_links":{"self":[{"href":"https:\/\/vertigojazz.pl\/uk\/wp-json\/wp\/v2\/wydarzenie\/15481","targetHints":{"allow":["GET"]}}],"collection":[{"href":"https:\/\/vertigojazz.pl\/uk\/wp-json\/wp\/v2\/wydarzenie"}],"about":[{"href":"https:\/\/vertigojazz.pl\/uk\/wp-json\/wp\/v2\/types\/wydarzenie"}],"version-history":[{"count":0,"href":"https:\/\/vertigojazz.pl\/uk\/wp-json\/wp\/v2\/wydarzenie\/15481\/revisions"}],"wp:attachment":[{"href":"https:\/\/vertigojazz.pl\/uk\/wp-json\/wp\/v2\/media?parent=15481"}],"curies":[{"name":"wp","href":"https:\/\/api.w.org\/{rel}","templated":true}]}}

<h1><strong>Czym są Jazz Jam Session?</strong></h1>
<p>Jazz Jam Session to wyjątkowe spotkania muzyków, podczas których scena staje się miejscem spontanicznej improwizacji. Artyści prezentują swoje umiejętności, tworząc unikalną muzykę „tu i teraz”. Publiczność ma okazję doświadczyć atmosfery, w której każdy dźwięk rodzi się na oczach słuchaczy, a scena wypełnia się pasją, energią i kreatywnością.</p>

<p><strong>Dlaczego warto przyjść?</strong></p>

<p>Jam session to nie tylko koncert – to doświadczenie, w którym muzyka i publiczność współtworzą wyjątkowy wieczór. Jeśli kochasz jazz, improwizację i dobre brzmienia na żywo, wtorkowe Jazz Jam Session w Vertigo to wydarzenie, którego nie możesz przegapić. Wstęp wolny – zapraszamy serdecznie!</p>

<p>Czym są Jazz Jam Session? Jazz Jam Session to wyjątkowe spotkania muzyków, podczas których scena staje się miejscem spontanicznej improwizacji. Artyści prezentują swoje umiejętności, tworząc unikalną muzykę „tu i teraz”. Publiczność ma okazję doświadczyć atmosfery, w której każdy dźwięk rodzi się na oczach słuchaczy, a scena wypełnia się pasją, energią i kreatywnością. Dlaczego warto przyjść? [&hellip;]</p>

<!-- This site is optimized with the Yoast SEO plugin v26.0 - https://yoast.com/wordpress/plugins/seo/ -->
<title>Jazz Jam Session. - Vertigo Jazz Club &amp; Restaurant</title>
<meta name="description" content="W Vertigo kierujemy się tym, co w muzyce i kulturze najistotniejsze – szczerością wyrazu, emocjami i klimatem, który zapada w pamięć." />
<meta name="robots" content="index, follow, max-snippet:-1, max-image-preview:large, max-video-preview:-1" />
<link rel="canonical" href="https://vertigojazz.pl/wydarzenia/jazz-jam-session-3/" />
<meta property="og:locale" content="uk_UA" />
<meta property="og:type" content="article" />
<meta property="og:title" content="Jazz Jam Session. - Vertigo Jazz Club &amp; Restaurant" />
<meta property="og:description" content="W Vertigo kierujemy się tym, co w muzyce i kulturze najistotniejsze – szczerością wyrazu, emocjami i klimatem, który zapada w pamięć." />
<meta property="og:url" content="https://vertigojazz.pl/wydarzenia/jazz-jam-session-3/" />
<meta property="og:site_name" content="Vertigo Jazz Club &amp; Restaurant" />
<meta property="article:publisher" content="https://www.facebook.com/vertigojazzclub" />
<meta property="og:image" content="https://vertigojazz.pl/wp-content/uploads/2025/08/VertigoJazz-Logo_1080_1080.jpeg" />
	<meta property="og:image:width" content="768" />
	<meta property="og:image:height" content="768" />
	<meta property="og:image:type" content="image/jpeg" />
<meta name="twitter:card" content="summary_large_image" />
<meta name="twitter:label1" content="Est. reading time" />
	<meta name="twitter:data1" content="1 minute" />
<script type="application/ld+json" class="yoast-schema-graph">{"@context":"https://schema.org","@graph":[{"@type":"WebPage","@id":"https://vertigojazz.pl/wydarzenia/jazz-jam-session-3/","url":"https://vertigojazz.pl/wydarzenia/jazz-jam-session-3/","name":"Jazz Jam Session. - Vertigo Jazz Club &amp; Restaurant","isPartOf":{"@id":"https://vertigojazz.pl/#website"},"datePublished":"2025-12-01T18:04:51+00:00","description":"W Vertigo kierujemy się tym, co w muzyce i kulturze najistotniejsze – szczerością wyrazu, emocjami i klimatem, który zapada w pamięć.","breadcrumb":{"@id":"https://vertigojazz.pl/wydarzenia/jazz-jam-session-3/#breadcrumb"},"inLanguage":"uk-UA","potentialAction":[{"@type":"ReadAction","target":["https://vertigojazz.pl/wydarzenia/jazz-jam-session-3/"]}]},{"@type":"BreadcrumbList","@id":"https://vertigojazz.pl/wydarzenia/jazz-jam-session-3/#breadcrumb","itemListElement":[{"@type":"ListItem","position":1,"name":"Strona główna","item":"https://vertigojazz.pl/uk/"},{"@type":"ListItem","position":2,"name":"Jazz Jam Session."}]},{"@type":"WebSite","@id":"https://vertigojazz.pl/#website","url":"https://vertigojazz.pl/","name":"Vertigo Jazz Club & Restaurant","description":"klub muzyczny we Wrocławiu","publisher":{"@id":"https://vertigojazz.pl/#organization"},"potentialAction":[{"@type":"SearchAction","target":{"@type":"EntryPoint","urlTemplate":"https://vertigojazz.pl/?s={search_term_string}"},"query-input":{"@type":"PropertyValueSpecification","valueRequired":true,"valueName":"search_term_string"}}],"inLanguage":"uk-UA"},{"@type":"Organization","@id":"https://vertigojazz.pl/#organization","name":"Vertigo Jazz Club & Restaurant","alternateName":"Klub muzyczny we Wrocławiu","url":"https://vertigojazz.pl/","logo":{"@type":"ImageObject","inLanguage":"uk-UA","@id":"https://vertigojazz.pl/#/schema/logo/image/","url":"https://vertigojazz.pl/wp-content/uploads/2025/04/cropped-vertigo_logo_biale-180x180-1.jpg","contentUrl":"https://vertigojazz.pl/wp-content/uploads/2025/04/cropped-vertigo_logo_biale-180x180-1.jpg","width":180,"height":180,"caption":"Vertigo Jazz Club & Restaurant"},"image":{"@id":"https://vertigojazz.pl/#/schema/logo/image/"},"sameAs":["https://www.facebook.com/vertigojazzclub","https://www.instagram.com/vertigo_jazz_club/","https://www.youtube.com/channel/UC8sPrX3Xuv7bfuhfr3XbqXg","https://www.tiktok.com/@vertigojazzclub"]}]}</script>
<!-- / Yoast SEO plugin. -->

W Vertigo kierujemy się tym, co w muzyce i kulturze najistotniejsze – szczerością wyrazu, emocjami i klimatem, który zapada w pamięć.

Strona główna

klub muzyczny we Wrocławiu

Klub muzyczny we Wrocławiu
